{"id":102940,"date":"2026-04-29T10:46:41","date_gmt":"2026-04-29T10:46:41","guid":{"rendered":"https:\/\/brandss.com.py\/index\/?post_type=product&#038;p=102940"},"modified":"2026-04-29T10:47:56","modified_gmt":"2026-04-29T10:47:56","slug":"mascara-para-pestanas-loreal-telescopic-lift-waterproof-black","status":"publish","type":"product","link":"https:\/\/brandss.com.py\/index\/producto\/mascara-para-pestanas-loreal-telescopic-lift-waterproof-black\/","title":{"rendered":"M\u00c1SCARA PARA PESTA\u00d1AS L\u2019OR\u00c9AL TELESCOPIC LIFT WATERPROOF BLACK"},"content":{"rendered":"<p><img loading=\"lazy\" decoding=\"async\" class=\"\" src=\"https:\/\/cdn.freebiesupply.com\/logos\/large\/2x\/l-oreal-3-logo-png-transparent.png\" alt=\"L'Oreal Logo PNG Transparent &amp; SVG Vector - Freebie Supply\" width=\"75\" height=\"75\" \/><\/p>\n<h1>TELESCOPIC LIFT WATERPROOF<\/h1>\n<p>La m\u00e1scara de pesta\u00f1as L&#8217;Or\u00e9al Telescopic Lift es la clave para lograr unas pesta\u00f1as visiblemente m\u00e1s largas y con volumen instant\u00e1neo. Su exclusivo cepillo patentado de cerdas de doble gancho agarra, carga, levanta y separa cada pesta\u00f1a para resultados llamativos. Con esta m\u00e1scara, tus pesta\u00f1as lucir\u00e1n impresionantes y dram\u00e1ticas en cualquier ocasi\u00f3n.<img decoding=\"async\" class=\"alignleft\" src=\"https:\/\/media.superdrug.com\/medias\/sys_master\/prd-images\/hd6\/hd1\/11217906925598\/prd-ls4-841170_600x600\/prd-ls4-841170-600x600.jpg\" \/><\/p>\n<p><span dir=\"auto\">La\u00a0<\/span><span dir=\"auto\">m\u00e1scara de pesta\u00f1as Telescopic Lift Waterproof<\/span><span dir=\"auto\">\u00a0de\u00a0<\/span><span dir=\"auto\">L&#8217;OR\u00c9AL PARIS<\/span><span dir=\"auto\">\u00a0est\u00e1 dise\u00f1ada para realzar la mirada. Cubre las pesta\u00f1as con un negro intenso, crea una longitud m\u00e1xima gracias a su cepillo de doble cara y proporciona un efecto lifting impactante. Para pesta\u00f1as de m\u00e1s de 5 mm de longitud. F\u00f3rmula resistente al agua.<\/span><\/p>\n<p>&nbsp;<\/p>\n<h3><strong><span dir=\"auto\">Pesta\u00f1as perfectas en 2 pasos<\/span><\/strong><\/h3>\n<p>&nbsp;<\/p>\n<p><span dir=\"auto\">Paso 1 &#8211; Alargamiento y elevaci\u00f3n<\/span><br \/>\n<span dir=\"auto\">Las cerdas m\u00e1s cortas del cepillo de doble cara levantan y alargan las pesta\u00f1as.<\/span><\/p>\n<p><span dir=\"auto\">Paso 2 &#8211; Definici\u00f3n<\/span><br \/>\n<span dir=\"auto\">El lado m\u00e1s largo, con forma de peine, define las pesta\u00f1as. Las cerdas capturan y recubren cada pesta\u00f1a.<\/span><\/p>\n<p><span dir=\"auto\">\u00a1Volumen instant\u00e1neo, longitud incre\u00edble y un efecto lifting impresionante garantizados hasta por 36 horas!<\/span><\/p>\n<p>&nbsp;<\/p>\n<h3><strong><span dir=\"auto\">Modo de uso<\/span><\/strong><\/h3>\n<p>&nbsp;<\/p>\n<ul>\n<li><span dir=\"auto\">Para alargar las pesta\u00f1as, lev\u00e1ntalas con las cerdas m\u00e1s cortas, desde la ra\u00edz hasta las puntas.<\/span><\/li>\n<li><span dir=\"auto\">A continuaci\u00f3n, utiliza el pincel m\u00e1s largo para a\u00f1adir volumen y definici\u00f3n.<\/span><\/li>\n<\/ul>\n","protected":false},"excerpt":{"rendered":"<p>TELESCOPIC LIFT WATERPROOF La m\u00e1scara de pesta\u00f1as L&#8217;Or\u00e9al Telescopic Lift es la clave para lograr unas pesta\u00f1as visiblemente m\u00e1s largas<\/p>\n","protected":false},"featured_media":102941,"comment_status":"open","ping_status":"closed","template":"","meta":{"nf_dc_page":""},"product_brand":[349],"product_cat":[95],"product_tag":[3608],"class_list":{"0":"post-102940","1":"product","2":"type-product","3":"status-publish","4":"has-post-thumbnail","6":"product_brand-loreal","7":"product_cat-maquillaje","8":"product_tag-3608","10":"first","11":"instock","12":"shipping-taxable","13":"purchasable","14":"product-type-simple"},"_links":{"self":[{"href":"https:\/\/brandss.com.py\/index\/wp-json\/wp\/v2\/product\/102940","targetHints":{"allow":["GET"]}}],"collection":[{"href":"https:\/\/brandss.com.py\/index\/wp-json\/wp\/v2\/product"}],"about":[{"href":"https:\/\/brandss.com.py\/index\/wp-json\/wp\/v2\/types\/product"}],"replies":[{"embeddable":true,"href":"https:\/\/brandss.com.py\/index\/wp-json\/wp\/v2\/comments?post=102940"}],"version-history":[{"count":1,"href":"https:\/\/brandss.com.py\/index\/wp-json\/wp\/v2\/product\/102940\/revisions"}],"predecessor-version":[{"id":102947,"href":"https:\/\/brandss.com.py\/index\/wp-json\/wp\/v2\/product\/102940\/revisions\/102947"}],"wp:featuredmedia":[{"embeddable":true,"href":"https:\/\/brandss.com.py\/index\/wp-json\/wp\/v2\/media\/102941"}],"wp:attachment":[{"href":"https:\/\/brandss.com.py\/index\/wp-json\/wp\/v2\/media?parent=102940"}],"wp:term":[{"taxonomy":"product_brand","embeddable":true,"href":"https:\/\/brandss.com.py\/index\/wp-json\/wp\/v2\/product_brand?post=102940"},{"taxonomy":"product_cat","embeddable":true,"href":"https:\/\/brandss.com.py\/index\/wp-json\/wp\/v2\/product_cat?post=102940"},{"taxonomy":"product_tag","embeddable":true,"href":"https:\/\/brandss.com.py\/index\/wp-json\/wp\/v2\/product_tag?post=102940"}],"curies":[{"name":"wp","href":"https:\/\/api.w.org\/{rel}","templated":true}]}}