{"id":102967,"date":"2026-04-29T12:18:34","date_gmt":"2026-04-29T12:18:34","guid":{"rendered":"https:\/\/brandss.com.py\/index\/?post_type=product&#038;p=102967"},"modified":"2026-04-29T12:18:52","modified_gmt":"2026-04-29T12:18:52","slug":"mascara-para-pestanas-loreal-paradise-big-deal-black-waterproof","status":"publish","type":"product","link":"https:\/\/brandss.com.py\/index\/producto\/mascara-para-pestanas-loreal-paradise-big-deal-black-waterproof\/","title":{"rendered":"M\u00c1SCARA PARA PESTA\u00d1AS L\u2019OR\u00c9AL PARADISE BIG DEAL BLACK WATERPROOF"},"content":{"rendered":"<p><img loading=\"lazy\" decoding=\"async\" class=\"\" src=\"https:\/\/cdn.freebiesupply.com\/logos\/large\/2x\/l-oreal-3-logo-png-transparent.png\" alt=\"L'Oreal Logo PNG Transparent &amp; SVG Vector - Freebie Supply\" width=\"107\" height=\"107\" \/><\/p>\n<h1>PARADISE BIG DEAL<\/h1>\n<h6 class=\"rich-text\"><em>Paradise Big Deal a prueba de agua, m\u00e1scara de pesta\u00f1as que aporta volumen construible sin grumos y alargamiento sin ca\u00edda.<\/em><\/h6>\n<div class=\"oap-collapsible__content\">\n<div class=\"rich-text\">\n<div class=\"component-content\">\n<div class=\"field-text\">\n<p>Haz de tus pesta\u00f1as algo grande con\u00a0Paradise Big Deal de L&#8217;Or\u00e9al Paris. Una m\u00e1scara de pesta\u00f1as que aporta volumen construible sin grumos y alargamiento sin ca\u00edda, dej\u00e1ndolas hasta un 62 % m\u00e1s largas y aportando 20x m\u00e1s volumen. Su cepillo c\u00f3nico voluminiza y separa uniformemente las pesta\u00f1as en cada pasada mientras que su f\u00f3rmula antigrumos suaviza y alarga en cada capa. Desc\u00fabrela en su versi\u00f3n a prueba de agua.<img decoding=\"async\" class=\"alignleft\" src=\"https:\/\/www.loreal-paris.com.mx\/-\/media\/project\/loreal\/brand-sites\/oap\/americas\/mx\/products\/paradise-big-deal\/71249690987\/71249690987_6.jpg?w=500&amp;hash=F902317F4584BAA31BDAC4B8C525B238\" \/><\/p>\n<p>Eleve el nivel de sus pesta\u00f1as con la\u00a0m\u00e1scara Paradise Big Deal. Esta f\u00f3rmula ligera y resistente al agua proporciona un volumen extremo, una longitud infinita y separaci\u00f3n con cada pasada. Construya su mirada perfecta sin grumos para unas pesta\u00f1as que asombrar\u00e1n todo el d\u00eda.<\/p>\n<p>La m\u00e1scara Paradise Big Deal\u00a0transforma sus pesta\u00f1as en una declaraci\u00f3n audaz, voluminosa y duradera. Su f\u00f3rmula modulable y sin grumos garantiza un\u00a0efecto dram\u00e1tico personalizable que se mantiene ligero y c\u00f3modo, perfecto para cada d\u00eda o para ocasiones especiales.<\/p>\n<blockquote><p>Convierta sus pesta\u00f1as en un Big Deal: \u00a1volumen, longitud y ligereza perfectos!<\/p><\/blockquote>\n<h3><strong>Beneficios clave:<\/strong><\/h3>\n<ul>\n<li>M\u00e1scara de pesta\u00f1as resistente al agua que resiste los borrones y las descamaciones;<\/li>\n<li>Proporciona un volumen extremo y una longitud infinita;<\/li>\n<li>F\u00f3rmula ligera y suave que mantiene la sensaci\u00f3n natural de las pesta\u00f1as;<\/li>\n<li>Exclusivo cepillo c\u00f3nico entrecruzado para separar, dar volumen y alargar;<\/li>\n<li>Las capas construibles permiten una intensidad personalizable sin grumos;<\/li>\n<li>Aplicaci\u00f3n suave y sin grumos para una mirada impecable y dram\u00e1tica;<\/li>\n<li>Larga duraci\u00f3n que se mantiene todo el d\u00eda.<\/li>\n<\/ul>\n<h3>Modo de uso<\/h3>\n<ol>\n<li>Apl\u00edquelo de la ra\u00edz a las puntas, con movimientos en zigzag, para obtener m\u00e1s volumen y longitud.<\/li>\n<li>Repita el proceso, formando capas adicionales sin apelmazar, hasta conseguir el volumen deseado.<\/li>\n<\/ol>\n<\/div>\n<\/div>\n<\/div>\n<\/div>\n","protected":false},"excerpt":{"rendered":"<p>PARADISE BIG DEAL Paradise Big Deal a prueba de agua, m\u00e1scara de pesta\u00f1as que aporta volumen construible sin grumos y<\/p>\n","protected":false},"featured_media":102968,"comment_status":"open","ping_status":"closed","template":"","meta":{"nf_dc_page":""},"product_brand":[349],"product_cat":[95],"product_tag":[3611],"class_list":{"0":"post-102967","1":"product","2":"type-product","3":"status-publish","4":"has-post-thumbnail","6":"product_brand-loreal","7":"product_cat-maquillaje","8":"product_tag-3611","10":"first","11":"instock","12":"shipping-taxable","13":"purchasable","14":"product-type-simple"},"_links":{"self":[{"href":"https:\/\/brandss.com.py\/index\/wp-json\/wp\/v2\/product\/102967","targetHints":{"allow":["GET"]}}],"collection":[{"href":"https:\/\/brandss.com.py\/index\/wp-json\/wp\/v2\/product"}],"about":[{"href":"https:\/\/brandss.com.py\/index\/wp-json\/wp\/v2\/types\/product"}],"replies":[{"embeddable":true,"href":"https:\/\/brandss.com.py\/index\/wp-json\/wp\/v2\/comments?post=102967"}],"version-history":[{"count":1,"href":"https:\/\/brandss.com.py\/index\/wp-json\/wp\/v2\/product\/102967\/revisions"}],"predecessor-version":[{"id":102976,"href":"https:\/\/brandss.com.py\/index\/wp-json\/wp\/v2\/product\/102967\/revisions\/102976"}],"wp:featuredmedia":[{"embeddable":true,"href":"https:\/\/brandss.com.py\/index\/wp-json\/wp\/v2\/media\/102968"}],"wp:attachment":[{"href":"https:\/\/brandss.com.py\/index\/wp-json\/wp\/v2\/media?parent=102967"}],"wp:term":[{"taxonomy":"product_brand","embeddable":true,"href":"https:\/\/brandss.com.py\/index\/wp-json\/wp\/v2\/product_brand?post=102967"},{"taxonomy":"product_cat","embeddable":true,"href":"https:\/\/brandss.com.py\/index\/wp-json\/wp\/v2\/product_cat?post=102967"},{"taxonomy":"product_tag","embeddable":true,"href":"https:\/\/brandss.com.py\/index\/wp-json\/wp\/v2\/product_tag?post=102967"}],"curies":[{"name":"wp","href":"https:\/\/api.w.org\/{rel}","templated":true}]}}