{"id":103011,"date":"2026-04-29T16:47:41","date_gmt":"2026-04-29T16:47:41","guid":{"rendered":"https:\/\/brandss.com.py\/index\/?post_type=product&#038;p=103011"},"modified":"2026-04-29T16:48:07","modified_gmt":"2026-04-29T16:48:07","slug":"balsamo-labial-nivea-lip-care-cherry-4-8gr","status":"publish","type":"product","link":"https:\/\/brandss.com.py\/index\/producto\/balsamo-labial-nivea-lip-care-cherry-4-8gr\/","title":{"rendered":"B\u00c1LSAMO LABIAL NIVEA LIP CARE CHERRY 4.8GR"},"content":{"rendered":"<p><img loading=\"lazy\" decoding=\"async\" class=\"\" src=\"https:\/\/1000logos.net\/wp-content\/uploads\/2021\/04\/Nivea-logo.png\" alt=\"Nivea Logo and symbol, meaning, history, PNG, brand\" width=\"203\" height=\"114\" \/><\/p>\n<h1>LIP CARE CHERRY<\/h1>\n<p><span dir=\"auto\"><span class=\"nx-no-hyphens\">Protect<\/span>or labial\u00a0<span class=\"nx-no-hyphens\">NIVEA<\/span> Cherry\u00a0mantiene los labios humectados por 24 horas. Su f\u00f3rmula contiene pig<span class=\"nx-no-hyphens\">men<\/span>tos de brillo y Extractos de Fruta brinda un toque de\u00a0<span class=\"nx-no-hyphens\">color<\/span>\u00a0que se funde instant\u00e1nea<span class=\"nx-no-hyphens\">men<\/span>te, dejando los labios hidratados y suaves. El\u00a0<span class=\"nx-no-hyphens\">Protect<\/span>or labial\u00a0<span class=\"nx-no-hyphens\">NIVEA<\/span> Cherry mantiene los labios humectados por 24 horas. Su f\u00f3rmula contiene pig<span class=\"nx-no-hyphens\">men<\/span>tos de brillo y Extractos de Fruta brinda un toque de\u00a0<span class=\"nx-no-hyphens\">color<\/span>\u00a0que se funde instant\u00e1nea<span class=\"nx-no-hyphens\">men<\/span>te, dejando los labios hidratados y suaves. Se recomienda aplicar diaria<span class=\"nx-no-hyphens\">men<\/span>te o tanto como lo necesiten los labios para conservar su delicado\u00a0<span class=\"nx-no-hyphens\">color<\/span>\u00a0cereza. Es adecuado para todo tipo de pieles.<img decoding=\"async\" class=\"alignleft\" src=\"https:\/\/img.nivea.com\/-\/media\/miscellaneous\/media-center-items\/3\/6\/d\/442bc4894fcf44d18a53fd6bb0282f9f-screen.webp?mw=640&amp;hash=BB4EF16A72CBE7A14B5A2D2F11693A9F\" \/><\/span><\/p>\n<h3 class=\"nx-u-section__headline nx-font--extrabold nx-font-heading-3 nx-u-mb-base-2 nx-txt-uppercase nx-u-txt--left nx-expand-section__headline\">Caracter\u00edsticas<\/h3>\n<div class=\"nx-benefits-list nx-benefits-list__advantages\">\n<ul class=\"nx-benefits-list__block\">\n<li class=\"nx-benefits-list__item\">\u00a0Mantiene tus labios hidratados durante 24 horas y los protege del fr\u00edo, el viento y el aire seco.<\/li>\n<li class=\"nx-benefits-list__item\">\u00a0Con un delicioso aroma a cereza y un sutil brillo rojo.<\/li>\n<li class=\"nx-benefits-list__item\">\u00a0La f\u00f3rmula vegana mejorada contiene manteca de karit\u00e9 de origen \u00e9tico y aceites\u00a0<span class=\"nx-no-hyphens\">natural<\/span>es enriquecidos con\u00a0<span class=\"nx-no-hyphens\">vitamin<\/span>as.<\/li>\n<li class=\"nx-benefits-list__item\">\u00a0Con 99% de ingredientes de origen\u00a0<span class=\"nx-no-hyphens\">natural<\/span>\u00a0y sin aceites minerales.<\/li>\n<li class=\"nx-benefits-list__item\">\u00a0La f\u00f3rmula \u00fanica tiene una textura suave que se funde instant\u00e1nea<span class=\"nx-no-hyphens\">men<\/span>te en tus labios.<\/li>\n<li class=\"nx-benefits-list__item\">\u00a0<span class=\"nx-no-hyphens\">NIVEA<\/span>\u00a0tiene m\u00e1s de 110 a\u00f1os de experiencia en el cuidado de la piel, desarrollando productos innovadores para todo tipo de piel de labios.<\/li>\n<\/ul>\n<\/div>\n<div class=\"nx-two-columns__half-col nx-u-justify-start \">\n<section id=\"product-highlights\" class=\"nx-advantages nx-u-section--separator nx-u-pt-base-3 nx-u-pb-base-3 nx-expand-section--show-on-mobile-only nx-expand-section nx-expand-section__background--desktop\" data-anchor-text=\"Product Highlights\" data-anchor-id=\"product-highlights\" data-module=\"ExpandableSection\" data-test=\"advantages\" data-options=\"{&quot;hideExpandable&quot;: false, &quot;titleAlignment&quot;: &quot;left&quot;, &quot;expanderOptions&quot;: {&quot;isExpanderOnPdp&quot;:true,&quot;isActive&quot;: false, &quot;contentAlignment&quot;: &quot;left&quot;, &quot;displayType&quot;: &quot;mobile only&quot; }}\" data-tdata=\"[{&quot;Rule&quot;:&quot;GA4 Expandable Section Collapse&quot;,&quot;Ttrigger&quot;:&quot;Click&quot;,&quot;Tevent&quot;:{&quot;event&quot;:&quot;ga4_event&quot;,&quot;_clear&quot;:true,&quot;event_name&quot;:&quot;accordion_close&quot;,&quot;parameters&quot;:{&quot;accordion_title&quot;:&quot;Product Unique Selling Properties&quot;}},&quot;Thint&quot;:&quot;.nx-u-section__headline&quot;,&quot;Tcondition&quot;:&quot;.nx-expand-section--active&quot;},{&quot;Rule&quot;:&quot;GA4 Expandable Section Expand&quot;,&quot;Ttrigger&quot;:&quot;Click&quot;,&quot;Tevent&quot;:{&quot;event&quot;:&quot;ga4_event&quot;,&quot;_clear&quot;:true,&quot;event_name&quot;:&quot;accordion_open&quot;,&quot;parameters&quot;:{&quot;accordion_title&quot;:&quot;Product Unique Selling Properties&quot;}},&quot;Thint&quot;:&quot;.nx-u-section__headline&quot;,&quot;Tcondition&quot;:&quot;!.nx-expand-section--active&quot;}]\" data-tracking-initialized=\"true\" data-module-initialized=\"true\">\n<div class=\"nx-u-container nx-expand-section__container nx-expand-section__container--with-fade nx-expand-section__container--align-left\">\n<div class=\"nx-benefits-list nx-benefits-list__advantages\">\n<section class=\"nx-pdp-two-columns\" data-module=\"ProductDetailPageTwoColumns\" data-module-initialized=\"true\">\n<div class=\"nx-two-columns \">\n<div class=\"nx-two-columns__half-col nx-u-justify-start \">\n<section id=\"beneficios\" class=\"nx-advantages nx-u-section--separator nx-u-pt-base-3 nx-u-pb-base-3 nx-expand-section--show-on-mobile-only nx-expand-section nx-expand-section__background--desktop nx-expand-section--active\" data-anchor-text=\"Beneficios\" data-anchor-id=\"beneficios\" data-test=\"advantages\" data-options=\"{&quot;hideExpandable&quot;: false, &quot;titleAlignment&quot;: &quot;left&quot;, &quot;expanderOptions&quot;: {&quot;isExpanderOnPdp&quot;:true,&quot;isActive&quot;: true, &quot;contentAlignment&quot;: &quot;left&quot;, &quot;displayType&quot;: &quot;mobile only&quot; }}\" data-module=\"ExpandableSection\" data-tdata=\"[{&quot;Rule&quot;:&quot;GA4 Expandable Section Collapse&quot;,&quot;Ttrigger&quot;:&quot;Click&quot;,&quot;Tevent&quot;:{&quot;event&quot;:&quot;ga4_event&quot;,&quot;_clear&quot;:true,&quot;event_name&quot;:&quot;accordion_close&quot;,&quot;parameters&quot;:{&quot;accordion_title&quot;:&quot;Product Benefits&quot;}},&quot;Thint&quot;:&quot;.nx-u-section__headline&quot;,&quot;Tcondition&quot;:&quot;.nx-expand-section--active&quot;},{&quot;Rule&quot;:&quot;GA4 Expandable Section Expand&quot;,&quot;Ttrigger&quot;:&quot;Click&quot;,&quot;Tevent&quot;:{&quot;event&quot;:&quot;ga4_event&quot;,&quot;_clear&quot;:true,&quot;event_name&quot;:&quot;accordion_open&quot;,&quot;parameters&quot;:{&quot;accordion_title&quot;:&quot;Product Benefits&quot;}},&quot;Thint&quot;:&quot;.nx-u-section__headline&quot;,&quot;Tcondition&quot;:&quot;!.nx-expand-section--active&quot;}]\" data-tracking-initialized=\"true\" data-module-initialized=\"true\">\n<div class=\"nx-u-container nx-expand-section__container nx-expand-section__container--with-fade nx-expand-section__container--align-left\">\n<h3 class=\"nx-u-section__headline nx-txt-uppercase nx-font--extrabold nx-font-heading-3 nx-u-mb-base-3 nx-u-txt--left nx-expand-section__headline\">Beneficios<\/h3>\n<div class=\"nx-benefits-section\">\n<div class=\"nx-benefits nx-benefits__advantages nx-benefits__with-icons nx-benefits__with-labels\">\n<div class=\"nx-benefits__list\">\n<div class=\" nx-benefit\">\n<p class=\"nx-benefit__label nx-font-overheader-3 nx-font--bold\">24h de Hidrataci\u00f3n<\/p>\n<\/div>\n<p class=\"nx-benefit__label nx-font-overheader-3 nx-font--bold\">Humectante<\/p>\n<div class=\" nx-benefit\">\n<p class=\"nx-benefit__label nx-font-overheader-3 nx-font--bold\">Todo tipo de piel<\/p>\n<\/div>\n<\/div>\n<\/div>\n<\/div>\n<\/div>\n<\/section>\n<\/div>\n<div class=\"nx-two-columns__half-col nx-u-justify-start \">\n<div><\/div>\n<h3 class=\"nx-skip-link\"><span style=\"color: #1b1919;font-size: 24px\">Modo de uso<\/span><\/h3>\n<\/div>\n<\/div>\n<\/section>\n<section class=\"nx-how-to-list nx-u-pt-base-3 nx-u-pb-base-3 nx-u-section--separator nx-expand-section--show-on-mobile-only nx-expand-section nx-expand-section__background--desktop nx-expand-section--active\" data-anchor-text=\"C\u00f3mo\" data-module=\"ExpandableSection\" data-text=\"howToList\" data-options=\"{&quot;hideExpandable&quot;: false, &quot;titleAlignment&quot;: &quot;left&quot;, &quot;expanderOptions&quot;: {&quot;isExpanderOnPdp&quot;:true,&quot;isActive&quot;: true, &quot;contentAlignment&quot;: &quot;left&quot;, &quot;displayType&quot;: &quot;mobile only&quot; }}\" data-is-portrait-video=\"False\" data-tdata=\"[{&quot;Rule&quot;:&quot;GA4 Expandable Section Collapse&quot;,&quot;Ttrigger&quot;:&quot;Click&quot;,&quot;Tevent&quot;:{&quot;event&quot;:&quot;ga4_event&quot;,&quot;_clear&quot;:true,&quot;event_name&quot;:&quot;accordion_close&quot;,&quot;parameters&quot;:{&quot;accordion_title&quot;:&quot;HowTo&quot;}},&quot;Thint&quot;:&quot;.nx-u-section__headline&quot;,&quot;Tcondition&quot;:&quot;.nx-expand-section--active&quot;},{&quot;Rule&quot;:&quot;GA4 Expandable Section Expand&quot;,&quot;Ttrigger&quot;:&quot;Click&quot;,&quot;Tevent&quot;:{&quot;event&quot;:&quot;ga4_event&quot;,&quot;_clear&quot;:true,&quot;event_name&quot;:&quot;accordion_open&quot;,&quot;parameters&quot;:{&quot;accordion_title&quot;:&quot;HowTo&quot;}},&quot;Thint&quot;:&quot;.nx-u-section__headline&quot;,&quot;Tcondition&quot;:&quot;!.nx-expand-section--active&quot;}]\" data-tracking-initialized=\"true\" data-module-initialized=\"true\">\n<div class=\"nx-u-container nx-expand-section__container nx-expand-section__container--with-fade nx-expand-section__container--align-left\">\n<div data-tdata=\"[{&quot;Rule&quot;:&quot;GA4 Click - Slider Navigation Next&quot;,&quot;Ttrigger&quot;:&quot;Click&quot;,&quot;Tevent&quot;:{&quot;event&quot;:&quot;ga4_event&quot;,&quot;_clear&quot;:true,&quot;event_name&quot;:&quot;slider_action&quot;,&quot;parameters&quot;:{&quot;navigation&quot;:&quot;[[GalleryAndSliderIneraction|{{event_type}}]]&quot;,&quot;slider_headline&quot;:&quot;HowTo&quot;}},&quot;Thint&quot;:&quot;.nx-controls__btn--next&quot;,&quot;Tcondition&quot;:&quot;&quot;},{&quot;Rule&quot;:&quot;GA4 Click - Slider Navigation Previous&quot;,&quot;Ttrigger&quot;:&quot;Click&quot;,&quot;Tevent&quot;:{&quot;event&quot;:&quot;ga4_event&quot;,&quot;_clear&quot;:true,&quot;event_name&quot;:&quot;slider_action&quot;,&quot;parameters&quot;:{&quot;navigation&quot;:&quot;[[GalleryAndSliderIneraction|{{event_type}}]]&quot;,&quot;slider_headline&quot;:&quot;HowTo&quot;}},&quot;Thint&quot;:&quot;.nx-controls__btn--prev&quot;,&quot;Tcondition&quot;:&quot;&quot;}]\" data-tracking-initialized=\"true\">\n<div id=\"tns2-ow\" class=\"tns-outer\">\n<div class=\"tns-liveregion tns-visually-hidden\" aria-live=\"polite\"><\/div>\n<div id=\"tns2-mw\" class=\"tns-ovh tns-ah\">\n<div id=\"tns2-iw\" class=\"tns-inner\">\n<div id=\"tns2\" class=\"nx-slider nx-how-to__slider  tns-slider tns-carousel tns-subpixel tns-calc tns-horizontal\" data-module=\"SliderPagination\" data-no-lazy-load=\"\" data-options=\"{&quot;autoHeight&quot;: true,&quot;responsive&quot;:{&quot;136&quot;:{&quot;items&quot;:1,&quot;gutter&quot;:8,&quot;slideBy&quot;: 1},&quot;768&quot;:{&quot;items&quot;:2,&quot;gutter&quot;:16},&quot;1024&quot;:{&quot;items&quot;:3,&quot;gutter&quot;:16},&quot;1280&quot;:{&quot;gutter&quot;:16}}}\" data-module-initialized=\"true\">\n<div id=\"tns2-item0\" class=\"nx-how-to nx-how-to-list__item nx-u-image nx-u-pt-base-4 tns-item tns-slide-active\" data-test=\"howToText\">\n<h5 class=\"nx-how-to__heading nx-font-heading-5 nx-font--bold nx-u-mb-base-1 nx-txt-uppercase\"><span class=\"nx-u-counter nx-font-display-4 nx-font--extrabold\">1<\/span>\u00a0Aplic\u00e1<\/h5>\n<div class=\"nx-how-to__description nx-font-body-1\">Aplic\u00e1 b\u00e1lsamo labial regular<span class=\"nx-no-hyphens\">men<\/span>te para labios hidratados.<\/div>\n<\/div>\n<div id=\"tns2-item1\" class=\"nx-how-to nx-how-to-list__item nx-u-image nx-u-pt-base-4 tns-item tns-slide-active\" data-test=\"howToText\">\n<h5 class=\"nx-how-to__heading nx-font-heading-5 nx-font--bold nx-u-mb-base-1 nx-txt-uppercase\"><span class=\"nx-u-counter nx-font-display-4 nx-font--extrabold\">2<\/span>\u00a0Recil\u00e1<\/h5>\n<div class=\"nx-how-to__description nx-font-body-1\">Recicl\u00e1 el empaque como corresponde.<\/div>\n<\/div>\n<\/div>\n<\/div>\n<\/div>\n<\/div>\n<\/div>\n<\/div>\n<\/section>\n<\/div>\n<\/div>\n<\/section>\n<\/div>\n","protected":false},"excerpt":{"rendered":"<p>LIP CARE CHERRY Protector labial\u00a0NIVEA Cherry\u00a0mantiene los labios humectados por 24 horas. Su f\u00f3rmula contiene pigmentos de brillo y Extractos<\/p>\n","protected":false},"featured_media":103012,"comment_status":"open","ping_status":"closed","template":"","meta":{"nf_dc_page":""},"product_brand":[3612],"product_cat":[95],"product_tag":[3617],"class_list":{"0":"post-103011","1":"product","2":"type-product","3":"status-publish","4":"has-post-thumbnail","6":"product_brand-nivea","7":"product_cat-maquillaje","8":"product_tag-3617","10":"first","11":"instock","12":"shipping-taxable","13":"purchasable","14":"product-type-simple"},"_links":{"self":[{"href":"https:\/\/brandss.com.py\/index\/wp-json\/wp\/v2\/product\/103011","targetHints":{"allow":["GET"]}}],"collection":[{"href":"https:\/\/brandss.com.py\/index\/wp-json\/wp\/v2\/product"}],"about":[{"href":"https:\/\/brandss.com.py\/index\/wp-json\/wp\/v2\/types\/product"}],"replies":[{"embeddable":true,"href":"https:\/\/brandss.com.py\/index\/wp-json\/wp\/v2\/comments?post=103011"}],"version-history":[{"count":1,"href":"https:\/\/brandss.com.py\/index\/wp-json\/wp\/v2\/product\/103011\/revisions"}],"predecessor-version":[{"id":103018,"href":"https:\/\/brandss.com.py\/index\/wp-json\/wp\/v2\/product\/103011\/revisions\/103018"}],"wp:featuredmedia":[{"embeddable":true,"href":"https:\/\/brandss.com.py\/index\/wp-json\/wp\/v2\/media\/103012"}],"wp:attachment":[{"href":"https:\/\/brandss.com.py\/index\/wp-json\/wp\/v2\/media?parent=103011"}],"wp:term":[{"taxonomy":"product_brand","embeddable":true,"href":"https:\/\/brandss.com.py\/index\/wp-json\/wp\/v2\/product_brand?post=103011"},{"taxonomy":"product_cat","embeddable":true,"href":"https:\/\/brandss.com.py\/index\/wp-json\/wp\/v2\/product_cat?post=103011"},{"taxonomy":"product_tag","embeddable":true,"href":"https:\/\/brandss.com.py\/index\/wp-json\/wp\/v2\/product_tag?post=103011"}],"curies":[{"name":"wp","href":"https:\/\/api.w.org\/{rel}","templated":true}]}}