{"id":103192,"date":"2026-05-02T12:52:19","date_gmt":"2026-05-02T12:52:19","guid":{"rendered":"https:\/\/brandss.com.py\/index\/?post_type=product&#038;p=103192"},"modified":"2026-05-02T12:52:39","modified_gmt":"2026-05-02T12:52:39","slug":"locion-corporal-paixao-inspiradora-400ml","status":"publish","type":"product","link":"https:\/\/brandss.com.py\/index\/producto\/locion-corporal-paixao-inspiradora-400ml\/","title":{"rendered":"LOCI\u00d3N CORPORAL PAIX\u00c3O INSPIRADORA 400ML"},"content":{"rendered":"<p><img loading=\"lazy\" decoding=\"async\" class=\"\" src=\"https:\/\/grandesnomesdapropaganda.com.br\/wp-content\/uploads\/2022\/08\/paix%C3%A3o.png\" alt=\"Nova campanha de Paix\u00e3o ressignifica a sensualidade de cada mulher\" width=\"155\" height=\"97\" \/><\/p>\n<h1>INSPIRADORA<\/h1>\n<p><span dir=\"auto\">Es una loci\u00f3n cremosa de f\u00e1cil absorci\u00f3n y fragancia cautivadora, con aceite de almendras en su f\u00f3rmula. Hidrata profundamente la piel y protege el cuerpo con una acci\u00f3n desodorante de 24 horas, brindando una sensaci\u00f3n de seguridad, hidrataci\u00f3n y encanto.<\/span><\/p>\n<h3><span dir=\"auto\">Beneficios<\/span><\/h3>\n<ul>\n<li><span dir=\"auto\">Hidrataci\u00f3n profunda de la piel con aceite de almendras.<\/span><\/li>\n<li><span dir=\"auto\">Protecci\u00f3n desodorante durante 24 horas.<\/span><\/li>\n<li><span dir=\"auto\">Textura cremosa que se absorbe f\u00e1cilmente.<\/span><\/li>\n<li><span dir=\"auto\">Una fragancia impactante y cautivadora.<\/span><\/li>\n<li><span dir=\"auto\">Proporciona una sensaci\u00f3n de seguridad y encanto.<\/span><\/li>\n<\/ul>\n<h3><span dir=\"auto\">Modo de uso<\/span><\/h3>\n<ol>\n<li><span dir=\"auto\">Aplicar sobre la piel, masajeando suavemente.<\/span><\/li>\n<\/ol>\n","protected":false},"excerpt":{"rendered":"<p>INSPIRADORA Es una loci\u00f3n cremosa de f\u00e1cil absorci\u00f3n y fragancia cautivadora, con aceite de almendras en su f\u00f3rmula. Hidrata profundamente<\/p>\n","protected":false},"featured_media":103193,"comment_status":"open","ping_status":"closed","template":"","meta":{"nf_dc_page":""},"product_brand":[3643],"product_cat":[85],"product_tag":[3644],"class_list":{"0":"post-103192","1":"product","2":"type-product","3":"status-publish","4":"has-post-thumbnail","6":"product_brand-paixao","7":"product_cat-cosmeticos","8":"product_tag-3644","10":"first","11":"instock","12":"shipping-taxable","13":"purchasable","14":"product-type-simple"},"_links":{"self":[{"href":"https:\/\/brandss.com.py\/index\/wp-json\/wp\/v2\/product\/103192","targetHints":{"allow":["GET"]}}],"collection":[{"href":"https:\/\/brandss.com.py\/index\/wp-json\/wp\/v2\/product"}],"about":[{"href":"https:\/\/brandss.com.py\/index\/wp-json\/wp\/v2\/types\/product"}],"replies":[{"embeddable":true,"href":"https:\/\/brandss.com.py\/index\/wp-json\/wp\/v2\/comments?post=103192"}],"version-history":[{"count":1,"href":"https:\/\/brandss.com.py\/index\/wp-json\/wp\/v2\/product\/103192\/revisions"}],"predecessor-version":[{"id":103197,"href":"https:\/\/brandss.com.py\/index\/wp-json\/wp\/v2\/product\/103192\/revisions\/103197"}],"wp:featuredmedia":[{"embeddable":true,"href":"https:\/\/brandss.com.py\/index\/wp-json\/wp\/v2\/media\/103193"}],"wp:attachment":[{"href":"https:\/\/brandss.com.py\/index\/wp-json\/wp\/v2\/media?parent=103192"}],"wp:term":[{"taxonomy":"product_brand","embeddable":true,"href":"https:\/\/brandss.com.py\/index\/wp-json\/wp\/v2\/product_brand?post=103192"},{"taxonomy":"product_cat","embeddable":true,"href":"https:\/\/brandss.com.py\/index\/wp-json\/wp\/v2\/product_cat?post=103192"},{"taxonomy":"product_tag","embeddable":true,"href":"https:\/\/brandss.com.py\/index\/wp-json\/wp\/v2\/product_tag?post=103192"}],"curies":[{"name":"wp","href":"https:\/\/api.w.org\/{rel}","templated":true}]}}