{"id":103222,"date":"2026-05-02T14:47:36","date_gmt":"2026-05-02T14:47:36","guid":{"rendered":"https:\/\/brandss.com.py\/index\/?post_type=product&#038;p=103222"},"modified":"2026-05-02T14:47:57","modified_gmt":"2026-05-02T14:47:57","slug":"aceite-corporal-paixao-tentadora-100ml","status":"publish","type":"product","link":"https:\/\/brandss.com.py\/index\/producto\/aceite-corporal-paixao-tentadora-100ml\/","title":{"rendered":"ACEITE CORPORAL PAIX\u00c3O TENTADORA 100ML"},"content":{"rendered":"<p><img loading=\"lazy\" decoding=\"async\" class=\"\" src=\"https:\/\/grandesnomesdapropaganda.com.br\/wp-content\/uploads\/2022\/08\/paix%C3%A3o.png\" alt=\"Nova campanha de Paix\u00e3o ressignifica a sensualidade de cada mulher\" width=\"102\" height=\"64\" \/><\/p>\n<h1>TENTADORA<\/h1>\n<p><span dir=\"auto\">El aceite corporal desodorante Paix\u00e3o Tentadora es un producto cosm\u00e9tico que surge de la fusi\u00f3n de aceites de almendra y avellana, desarrollado para hidratar y perfumar suavemente la piel. Hidrata el\u00a0<\/span><span dir=\"auto\">cuerpo<\/span><span dir=\"auto\">\u00a0hasta por 24 horas, previene las estr\u00edas, mejora la elasticidad de la piel y la deja suave, sedosa y con una fragancia caracter\u00edstica.<img decoding=\"async\" class=\"alignleft\" src=\"https:\/\/www.linhapaixao.com.br\/wp-content\/uploads\/2022\/01\/tentadora_oleo-corporal-200ml_card-default.webp\" \/><\/span><\/p>\n<h2><\/h2>\n<h2><span dir=\"auto\">Beneficios<\/span><\/h2>\n<p>&nbsp;<\/p>\n<ul>\n<li><span dir=\"auto\">Hidrata profundamente la piel hasta por 24 horas.<\/span><\/li>\n<li><span dir=\"auto\">Previene la aparici\u00f3n de estr\u00edas.<\/span><\/li>\n<li><span dir=\"auto\">Mejora la elasticidad de la piel.<\/span><\/li>\n<li><span dir=\"auto\">Deja la piel suave, sedosa y perfumada.<\/span><\/li>\n<li><span dir=\"auto\">Tiene un suave efecto desodorante.<\/span><\/li>\n<\/ul>\n<h3><\/h3>\n<h3>Notas Olfativas<\/h3>\n<p>&nbsp;<\/p>\n<p>El aceite corporal Paix\u00e3o Ruby Plum con acci\u00f3n desodorante contiene aceite de almendras que garantiza hidrataci\u00f3n hasta por 24 horas. Deja la piel luminosa y sedosa con una fragancia que combina frutos rojos armonizados con vainilla, provocando los deseos m\u00e1s intensos y aumentando tu autoestima.<\/p>\n<div class=\"item\">\n<div class=\"item-texto\"><span dir=\"auto\"><strong>Notas de salida:<\/strong> c<\/span><span dir=\"auto\">\u00edtricos (naranja-mandarina), frutos rojos, ciruela, melocot\u00f3n, manzana, pera.<\/span><\/div>\n<\/div>\n<div class=\"item\">\n<div class=\"image\"><\/div>\n<div class=\"item-texto\"><span dir=\"auto\"><strong>Notas de coraz\u00f3n:<\/strong> r<\/span><span dir=\"auto\">amo floral (rosa, jazm\u00edn, violeta).<\/span><\/div>\n<\/div>\n<div class=\"item\">\n<div class=\"image\"><\/div>\n<div class=\"item-texto\"><span dir=\"auto\"><strong>Notas de fondo:<\/strong> a<\/span><span dir=\"auto\">lmizcle, s\u00e1ndalo, vainilla, \u00e1mbar.<\/span><\/div>\n<\/div>\n<h2><span dir=\"auto\">Modo de uso<\/span><\/h2>\n<ol>\n<li><span dir=\"auto\">Aplique el aceite corporal desodorante Paix\u00e3o Tentadora sobre su cuerpo despu\u00e9s de la ducha, mientras su piel a\u00fan est\u00e9 h\u00fameda.<\/span><\/li>\n<li><span dir=\"auto\">Si lo desea, enjuague ligeramente.<\/span><\/li>\n<\/ol>\n","protected":false},"excerpt":{"rendered":"<p>TENTADORA El aceite corporal desodorante Paix\u00e3o Tentadora es un producto cosm\u00e9tico que surge de la fusi\u00f3n de aceites de almendra<\/p>\n","protected":false},"featured_media":103223,"comment_status":"open","ping_status":"closed","template":"","meta":{"nf_dc_page":""},"product_brand":[3643],"product_cat":[85],"product_tag":[3649],"class_list":{"0":"post-103222","1":"product","2":"type-product","3":"status-publish","4":"has-post-thumbnail","6":"product_brand-paixao","7":"product_cat-cosmeticos","8":"product_tag-3649","10":"first","11":"instock","12":"shipping-taxable","13":"purchasable","14":"product-type-simple"},"_links":{"self":[{"href":"https:\/\/brandss.com.py\/index\/wp-json\/wp\/v2\/product\/103222","targetHints":{"allow":["GET"]}}],"collection":[{"href":"https:\/\/brandss.com.py\/index\/wp-json\/wp\/v2\/product"}],"about":[{"href":"https:\/\/brandss.com.py\/index\/wp-json\/wp\/v2\/types\/product"}],"replies":[{"embeddable":true,"href":"https:\/\/brandss.com.py\/index\/wp-json\/wp\/v2\/comments?post=103222"}],"version-history":[{"count":1,"href":"https:\/\/brandss.com.py\/index\/wp-json\/wp\/v2\/product\/103222\/revisions"}],"predecessor-version":[{"id":103227,"href":"https:\/\/brandss.com.py\/index\/wp-json\/wp\/v2\/product\/103222\/revisions\/103227"}],"wp:featuredmedia":[{"embeddable":true,"href":"https:\/\/brandss.com.py\/index\/wp-json\/wp\/v2\/media\/103223"}],"wp:attachment":[{"href":"https:\/\/brandss.com.py\/index\/wp-json\/wp\/v2\/media?parent=103222"}],"wp:term":[{"taxonomy":"product_brand","embeddable":true,"href":"https:\/\/brandss.com.py\/index\/wp-json\/wp\/v2\/product_brand?post=103222"},{"taxonomy":"product_cat","embeddable":true,"href":"https:\/\/brandss.com.py\/index\/wp-json\/wp\/v2\/product_cat?post=103222"},{"taxonomy":"product_tag","embeddable":true,"href":"https:\/\/brandss.com.py\/index\/wp-json\/wp\/v2\/product_tag?post=103222"}],"curies":[{"name":"wp","href":"https:\/\/api.w.org\/{rel}","templated":true}]}}