{"id":103243,"date":"2026-05-04T12:01:56","date_gmt":"2026-05-04T12:01:56","guid":{"rendered":"https:\/\/brandss.com.py\/index\/?post_type=product&#038;p=103243"},"modified":"2026-05-04T12:02:20","modified_gmt":"2026-05-04T12:02:20","slug":"perfume-femenino-maison-alhambra-so-candid-rouge-edp-85ml","status":"publish","type":"product","link":"https:\/\/brandss.com.py\/index\/producto\/perfume-femenino-maison-alhambra-so-candid-rouge-edp-85ml\/","title":{"rendered":"PERFUME FEMENINO MAISON ALHAMBRA SO CANDID ROUGE EDP 85ML"},"content":{"rendered":"<p><img loading=\"lazy\" decoding=\"async\" class=\"\" src=\"https:\/\/emiratesoud.co.uk\/cdn\/shop\/collections\/maison-alhambra-emirates-oud_5ff70aba-335d-4c06-b10f-7c7298b44456.jpg?v=1733246498\" alt=\"Maison Alhambra Perfumes - Arabian Fragrances\" width=\"141\" height=\"141\" \/><\/p>\n<h1>SO CANDID ROUGE<\/h1>\n<p>Es una fragancia femenina seductora y envolvente que combina dulzura y elegancia. Su aroma floral gourmand deja una estela c\u00e1lida y sofisticada, perfecta para resaltar la feminidad con car\u00e1cter y estilo. So Candid Rouge es una fragancia \u00fanica que cautiva con una armoniosa mezcla de notas florales y amaderadas. Este perfume est\u00e1 pensado para mujeres modernas y seguras de s\u00ed mismas que buscan una fragancia elegante y seductora.<img decoding=\"async\" class=\"alignleft\" src=\"https:\/\/myperfumes.co.uk\/cdn\/shop\/files\/Maison_Alhambra_Parfume_So_Candid_Eau_de_Parfum_85_ml_2.webp?v=1766317961&amp;width=713\" \/><\/p>\n<p>So Candid Rouge es perfecto para el d\u00eda a d\u00eda y para ocasiones especiales. Su elegante frasco y su alta concentraci\u00f3n lo convierten en un compa\u00f1ero de lujo con una fragancia agradable que perdura durante todo el d\u00eda. Un perfume que cautiva los sentidos y se adapta a la personalidad de quien lo lleva.<\/p>\n<p>&nbsp;<\/p>\n<h3>Notas Olfativas<\/h3>\n<p>&nbsp;<\/p>\n<p>So Candid Rouge\u00a0de\u00a0Maison Alhambra\u00a0es una fragancia de la familia olfativa Floral para Mujeres.\u00a0So Candid se lanz\u00f3 en 2022. So Candid Rouge abre con el fresco y vigorizante aroma de flor de azahar, que despierta tus sentidos al instante. A medida que la fragancia se despliega, el coraz\u00f3n revela un armonioso bouquet de jazm\u00edn y nardo, ofreciendo una experiencia floral rica y embriagadora. Las notas de fondo de acordes l\u00e1cteos aportan un final cremoso y suave, dejando una impresi\u00f3n duradera, c\u00e1lida y acogedora.<\/p>\n<p>Este Eau de Parfum Spray de Maison Alhambra a la calidad y el arte, encarnando la esencia de la perfumer\u00eda. Su elegante y estilizada botella est\u00e1 dise\u00f1ada para ser una lujosa adici\u00f3n a su colecci\u00f3n de fragancias, convirti\u00e9ndola en un regalo ideal o un capricho personal.<\/p>\n<p>&nbsp;<\/p>\n<ul>\n<li><strong>Notas de salida:<\/strong> azahar.<\/li>\n<li><strong>Notas de coraz\u00f3n:<\/strong> jazm\u00edn, nardo<\/li>\n<li><strong>Notas de fondo: <\/strong>notas lechosas<\/li>\n<\/ul>\n","protected":false},"excerpt":{"rendered":"<p>SO CANDID ROUGE Es una fragancia femenina seductora y envolvente que combina dulzura y elegancia. Su aroma floral gourmand deja<\/p>\n","protected":false},"featured_media":103244,"comment_status":"open","ping_status":"closed","template":"","meta":{"nf_dc_page":""},"product_brand":[107],"product_cat":[84],"product_tag":[3652],"class_list":{"0":"post-103243","1":"product","2":"type-product","3":"status-publish","4":"has-post-thumbnail","6":"product_brand-maison-alhambra","7":"product_cat-perfumeria","8":"product_tag-3652","10":"first","11":"instock","12":"shipping-taxable","13":"purchasable","14":"product-type-simple"},"_links":{"self":[{"href":"https:\/\/brandss.com.py\/index\/wp-json\/wp\/v2\/product\/103243","targetHints":{"allow":["GET"]}}],"collection":[{"href":"https:\/\/brandss.com.py\/index\/wp-json\/wp\/v2\/product"}],"about":[{"href":"https:\/\/brandss.com.py\/index\/wp-json\/wp\/v2\/types\/product"}],"replies":[{"embeddable":true,"href":"https:\/\/brandss.com.py\/index\/wp-json\/wp\/v2\/comments?post=103243"}],"version-history":[{"count":1,"href":"https:\/\/brandss.com.py\/index\/wp-json\/wp\/v2\/product\/103243\/revisions"}],"predecessor-version":[{"id":103249,"href":"https:\/\/brandss.com.py\/index\/wp-json\/wp\/v2\/product\/103243\/revisions\/103249"}],"wp:featuredmedia":[{"embeddable":true,"href":"https:\/\/brandss.com.py\/index\/wp-json\/wp\/v2\/media\/103244"}],"wp:attachment":[{"href":"https:\/\/brandss.com.py\/index\/wp-json\/wp\/v2\/media?parent=103243"}],"wp:term":[{"taxonomy":"product_brand","embeddable":true,"href":"https:\/\/brandss.com.py\/index\/wp-json\/wp\/v2\/product_brand?post=103243"},{"taxonomy":"product_cat","embeddable":true,"href":"https:\/\/brandss.com.py\/index\/wp-json\/wp\/v2\/product_cat?post=103243"},{"taxonomy":"product_tag","embeddable":true,"href":"https:\/\/brandss.com.py\/index\/wp-json\/wp\/v2\/product_tag?post=103243"}],"curies":[{"name":"wp","href":"https:\/\/api.w.org\/{rel}","templated":true}]}}