{"id":103295,"date":"2026-05-05T11:16:01","date_gmt":"2026-05-05T11:16:01","guid":{"rendered":"https:\/\/brandss.com.py\/index\/?post_type=product&#038;p=103295"},"modified":"2026-05-05T11:16:30","modified_gmt":"2026-05-05T11:16:30","slug":"serum-facial-skin1004-madagascar-centella-tone-brightening-capsule-ampoule-100ml","status":"publish","type":"product","link":"https:\/\/brandss.com.py\/index\/producto\/serum-facial-skin1004-madagascar-centella-tone-brightening-capsule-ampoule-100ml\/","title":{"rendered":"S\u00c9RUM FACIAL SKIN1004 MADAGASCAR CENTELLA TONE BRIGHTENING CAPSULE AMPOULE 100ML"},"content":{"rendered":"<p><img loading=\"lazy\" decoding=\"async\" class=\"\" src=\"https:\/\/heyskinday.com\/cdn\/shop\/collections\/skin1004_logo.png?v=1714498278\" alt=\"S\u00c9RUM FACIAL SKIN1004 MADAGASCAR CENTELLA TONE BRIGHTENING CAPSULE AMPOULE  50ML \u2013 Brands\" width=\"146\" height=\"146\" \/><\/p>\n<h1>TONE BRIGHTENING CAPSULE AMPOULE<\/h1>\n<p>Es un suero unificador de tono desarrollado para combatir manchas y marcas post-acn\u00e9 mientras calma la piel. Su f\u00f3rmula combina\u00a0Centella Asi\u00e1tica de Madagascar,\u00a0niacinamida\u00a0y\u00a0\u00e1cido tranex\u00e1mico para reducir la hiperpigmentaci\u00f3n, mejorar la textura de la piel y reforzar la barrera cut\u00e1nea sin irritar. Con su textura ligera y alta concentraci\u00f3n activa, esta ampolla es ideal para lograr una piel m\u00e1s luminosa, uniforme y saludable, incluso en pieles sensibles. Contribuye a iluminar y mejorar el tono de la piel a la vez que la hidrata y la calma. Ingredientes clave Extracto de Centella Asi\u00e1tica que calma e hidrata la piel, y Madecassoside que est\u00e1 encapsulado para mejorar la estabilidad del ingrediente y ayuda a iluminar la piel.<img loading=\"lazy\" decoding=\"async\" class=\"alignleft\" src=\"https:\/\/www.skin1004.com\/cdn\/shop\/products\/skin1004-ampoule-serum-100ml-madagascar-centella-tone-brightening-capsule-ampoule-34557561635062_1440x.gif?v=1677148510\" width=\"627\" height=\"627\" \/><\/p>\n<p>La ampolla tambi\u00e9n contiene ingredientes como la Niacinamida y el \u00c1cido Tranex\u00e1mico, que combaten eficazmente la hiperpigmentaci\u00f3n y reducen visiblemente las cicatrices y las l\u00edneas de expresi\u00f3n. El producto es adecuado para todo tipo de pieles.<\/p>\n<h3><\/h3>\n<h3><strong>Ingredientes clave<\/strong><\/h3>\n<p>&nbsp;<\/p>\n<ul>\n<li><strong>Centella Asi\u00e1tica de Madagascar<\/strong>: calma, ayuda a la regeneraci\u00f3n de la piel y favorece la reparaci\u00f3n.<\/li>\n<li><strong>Niacinamida (Vitamina B3)<\/strong>: conocida por su capacidad para reducir manchas, unificar el tono de piel y minimizar los poros.<\/li>\n<li><strong>\u00c1cido Tranex\u00e1mico<\/strong>: agente despigmentante que ayuda a inhibir la pigmentaci\u00f3n y las manchas marrones.<\/li>\n<li><strong>\u00c1cido Hialur\u00f3nico<\/strong>: para mantener la piel hidratada y con volumen mientras trabaja el tono.<\/li>\n<li><strong>Extractos vegetales<\/strong>: para efecto calmante adicional y soporte antioxidante.<\/li>\n<\/ul>\n<h3><\/h3>\n<h3><strong>Ventajas<\/strong><\/h3>\n<p>&nbsp;<\/p>\n<ul>\n<li><strong>Ilumina la piel:<\/strong>\u00a0Contiene ingredientes como el Madecassoside y la Niacinamida, que ayudan a mejorar e iluminar el tono de la piel.<img loading=\"lazy\" decoding=\"async\" class=\"alignright\" src=\"https:\/\/www.skin1004.com\/cdn\/shop\/products\/skin1004-ampoule-serum-100ml-madagascar-centella-tone-brightening-capsule-ampoule-36440382636278_1440x.jpg?v=1677148510\" width=\"583\" height=\"583\" \/><\/li>\n<li><strong>Hidratante:<\/strong>\u00a0Contiene Glicerina, un hidratante natural que ayuda a mantener el equilibrio de hidrataci\u00f3n de la piel.<\/li>\n<li><strong>Propiedades calmantes:<\/strong>\u00a0El extracto de Centella Asi\u00e1tica tiene efectos calmantes sobre la piel, lo que resulta beneficioso para las pieles sensibles e irritadas.<\/li>\n<li><strong>Trata la hiperpigmentaci\u00f3n:<\/strong>\u00a0Ayuda a reducir las manchas oscuras y el tono desigual de la piel gracias a ingredientes como el \u00c1cido Tranex\u00e1mico.<\/li>\n<li><strong>Mejora la funci\u00f3n de barrera de la piel:<\/strong>\u00a0La niacinamida refuerza la barrera cut\u00e1nea y mejora la salud y el aspecto de la piel.<\/li>\n<li><strong>Adecuado para diferentes tipos de piel:<\/strong>\u00a0Formulado para ser adecuado para todo tipo de pieles, incluidas las sensibles.<\/li>\n<\/ul>\n<h3><\/h3>\n<h3><strong>Beneficios<\/strong><\/h3>\n<p>&nbsp;<\/p>\n<ul>\n<li>Unifica el tono de la piel y reduce hiperpigmentaci\u00f3n suave.<\/li>\n<li>Aten\u00faa manchas post-inflamatorias y marcas de acn\u00e9.<\/li>\n<li>Regenera la barrera cut\u00e1nea y calma la piel irritada.<\/li>\n<li>Hidrata con textura ligera y de r\u00e1pida absorci\u00f3n.<\/li>\n<li>Mejora la apariencia de los poros y la textura general de la piel.<\/li>\n<li>F\u00f3rmula apta para piel sensible.<\/li>\n<\/ul>\n<h3><\/h3>\n<h3><strong>Modo de uso<\/strong><\/h3>\n<p>&nbsp;<\/p>\n<ol>\n<li>Aplicar despu\u00e9s del t\u00f3nico sobre la piel limpia.<\/li>\n<li>Usar de 3 a 4 gotas con el gotero y distribuir sobre rostro y cuello.<\/li>\n<li>Masajear ligeramente para ayudar a la absorci\u00f3n.<\/li>\n<li>Continuar con tu crema hidratante y protector solar (por la ma\u00f1ana).<\/li>\n<\/ol>\n","protected":false},"excerpt":{"rendered":"<p>TONE BRIGHTENING CAPSULE AMPOULE Es un suero unificador de tono desarrollado para combatir manchas y marcas post-acn\u00e9 mientras calma la<\/p>\n","protected":false},"featured_media":103297,"comment_status":"open","ping_status":"closed","template":"","meta":{"nf_dc_page":""},"product_brand":[2689],"product_cat":[104],"product_tag":[3663],"class_list":{"0":"post-103295","1":"product","2":"type-product","3":"status-publish","4":"has-post-thumbnail","6":"product_brand-skin1004","7":"product_cat-skin-care","8":"product_tag-3663","10":"first","11":"instock","12":"shipping-taxable","13":"purchasable","14":"product-type-simple"},"_links":{"self":[{"href":"https:\/\/brandss.com.py\/index\/wp-json\/wp\/v2\/product\/103295","targetHints":{"allow":["GET"]}}],"collection":[{"href":"https:\/\/brandss.com.py\/index\/wp-json\/wp\/v2\/product"}],"about":[{"href":"https:\/\/brandss.com.py\/index\/wp-json\/wp\/v2\/types\/product"}],"replies":[{"embeddable":true,"href":"https:\/\/brandss.com.py\/index\/wp-json\/wp\/v2\/comments?post=103295"}],"version-history":[{"count":1,"href":"https:\/\/brandss.com.py\/index\/wp-json\/wp\/v2\/product\/103295\/revisions"}],"predecessor-version":[{"id":103304,"href":"https:\/\/brandss.com.py\/index\/wp-json\/wp\/v2\/product\/103295\/revisions\/103304"}],"wp:featuredmedia":[{"embeddable":true,"href":"https:\/\/brandss.com.py\/index\/wp-json\/wp\/v2\/media\/103297"}],"wp:attachment":[{"href":"https:\/\/brandss.com.py\/index\/wp-json\/wp\/v2\/media?parent=103295"}],"wp:term":[{"taxonomy":"product_brand","embeddable":true,"href":"https:\/\/brandss.com.py\/index\/wp-json\/wp\/v2\/product_brand?post=103295"},{"taxonomy":"product_cat","embeddable":true,"href":"https:\/\/brandss.com.py\/index\/wp-json\/wp\/v2\/product_cat?post=103295"},{"taxonomy":"product_tag","embeddable":true,"href":"https:\/\/brandss.com.py\/index\/wp-json\/wp\/v2\/product_tag?post=103295"}],"curies":[{"name":"wp","href":"https:\/\/api.w.org\/{rel}","templated":true}]}}