{"id":103347,"date":"2026-05-05T16:32:47","date_gmt":"2026-05-05T16:32:47","guid":{"rendered":"https:\/\/brandss.com.py\/index\/?post_type=product&#038;p=103347"},"modified":"2026-05-05T16:33:12","modified_gmt":"2026-05-05T16:33:12","slug":"almohadilla-facial-skin1004-madagascar-centella-tone-brightening-dark-spot-ampoule-pad-70-piezas-130ml","status":"publish","type":"product","link":"https:\/\/brandss.com.py\/index\/producto\/almohadilla-facial-skin1004-madagascar-centella-tone-brightening-dark-spot-ampoule-pad-70-piezas-130ml\/","title":{"rendered":"ALMOHADILLA FACIAL SKIN1004 MADAGASCAR CENTELLA TONE BRIGHTENING DARK SPOT AMPOULE PAD 70 PIEZAS 130ML"},"content":{"rendered":"<p><img loading=\"lazy\" decoding=\"async\" class=\"\" src=\"https:\/\/heyskinday.com\/cdn\/shop\/collections\/skin1004_logo.png?v=1714498278\" alt=\"S\u00c9RUM FACIAL SKIN1004 MADAGASCAR CENTELLA TONE BRIGHTENING CAPSULE AMPOULE  50ML \u2013 Brands\" width=\"131\" height=\"131\" \/><\/p>\n<h1>TONE BRIGHTENING DARK SPOT AMPOULE PAD<\/h1>\n<p><span dir=\"auto\">Es un conjunto de almohadillas de doble cara dise\u00f1adas para el cuidado de la piel con manchas pigmentarias, imperfecciones y tono desigual. <\/span><span dir=\"auto\">Su f\u00f3rmula combina un 5 %\u00a0<\/span><span dir=\"auto\">de niacinamida<\/span><span dir=\"auto\">\u00a0con\u00a0<\/span><span dir=\"auto\">vitamina C<\/span><span dir=\"auto\">\u00a0pura y un derivado estable\u00a0<\/span><span dir=\"auto\">de vitamina C<\/span><span dir=\"auto\">\u00a0para revitalizar la piel apagada y conseguir un tono m\u00e1s claro, fresco y visiblemente m\u00e1s radiante.<img loading=\"lazy\" decoding=\"async\" class=\"alignleft\" src=\"https:\/\/youngmi.mx\/cdn\/shop\/files\/SKIN1004-MadagascarCentellaToneBrighteningDarkSpotAmpoulePad70PCS2.png?v=1775345374\" width=\"535\" height=\"535\" \/><\/span><\/p>\n<p><span dir=\"auto\">Para una acci\u00f3n concentrada sobre la apariencia de manchas y marcas, la f\u00f3rmula incluye \u00e1cido k\u00f3jico, reconocido por su papel en el cuidado de la piel con pigmentaci\u00f3n irregular, y los antioxidantes glutati\u00f3n y \u00e1cido fer\u00falico, que ayudan a reducir la apariencia de opacidad y a mantener la claridad de la piel.<\/span><\/p>\n<p><span dir=\"auto\">Al mismo tiempo, las almohadillas brindan confort a la piel gracias al extracto de\u00a0<\/span><span dir=\"auto\">Centella Asi\u00e1tica<\/span><span dir=\"auto\">\u00a0de Madagascar (1900 ppm) y al madecas\u00f3sido, que calman y refuerzan la barrera cut\u00e1nea, junto con\u00a0<\/span><span dir=\"auto\">el pantenol<\/span><span dir=\"auto\">\u00a0y un complejo\u00a0<\/span><span dir=\"auto\">de \u00e1cido hialur\u00f3nico<\/span><span dir=\"auto\">\u00a0que proporciona hidrataci\u00f3n y una apariencia m\u00e1s flexible, sin sensaci\u00f3n pegajosa.<\/span><\/p>\n<p><span dir=\"auto\">Las almohadillas tienen un lado de gasa para una limpieza suave y una textura alisadora, y un lado de gel de alta adherencia para una aplicaci\u00f3n t\u00f3pica similar a una mascarilla. Gracias a su gran tama\u00f1o de 7 cm y su forma de media luna, cada almohadilla se adapta f\u00e1cilmente a las zonas curvas del rostro, proporcionando un contacto total y una aplicaci\u00f3n uniforme de la esencia.<\/span><\/p>\n<h3 data-start=\"2611\" data-end=\"2630\"><\/h3>\n<h3 data-start=\"2611\" data-end=\"2630\"><span dir=\"auto\">Ingredientes clave<\/span><\/h3>\n<p>&nbsp;<\/p>\n<ul data-start=\"2631\" data-end=\"3234\">\n<li data-start=\"2631\" data-end=\"2703\">\n<p data-start=\"2633\" data-end=\"2703\"><strong data-start=\"2633\" data-end=\"2648\"><span dir=\"auto\">Niacinamida<\/span><\/strong><span dir=\"auto\">: contribuye a una tez m\u00e1s luminosa y uniforme.<\/span><\/p>\n<\/li>\n<li data-start=\"2704\" data-end=\"2812\">\n<p data-start=\"2706\" data-end=\"2812\"><strong data-start=\"2706\" data-end=\"2761\"><span dir=\"auto\">Vitamina C (\u00e1cido asc\u00f3rbico + \u00e1cido 3-O-etil asc\u00f3rbico)<\/span><\/strong><span dir=\"auto\">: potencia la luminosidad y ayuda a mejorar el tono desigual de la piel.<\/span><\/p>\n<\/li>\n<li data-start=\"2813\" data-end=\"2883\">\n<p data-start=\"2815\" data-end=\"2883\"><strong data-start=\"2815\" data-end=\"2830\"><span dir=\"auto\">Glutati\u00f3n<\/span><\/strong><span dir=\"auto\">: apoyo antioxidante para una apariencia m\u00e1s fresca y radiante.<\/span><\/p>\n<\/li>\n<li data-start=\"2884\" data-end=\"2967\">\n<p data-start=\"2886\" data-end=\"2967\"><strong data-start=\"2886\" data-end=\"2915\"><span dir=\"auto\">\u00c1cido k\u00f3jico + \u00e1cido fer\u00falico<\/span><\/strong><span dir=\"auto\">: cuidado localizado con protecci\u00f3n antioxidante.<\/span><\/p>\n<\/li>\n<li data-start=\"2968\" data-end=\"3050\">\n<p data-start=\"2970\" data-end=\"3050\"><strong data-start=\"2970\" data-end=\"3002\"><span dir=\"auto\">Centella asi\u00e1tica de Madagascar<\/span><\/strong><span dir=\"auto\">: un alivio calmante, ideal para pieles sensibles.<\/span><\/p>\n<\/li>\n<li data-start=\"3051\" data-end=\"3149\">\n<p data-start=\"3053\" data-end=\"3149\"><strong data-start=\"3053\" data-end=\"3078\"><span dir=\"auto\">Pantenol + Ceramidas<\/span><\/strong><span dir=\"auto\">: ayuda a reforzar la barrera cut\u00e1nea y mantiene la piel con una sensaci\u00f3n de confort.<\/span><\/p>\n<\/li>\n<li data-start=\"3150\" data-end=\"3234\">\n<p data-start=\"3152\" data-end=\"3234\"><strong data-start=\"3152\" data-end=\"3190\"><span dir=\"auto\">Complejo de \u00e1cido hialur\u00f3nico multitipo<\/span><\/strong><span dir=\"auto\">: hidrataci\u00f3n multinivel para una apariencia m\u00e1s tersa.<\/span><\/p>\n<\/li>\n<\/ul>\n<h3><\/h3>\n<h3><strong><span dir=\"auto\">Beneficios<\/span><\/strong><\/h3>\n<p>&nbsp;<\/p>\n<h3><strong><span dir=\"auto\"><img loading=\"lazy\" decoding=\"async\" class=\"alignright\" src=\"https:\/\/static.sole.ro\/cs-photos\/products\/original\/madagascar-centella-tone-brightening-dark-spot-ampoule-pad-toner-de-fata-dischete-60-buc_31093_4_1770211992.jpg\" width=\"789\" height=\"789\" \/><\/span><\/strong><\/h3>\n<ul>\n<li><span dir=\"auto\">Ayuda a atenuar las manchas de pigmentaci\u00f3n y las imperfecciones posteriores.<\/span><\/li>\n<li><span dir=\"auto\">Contribuye a un tono de piel uniforme y a una tez m\u00e1s clara.<\/span><\/li>\n<li><span dir=\"auto\">Proporciona un efecto iluminador y una apariencia radiante.<\/span><\/li>\n<li><span dir=\"auto\">Cuida la piel apagada, para una apariencia fresca y radiante.<\/span><\/li>\n<li><span dir=\"auto\">Ayuda a suavizar la textura de la piel.<\/span><\/li>\n<li><span dir=\"auto\">Hidrata y proporciona confort inmediato.<\/span><\/li>\n<li><span dir=\"auto\">Calma la piel y refuerza la barrera cut\u00e1nea.<\/span><\/li>\n<li><span dir=\"auto\">Puede utilizarse tanto como disco tonificador como m\u00e1scara local.<\/span><\/li>\n<li><span dir=\"auto\">Se adapta f\u00e1cilmente a las zonas curvas del rostro gracias a su gran tama\u00f1o (7 cm).<\/span><\/li>\n<\/ul>\n<p>&nbsp;<\/p>\n<h3>Beneficios por rango de edad<\/h3>\n<ul style=\"font-weight: 400\">\n<li><b><strong>20&#8217;s:<\/strong><\/b>\u00a0Acelera la desaparici\u00f3n de las manchas rojas o caf\u00e9s que deja el acn\u00e9 y previene la formaci\u00f3n de nuevas pigmentaciones.<\/li>\n<li><b><strong>30&#8217;s:<\/strong><\/b>\u00a0Combate los primeros signos de da\u00f1o solar (manchas) y devuelve la luminosidad a la piel opaca por el estr\u00e9s.<\/li>\n<li><b><strong>40&#8217;s:<\/strong><\/b>\u00a0Ayuda a difuminar manchas de la edad y unifica el tono en pieles que comienzan a mostrar hiperpigmentaci\u00f3n m\u00e1s profunda.<\/li>\n<li><b><strong>50&#8217;s+:<\/strong><\/b>\u00a0Revitaliza la claridad del rostro y proporciona una hidrataci\u00f3n iluminadora que rejuvenece el aspecto general de pieles maduras.<\/li>\n<\/ul>\n<h3>Modo de uso<\/h3>\n<ol style=\"font-weight: 400\">\n<li><b><strong>Limpieza:<\/strong><\/b>\u00a0\u00dasalas sobre el rostro limpio.<\/li>\n<li><b><strong>Como T\u00f3nico:<\/strong><\/b>\u00a0Desliza una almohadilla suavemente por todo el rostro para preparar la piel.<\/li>\n<li><b><strong>Como Mascarilla:<\/strong><\/b>\u00a0Col\u00f3calas sobre las manchas m\u00e1s oscuras durante 3 a 5 minutos para un tratamiento intensivo.<\/li>\n<li><b><strong>Finalizar:<\/strong><\/b>\u00a0Da peque\u00f1os toques con los dedos para absorber la esencia restante. No requiere enjuague.<\/li>\n<\/ol>\n<p><em><span dir=\"auto\">-&gt;Para tonificar<\/span><\/em><span dir=\"auto\">\u00a0: despu\u00e9s de la limpieza, usa el lado de gasa para dar suaves palmaditas en el rostro, evitando el contorno de los ojos, para suavizar la textura de la piel.<\/span><br \/>\n<em><span dir=\"auto\">-&gt;Para un cuidado intensivo<\/span><\/em><span dir=\"auto\">\u00a0: aplica el lado de gel en las zonas deseadas durante 3-5 minutos, luego da suaves palmaditas para que la esencia restante se absorba.<\/span><\/p>\n","protected":false},"excerpt":{"rendered":"<p>TONE BRIGHTENING DARK SPOT AMPOULE PAD Es un conjunto de almohadillas de doble cara dise\u00f1adas para el cuidado de la<\/p>\n","protected":false},"featured_media":103348,"comment_status":"open","ping_status":"closed","template":"","meta":{"nf_dc_page":""},"product_brand":[2689],"product_cat":[104],"product_tag":[3669],"class_list":{"0":"post-103347","1":"product","2":"type-product","3":"status-publish","4":"has-post-thumbnail","6":"product_brand-skin1004","7":"product_cat-skin-care","8":"product_tag-3669","10":"first","11":"instock","12":"shipping-taxable","13":"purchasable","14":"product-type-simple"},"_links":{"self":[{"href":"https:\/\/brandss.com.py\/index\/wp-json\/wp\/v2\/product\/103347","targetHints":{"allow":["GET"]}}],"collection":[{"href":"https:\/\/brandss.com.py\/index\/wp-json\/wp\/v2\/product"}],"about":[{"href":"https:\/\/brandss.com.py\/index\/wp-json\/wp\/v2\/types\/product"}],"replies":[{"embeddable":true,"href":"https:\/\/brandss.com.py\/index\/wp-json\/wp\/v2\/comments?post=103347"}],"version-history":[{"count":1,"href":"https:\/\/brandss.com.py\/index\/wp-json\/wp\/v2\/product\/103347\/revisions"}],"predecessor-version":[{"id":103355,"href":"https:\/\/brandss.com.py\/index\/wp-json\/wp\/v2\/product\/103347\/revisions\/103355"}],"wp:featuredmedia":[{"embeddable":true,"href":"https:\/\/brandss.com.py\/index\/wp-json\/wp\/v2\/media\/103348"}],"wp:attachment":[{"href":"https:\/\/brandss.com.py\/index\/wp-json\/wp\/v2\/media?parent=103347"}],"wp:term":[{"taxonomy":"product_brand","embeddable":true,"href":"https:\/\/brandss.com.py\/index\/wp-json\/wp\/v2\/product_brand?post=103347"},{"taxonomy":"product_cat","embeddable":true,"href":"https:\/\/brandss.com.py\/index\/wp-json\/wp\/v2\/product_cat?post=103347"},{"taxonomy":"product_tag","embeddable":true,"href":"https:\/\/brandss.com.py\/index\/wp-json\/wp\/v2\/product_tag?post=103347"}],"curies":[{"name":"wp","href":"https:\/\/api.w.org\/{rel}","templated":true}]}}