{"id":103418,"date":"2026-05-11T14:27:20","date_gmt":"2026-05-11T14:27:20","guid":{"rendered":"https:\/\/brandss.com.py\/index\/?post_type=product&#038;p=103418"},"modified":"2026-05-11T14:29:25","modified_gmt":"2026-05-11T14:29:25","slug":"perfume-femenino-puccini-paris-women-edp-100ml","status":"publish","type":"product","link":"https:\/\/brandss.com.py\/index\/producto\/perfume-femenino-puccini-paris-women-edp-100ml\/","title":{"rendered":"PERFUME FEMENINO PUCCINI PARIS WOMEN EDP 100ML"},"content":{"rendered":"<p><img loading=\"lazy\" decoding=\"async\" class=\"\" src=\"https:\/\/cdn.salla.sa\/cdn-cgi\/image\/fit=scale-down,width=400,height=400,onerror=redirect,format=auto\/aeypKG\/DcBwFNNoRF8LYLYZCOoq1r5M0UC9Pxh2zz2UiGOh.png\" alt=\"Puccini Gold Men's Eau de Parfum 100ml - \u0628\u0648\u062a\u0634\u064a\u0646\u064a \u0628\u0627\u0631\u064a\u0633 \u0644\u0644\u0639\u0637\u0648\u0631 \u0639\u0637\u0648\u0631 \u0641\u0627\u062e\u0631\u0629  \u0628\u0631\u0648\u0627\u0626\u062d \u0645\u0645\u064a\u0632\u0629\" width=\"70\" height=\"30\" \/><\/p>\n<h1>WOMEN<\/h1>\n<p>Es una poes\u00eda de aromas especialmente hecha para la mujer rom\u00e1ntica que no abandona la modernidad. La dulzura y la delicadeza de un gran amor en los momentos m\u00e1s simples y m\u00e1gicos le otorgan esta fragancia ligera y juvenil como aroma. Women es una invitaci\u00f3n a un viaje olfativo que encarna autenticidad y encanto. Dise\u00f1ado con un esp\u00edritu cl\u00e1sico y refinado, ofrece un toque de lujo y feminidad ideal para cualquier ocasi\u00f3n.<strong><img decoding=\"async\" class=\"alignleft\" src=\"https:\/\/www.myperfumeshop.qa\/cdn\/shop\/files\/j_jh_3af45cee-c2e9-4bf2-8a88-79d2b5deab78.png?v=1770306299&amp;width=1000\" \/><\/strong><\/p>\n<p>Women es m\u00e1s que un perfume; es una declaraci\u00f3n de amor a la belleza, la elegancia y el esp\u00edritu resonante de Par\u00eds. Perfecto para aquellos que buscan dejar una impresi\u00f3n duradera, esta fragancia es la aliada ideal tanto para el d\u00eda como para la noche, prometiendo llevar el alma en un viaje sin igual con cada atomizaci\u00f3n.<\/p>\n<p>&nbsp;<\/p>\n<h3>Notas Olfativas<\/h3>\n<p>&nbsp;<\/p>\n<p>El perfume Women para mujer Paris Eau De Parfum es un producto envolvente y llamativo, s\u00faper refinado, para ser utilizado por la noche. Ideal para mujeres extremadamente modernas y elegantes. Con notas frutales y florales traducen la feminidad de la mujer que es sensual y alegre. Sobre la familia olfativa Bajo el ambiente apasionado de una puesta de sol en Par\u00eds, Puccini Women es la inspiraci\u00f3n para esta delicia olfativa. Es una fragancia exquisitamente compuesta que invita a un viaje sensorial \u00fanico, directo al coraz\u00f3n de la ciudad de la luz. Este el\u00edxir, embriagador y lleno de vida, se abre con una atomizaci\u00f3n vibrante de notas frutales donde la frambuesa se mezcla magistralmente con el sirope de grosella negra, creando un preludio deliciosamente jugoso. La frescura de la menta, acompa\u00f1ada por la bergamota, manzana, lim\u00f3n (lima \u00e1cida) y naranja, introduce una explosi\u00f3n c\u00edtrica que vitaliza los sentidos. Las bayas rojas a\u00f1aden un toque agridulce, preparando el escenario para el coraz\u00f3n floral de la fragancia.<\/p>\n<p>En el n\u00facleo de Puccini Puccini Paris, la rosa, violeta y el jazm\u00edn sambac se entrelazan en una danza arom\u00e1tica, creando un bouquet floral que captura la esencia de un jard\u00edn parisino en plena floraci\u00f3n. Este coraz\u00f3n floral se ve delicadamente equilibrado con las notas de base dulces y envolventes de vainilla, que aportan un toque de calidez y profundidad, culminando en una experiencia olfativa inolvidable.<\/p>\n<p><span dir=\"auto\"><strong>Notas de salida:<\/strong> bergamota, lim\u00f3n, grosella negra, frambuesa, manzana, naranja, menta.<\/span><\/p>\n<p><span dir=\"auto\"><strong>Notas de coraz\u00f3n:<\/strong> pimienta rosa, jazm\u00edn del himalaya, violeta, rosa.<\/span><\/p>\n<p><span dir=\"auto\"><strong>Nota de fondo:<\/strong> vainilla.<\/span><\/p>\n","protected":false},"excerpt":{"rendered":"<p>WOMEN Es una poes\u00eda de aromas especialmente hecha para la mujer rom\u00e1ntica que no abandona la modernidad. La dulzura y<\/p>\n","protected":false},"featured_media":103419,"comment_status":"open","ping_status":"closed","template":"","meta":{"nf_dc_page":""},"product_brand":[1780],"product_cat":[84],"product_tag":[3681],"class_list":{"0":"post-103418","1":"product","2":"type-product","3":"status-publish","4":"has-post-thumbnail","6":"product_brand-puccini","7":"product_cat-perfumeria","8":"product_tag-3681","10":"first","11":"instock","12":"shipping-taxable","13":"purchasable","14":"product-type-simple"},"_links":{"self":[{"href":"https:\/\/brandss.com.py\/index\/wp-json\/wp\/v2\/product\/103418","targetHints":{"allow":["GET"]}}],"collection":[{"href":"https:\/\/brandss.com.py\/index\/wp-json\/wp\/v2\/product"}],"about":[{"href":"https:\/\/brandss.com.py\/index\/wp-json\/wp\/v2\/types\/product"}],"replies":[{"embeddable":true,"href":"https:\/\/brandss.com.py\/index\/wp-json\/wp\/v2\/comments?post=103418"}],"version-history":[{"count":1,"href":"https:\/\/brandss.com.py\/index\/wp-json\/wp\/v2\/product\/103418\/revisions"}],"predecessor-version":[{"id":103425,"href":"https:\/\/brandss.com.py\/index\/wp-json\/wp\/v2\/product\/103418\/revisions\/103425"}],"wp:featuredmedia":[{"embeddable":true,"href":"https:\/\/brandss.com.py\/index\/wp-json\/wp\/v2\/media\/103419"}],"wp:attachment":[{"href":"https:\/\/brandss.com.py\/index\/wp-json\/wp\/v2\/media?parent=103418"}],"wp:term":[{"taxonomy":"product_brand","embeddable":true,"href":"https:\/\/brandss.com.py\/index\/wp-json\/wp\/v2\/product_brand?post=103418"},{"taxonomy":"product_cat","embeddable":true,"href":"https:\/\/brandss.com.py\/index\/wp-json\/wp\/v2\/product_cat?post=103418"},{"taxonomy":"product_tag","embeddable":true,"href":"https:\/\/brandss.com.py\/index\/wp-json\/wp\/v2\/product_tag?post=103418"}],"curies":[{"name":"wp","href":"https:\/\/api.w.org\/{rel}","templated":true}]}}