{"id":103433,"date":"2026-05-11T17:33:24","date_gmt":"2026-05-11T17:33:24","guid":{"rendered":"https:\/\/brandss.com.py\/index\/?post_type=product&#038;p=103433"},"modified":"2026-05-11T17:35:34","modified_gmt":"2026-05-11T17:35:34","slug":"exfoliante-facial-talika-skintelligence-hydra-gentle-scrub-50ml","status":"publish","type":"product","link":"https:\/\/brandss.com.py\/index\/producto\/exfoliante-facial-talika-skintelligence-hydra-gentle-scrub-50ml\/","title":{"rendered":"EXFOLIANTE FACIAL TALIKA SKINTELLIGENCE HYDRA GENTLE SCRUB 50ML"},"content":{"rendered":"<p><img loading=\"lazy\" decoding=\"async\" class=\"\" src=\"https:\/\/uk.talikacosmetics.com\/cdn\/shop\/files\/talika_logo_649b8f3b-52cf-492b-bbb8-9e657ad980cc_4552x.png?v=1642700976\" alt=\"About us\" width=\"184\" height=\"51\" \/><\/p>\n<h1>SKINTELLIGENCE HYDRA<\/h1>\n<p>Descubra el futuro de la exfoliaci\u00f3n con este exfoliante suave, TALIKA\u00a0Skintelligence Hydra Face Gentle Scrub. Se transforma en polvo de arcilla, elimina las c\u00e9lulas muertas de la piel y realza su brillo natural con prebi\u00f3ticos y extractos bot\u00e1nicos.<img loading=\"lazy\" decoding=\"async\" class=\"alignleft\" src=\"https:\/\/uk.talikacosmetics.com\/cdn\/shop\/products\/TALIKA-SKINTELLIGENCE-HYDRA-Face-Gentle-Scrub---4.jpg?v=1649334274\" width=\"438\" height=\"606\" \/><\/p>\n<blockquote><p>\u00a1Desvele su resplandor con nuestro exfoliante suave transformador!<\/p><\/blockquote>\n<p data-end=\"403\" data-start=\"154\"><span dir=\"auto\">Es un exfoliante suave dise\u00f1ado para limpiar y purificar la piel, manteniendo su equilibrio natural. Su innovadora f\u00f3rmula se transforma al contacto para eliminar suavemente las impurezas sin ingredientes abrasivos.<\/span><\/p>\n<p data-end=\"403\" data-start=\"154\">Los exfoliantes abrasivos son cosa del pasado. Este suave exfoliante se transforma de una textura cremosa a un polvo de arcilla que se fusiona con las c\u00e9lulas muertas de la piel para eliminarlas suavemente sin da\u00f1ar la piel sana. Realza tu luminosidad natural mediante la exfoliaci\u00f3n y la combinaci\u00f3n de prebi\u00f3ticos, flor de manzanilla silvestre y prote\u00edna de almendra dulce en este exfoliante \u00fanico que regenera, hidrata y calma la piel.<\/p>\n<p data-end=\"403\" data-start=\"154\">\n<h3 data-end=\"403\" data-start=\"154\">Ingredientes claves<\/h3>\n<p>&nbsp;<\/p>\n<ul>\n<li><span dir=\"auto\">Prebi\u00f3ticos de microalgas verdes (Chlorella vulgaris): reequilibran el microbioma, estimulan los factores de crecimiento de la piel y activan la renovaci\u00f3n celular.<\/span><\/li>\n<li><span dir=\"auto\">Caol\u00edn: remineraliza, absorbe el exceso de sebo y las part\u00edculas contaminantes. Purifica y exfolia suavemente.<\/span><\/li>\n<li><span dir=\"auto\">Flor de manzanilla silvestre: Calma.<\/span><\/li>\n<li><span dir=\"auto\">Hidrato de prote\u00edna de almendra dulce.<\/span><\/li>\n<\/ul>\n<figure class=\"table\">\n<table class=\"center\" width=\"100%\">\n<tbody>\n<tr>\n<td>\n<figure class=\"image\"><img decoding=\"async\" src=\"https:\/\/cdn.shopify.com\/s\/files\/1\/0622\/6572\/1049\/files\/Aqua.png?v=1643294363\" \/><\/figure>\n<p><strong><span dir=\"auto\">Agua<\/span><\/strong><\/td>\n<td>\n<figure class=\"image\"><img decoding=\"async\" src=\"https:\/\/cdn.shopify.com\/s\/files\/1\/0622\/6572\/1049\/files\/chamomile.png?v=1643370229\" alt=\"\" \/><\/figure>\n<p><strong><span dir=\"auto\">Manzanilla<\/span><\/strong><\/td>\n<td>\n<figure class=\"image\"><img decoding=\"async\" src=\"https:\/\/cdn.shopify.com\/s\/files\/1\/0622\/6572\/1049\/files\/Sweet_almond.png?v=1643370229\" alt=\"\" \/><\/figure>\n<p><strong><span dir=\"auto\">Almendra dulce<\/span><\/strong><\/td>\n<td>\n<figure class=\"image\"><img decoding=\"async\" src=\"https:\/\/cdn.shopify.com\/s\/files\/1\/0622\/6572\/1049\/files\/Citric_acid.png?v=1643287015\" alt=\"\" \/><\/figure>\n<p><strong><span dir=\"auto\">\u00c1cido c\u00edtrico<\/span><\/strong><\/td>\n<\/tr>\n<\/tbody>\n<\/table>\n<\/figure>\n<p>&nbsp;<\/p>\n<h3 data-end=\"418\" data-start=\"405\"><\/h3>\n<h3 data-end=\"418\" data-start=\"405\"><strong data-end=\"418\" data-start=\"405\"><span dir=\"auto\">Beneficios<\/span><\/strong><\/h3>\n<p>&nbsp;<\/p>\n<ul data-end=\"1055\" data-start=\"420\">\n<li data-end=\"539\" data-start=\"420\">\n<p data-end=\"539\" data-start=\"422\"><span dir=\"auto\">Reequilibra el microbioma de la piel y refuerza las defensas naturales con prebi\u00f3ticos de microalgas verdes (Chlorella vulgaris).<\/span><\/p>\n<\/li>\n<li data-end=\"637\" data-start=\"540\">\n<p data-end=\"637\" data-start=\"542\"><span dir=\"auto\">Remineraliza y purifica suavemente la piel absorbiendo el exceso de sebo y contaminantes mediante el uso de caol\u00edn.<\/span><\/p>\n<\/li>\n<li data-end=\"711\" data-start=\"638\">\n<p data-end=\"711\" data-start=\"640\"><span dir=\"auto\">Calma y alivia la irritaci\u00f3n de la piel gracias al extracto de flor de manzanilla silvestre.<img decoding=\"async\" class=\"alignright\" src=\"https:\/\/uk.talikacosmetics.com\/cdn\/shop\/products\/SKINTELLIGENCE-HYDRA-Face-Gentle-Scrub.gif?v=1649334274\" \/><\/span><\/p>\n<\/li>\n<li data-end=\"768\" data-start=\"712\">\n<p data-end=\"768\" data-start=\"714\"><span dir=\"auto\">Hidrata y suaviza la piel con prote\u00edna de almendra dulce.<\/span><\/p>\n<\/li>\n<li data-end=\"834\" data-start=\"769\">\n<p data-end=\"834\" data-start=\"771\"><span dir=\"auto\">Realza la luminosidad natural para una tez sana y radiante.<\/span><\/p>\n<\/li>\n<li data-end=\"903\" data-start=\"835\">\n<p data-end=\"903\" data-start=\"837\"><span dir=\"auto\">Controla el exceso de grasa para reducir el brillo y mantener un acabado mate.<\/span><\/p>\n<\/li>\n<li data-end=\"985\" data-start=\"904\">\n<p data-end=\"985\" data-start=\"906\"><span dir=\"auto\">Ayuda a reafirmar y minimizar la apariencia de los poros para lograr una textura de piel m\u00e1s suave.<\/span><\/p>\n<\/li>\n<li data-end=\"1055\" data-start=\"986\">\n<p data-end=\"1055\" data-start=\"988\"><span dir=\"auto\">Libre de productos qu\u00edmicos agresivos, por lo que es apto para pieles sensibles.<\/span><\/p>\n<\/li>\n<\/ul>\n<h3><\/h3>\n<h3>Resultados<\/h3>\n<p>&nbsp;<\/p>\n<p><span dir=\"auto\">A partir de las 6 semanas, esta f\u00f3rmula para realzar las cejas, cl\u00ednicamente probada, acondiciona, fortalece y mejora la apariencia de las cejas para un mejor enmarcado del rostro.<\/span><\/p>\n<figure class=\"table\">\n<table>\n<tbody>\n<tr>\n<td>\n<figure class=\"image\"><img decoding=\"async\" src=\"https:\/\/cdn.shopify.com\/s\/files\/1\/0622\/6572\/1049\/files\/icons_Skin-is-cleansed.png?v=1642700975\" \/><\/figure>\n<p><strong><span dir=\"auto\">La piel se limpia y se exfolia.<\/span><\/strong><\/td>\n<td>\n<figure class=\"image\"><img decoding=\"async\" src=\"https:\/\/cdn.shopify.com\/s\/files\/1\/0622\/6572\/1049\/files\/icons_Skin-is-hydrated.png?v=1642700976\" alt=\"\" \/><\/figure>\n<p><strong><span dir=\"auto\">La piel queda calmada e hidratada.<\/span><\/strong><\/td>\n<td>\n<figure class=\"image\"><img decoding=\"async\" src=\"https:\/\/cdn.shopify.com\/s\/files\/1\/0622\/6572\/1049\/files\/Talika-UK-icons-skin-health-improved.svg?v=1670232395\" alt=\"\" \/><\/figure>\n<p><strong><span dir=\"auto\">La salud de la piel mejora con menos contaminantes.<\/span><\/strong><\/td>\n<\/tr>\n<\/tbody>\n<\/table>\n<\/figure>\n<h3 data-end=\"1073\" data-start=\"1057\"><\/h3>\n<h3 data-end=\"1073\" data-start=\"1057\"><strong data-end=\"1073\" data-start=\"1057\"><span dir=\"auto\">Modo de uso<\/span><\/strong><\/h3>\n<p data-end=\"1073\" data-start=\"1057\">\n<ul data-end=\"1324\" data-start=\"1075\">\n<li data-end=\"1120\" data-start=\"1075\">\n<p data-end=\"1120\" data-start=\"1077\"><span dir=\"auto\">Aplicar sobre la piel seca, evitando el contorno de los ojos.<\/span><\/p>\n<\/li>\n<li data-end=\"1182\" data-start=\"1121\">\n<p data-end=\"1182\" data-start=\"1123\"><span dir=\"auto\">Dejar actuar durante 2 minutos para que la textura se transforme.<\/span><\/p>\n<\/li>\n<li data-end=\"1262\" data-start=\"1183\">\n<p data-end=\"1262\" data-start=\"1185\"><span dir=\"auto\">Masajea con movimientos circulares para exfoliar y luego enjuaga bien con agua.<\/span><\/p>\n<\/li>\n<li data-end=\"1324\" data-start=\"1263\">\n<p data-end=\"1324\" data-start=\"1265\"><span dir=\"auto\">Utilizar una o dos veces por semana como parte de tu rutina de limpieza.<\/span><\/p>\n<\/li>\n<\/ul>\n","protected":false},"excerpt":{"rendered":"<p>SKINTELLIGENCE HYDRA Descubra el futuro de la exfoliaci\u00f3n con este exfoliante suave, TALIKA\u00a0Skintelligence Hydra Face Gentle Scrub. Se transforma en<\/p>\n","protected":false},"featured_media":103434,"comment_status":"open","ping_status":"closed","template":"","meta":{"nf_dc_page":""},"product_brand":[3683],"product_cat":[104],"product_tag":[3684],"class_list":{"0":"post-103433","1":"product","2":"type-product","3":"status-publish","4":"has-post-thumbnail","6":"product_brand-talika","7":"product_cat-skin-care","8":"product_tag-3684","10":"first","11":"instock","12":"shipping-taxable","13":"purchasable","14":"product-type-simple"},"_links":{"self":[{"href":"https:\/\/brandss.com.py\/index\/wp-json\/wp\/v2\/product\/103433","targetHints":{"allow":["GET"]}}],"collection":[{"href":"https:\/\/brandss.com.py\/index\/wp-json\/wp\/v2\/product"}],"about":[{"href":"https:\/\/brandss.com.py\/index\/wp-json\/wp\/v2\/types\/product"}],"replies":[{"embeddable":true,"href":"https:\/\/brandss.com.py\/index\/wp-json\/wp\/v2\/comments?post=103433"}],"version-history":[{"count":1,"href":"https:\/\/brandss.com.py\/index\/wp-json\/wp\/v2\/product\/103433\/revisions"}],"predecessor-version":[{"id":103440,"href":"https:\/\/brandss.com.py\/index\/wp-json\/wp\/v2\/product\/103433\/revisions\/103440"}],"wp:featuredmedia":[{"embeddable":true,"href":"https:\/\/brandss.com.py\/index\/wp-json\/wp\/v2\/media\/103434"}],"wp:attachment":[{"href":"https:\/\/brandss.com.py\/index\/wp-json\/wp\/v2\/media?parent=103433"}],"wp:term":[{"taxonomy":"product_brand","embeddable":true,"href":"https:\/\/brandss.com.py\/index\/wp-json\/wp\/v2\/product_brand?post=103433"},{"taxonomy":"product_cat","embeddable":true,"href":"https:\/\/brandss.com.py\/index\/wp-json\/wp\/v2\/product_cat?post=103433"},{"taxonomy":"product_tag","embeddable":true,"href":"https:\/\/brandss.com.py\/index\/wp-json\/wp\/v2\/product_tag?post=103433"}],"curies":[{"name":"wp","href":"https:\/\/api.w.org\/{rel}","templated":true}]}}