{"id":103451,"date":"2026-05-11T18:43:38","date_gmt":"2026-05-11T18:43:38","guid":{"rendered":"https:\/\/brandss.com.py\/index\/?post_type=product&#038;p=103451"},"modified":"2026-05-11T18:44:06","modified_gmt":"2026-05-11T18:44:06","slug":"serum-capilar-talika-hair-force-50ml","status":"publish","type":"product","link":"https:\/\/brandss.com.py\/index\/producto\/serum-capilar-talika-hair-force-50ml\/","title":{"rendered":"S\u00c9RUM CAPILAR TALIKA HAIR FORCE 50ML"},"content":{"rendered":"<p><img loading=\"lazy\" decoding=\"async\" class=\"\" src=\"https:\/\/uk.talikacosmetics.com\/cdn\/shop\/files\/talika_logo_649b8f3b-52cf-492b-bbb8-9e657ad980cc_4552x.png?v=1642700976\" alt=\"About us\" width=\"194\" height=\"54\" \/><\/p>\n<h1>HAIR FORCE<\/h1>\n<p>Transforme su cabello con TALIKA\u00a0Hair Force, un revolucionario programa diario que combate la ca\u00edda del cabello con light therapy rojo y un potente fitosuero.<\/p>\n<p>\u00a1Libere el potencial de su cabello con Hair Force de Talika!<img loading=\"lazy\" decoding=\"async\" class=\"alignleft\" src=\"https:\/\/uk.talikacosmetics.com\/cdn\/shop\/files\/HairSerum_1.jpg?v=1716980527\" width=\"357\" height=\"494\" \/><\/p>\n<p>&nbsp;<\/p>\n<h3><strong>Ingredientes claves<\/strong><\/h3>\n<p>&nbsp;<\/p>\n<ul class=\"ing_list\">\n<li><b>Complejo Hair Force (acetil tetrap\u00e9ptido-3 + flor de tr\u00e9bol rojo + p\u00e9ptido experto)<\/b>: reduce las microinflamaciones locales, frena la ca\u00edda y activa la renovaci\u00f3n capilar.<\/li>\n<li><b>Complejo vegetal m\u00edtico Lipocils (hamamelis, manzana, ortiga, casta\u00f1a de Indias)<\/b>: ayuda a fortalecer el cabello \/ Eficacia demostrada desde 1948 en pesta\u00f1as y cejas.<\/li>\n<li><b>Adenosina<\/b>: presente de forma natural en el organismo, es el \u00abcombustible\u00bb que aporta energ\u00eda a las c\u00e9lulas del bulbo capilar.<\/li>\n<\/ul>\n<p>96 % de ingredientes de origen natural. Testado bajo control dermatol\u00f3gico.<\/p>\n<p>Experimente TALIKA\u00a0<strong>Hair Force<\/strong>, una soluci\u00f3n integral para combatir la ca\u00edda del cabello y mejorar su vitalidad.<\/p>\n<p>Inspirados en el m\u00edtico tratamiento para el Crecimiento de las Pesta\u00f1as, Talika crea HAIR FORCE SERUM, un s\u00e9rum ultraligero, no graso y no pegajoso, que envuelve la ra\u00edz del cabello para que sea intensamente m\u00e1s grueso. Enriquecido con p\u00e9ptidos y el Complejo Vegetal M\u00edtico de Talika, frena la ca\u00edda [-24,5%], estimula el crecimiento [11%], y promueve la regeneraci\u00f3n capilar [+46%] mientras devuelve el brillo, la vitalidad y densidad al cabello.<\/p>\n<p>Potencia su penetraci\u00f3n al masajear el cuero cabelludo y alivia inmediatamente la sensaci\u00f3n de inflamaci\u00f3n.<\/p>\n<h3><\/h3>\n<h3><strong>Beneficios<\/strong><\/h3>\n<p><img loading=\"lazy\" decoding=\"async\" class=\"alignright\" src=\"https:\/\/es.talika.com\/cdn\/shop\/files\/140.png?v=1776691920&amp;width=1000\" width=\"703\" height=\"703\" \/><\/p>\n<ul>\n<li>Reduce la ca\u00edda del cabello causada por la inflamaci\u00f3n, el envejecimiento, los cambios hormonales y el estr\u00e9s<\/li>\n<li>Aumenta la densidad y el grosor del cabello<\/li>\n<li>Estimula la renovaci\u00f3n capilar y fortalece las ra\u00edces<\/li>\n<li>Incluye un dispositivo LED Booster para una absorci\u00f3n eficaz del suero<\/li>\n<\/ul>\n<p>&nbsp;<\/p>\n<h3>Resultados<\/h3>\n<p>&nbsp;<\/p>\n<p><span dir=\"auto\">El s\u00e9rum Hair Force Phyto-Serum no deja el cabello con aspecto grasiento ni lacio, sino f\u00e1cil de peinar y saludable, gracias a sus ingredientes que nutren y cuidan el cuero cabelludo.<\/span><\/p>\n<p><strong>\u00a0<\/strong><\/p>\n<figure class=\"table\">\n<table>\n<tbody>\n<tr>\n<td>\n<figure class=\"image\"><img decoding=\"async\" src=\"https:\/\/cdn.shopify.com\/s\/files\/1\/0622\/6572\/1049\/files\/icons-talika--1-_1__Hair-appears-thicker.svg?v=1682502046\" \/><\/figure>\n<p><span dir=\"auto\">El cabello parece m\u00e1s grueso<\/span><\/td>\n<td>\n<figure class=\"image\"><img decoding=\"async\" src=\"https:\/\/cdn.shopify.com\/s\/files\/1\/0622\/6572\/1049\/files\/icons-talika--1-_1__Fall-is-reduced.svg?v=1682502045\" alt=\"\" \/><\/figure>\n<p><span dir=\"auto\">La ca\u00edda se reduce<\/span><\/td>\n<td>\n<figure class=\"image\"><img decoding=\"async\" src=\"https:\/\/cdn.shopify.com\/s\/files\/1\/0622\/6572\/1049\/files\/icons-talika--1-_1__scalp-health-is-improved.svg?v=1682502045\" alt=\"\" \/><\/figure>\n<p><span dir=\"auto\">El cabello se siente m\u00e1s fuerte y saludable.<\/span><\/td>\n<\/tr>\n<\/tbody>\n<\/table>\n<\/figure>\n","protected":false},"excerpt":{"rendered":"<p>HAIR FORCE Transforme su cabello con TALIKA\u00a0Hair Force, un revolucionario programa diario que combate la ca\u00edda del cabello con light<\/p>\n","protected":false},"featured_media":103452,"comment_status":"open","ping_status":"closed","template":"","meta":{"nf_dc_page":""},"product_brand":[3683],"product_cat":[85],"product_tag":[3686],"class_list":{"0":"post-103451","1":"product","2":"type-product","3":"status-publish","4":"has-post-thumbnail","6":"product_brand-talika","7":"product_cat-cosmeticos","8":"product_tag-3686","10":"first","11":"instock","12":"shipping-taxable","13":"purchasable","14":"product-type-simple"},"_links":{"self":[{"href":"https:\/\/brandss.com.py\/index\/wp-json\/wp\/v2\/product\/103451","targetHints":{"allow":["GET"]}}],"collection":[{"href":"https:\/\/brandss.com.py\/index\/wp-json\/wp\/v2\/product"}],"about":[{"href":"https:\/\/brandss.com.py\/index\/wp-json\/wp\/v2\/types\/product"}],"replies":[{"embeddable":true,"href":"https:\/\/brandss.com.py\/index\/wp-json\/wp\/v2\/comments?post=103451"}],"version-history":[{"count":1,"href":"https:\/\/brandss.com.py\/index\/wp-json\/wp\/v2\/product\/103451\/revisions"}],"predecessor-version":[{"id":103459,"href":"https:\/\/brandss.com.py\/index\/wp-json\/wp\/v2\/product\/103451\/revisions\/103459"}],"wp:featuredmedia":[{"embeddable":true,"href":"https:\/\/brandss.com.py\/index\/wp-json\/wp\/v2\/media\/103452"}],"wp:attachment":[{"href":"https:\/\/brandss.com.py\/index\/wp-json\/wp\/v2\/media?parent=103451"}],"wp:term":[{"taxonomy":"product_brand","embeddable":true,"href":"https:\/\/brandss.com.py\/index\/wp-json\/wp\/v2\/product_brand?post=103451"},{"taxonomy":"product_cat","embeddable":true,"href":"https:\/\/brandss.com.py\/index\/wp-json\/wp\/v2\/product_cat?post=103451"},{"taxonomy":"product_tag","embeddable":true,"href":"https:\/\/brandss.com.py\/index\/wp-json\/wp\/v2\/product_tag?post=103451"}],"curies":[{"name":"wp","href":"https:\/\/api.w.org\/{rel}","templated":true}]}}