{"id":103530,"date":"2026-05-12T14:39:00","date_gmt":"2026-05-12T14:39:00","guid":{"rendered":"https:\/\/brandss.com.py\/index\/?post_type=product&#038;p=103530"},"modified":"2026-05-12T14:39:53","modified_gmt":"2026-05-12T14:39:53","slug":"almohadilla-facial-medicube-zero-pore-2-0-70pcs-155gr","status":"publish","type":"product","link":"https:\/\/brandss.com.py\/index\/producto\/almohadilla-facial-medicube-zero-pore-2-0-70pcs-155gr\/","title":{"rendered":"ALMOHADILLA FACIAL MEDICUBE ZERO PORE 2.0 70PCS 155GR"},"content":{"rendered":"<p><img loading=\"lazy\" decoding=\"async\" class=\"\" src=\"https:\/\/brandlogos.net\/wp-content\/uploads\/2025\/04\/medicube-logo_brandlogos.net_bwt16.png\" alt=\"S\u00c9RUM FACIAL MEDICUBE HYALURONIC MULTI PEPTIDE 30ML \u2013 Brands\" width=\"138\" height=\"27\" \/><\/p>\n<p>&nbsp;<\/p>\n<h1>ZERO PORE 2.0<\/h1>\n<p>&nbsp;<\/p>\n<p>Medicube Zero Pore Pad 2.0 est\u00e1 dise\u00f1ado para mejorar la textura de la piel, reducir el tama\u00f1o de los poros e hidratarla. El producto consiste en almohadillas empapadas en una f\u00f3rmula que exfolia, limpia e hidrata la piel. Medicube Zero Pore Pads 2.0 tiene un dise\u00f1o de doble textura para exfoliar y minimizar los poros. Las almohadillas contienen un 4,5% de AHA (\u00e1cido l\u00e1ctico) y un 0,45% de BHA (\u00e1cido salic\u00edlico), por lo que son ideales para todo tipo de pieles.<\/p>\n<p><img decoding=\"async\" class=\"alignleft\" src=\"https:\/\/international-cosmetic.com\/cdn\/shop\/files\/MEDICUBE_ZeroPorePad2.0-70ud5.jpg?v=1771064160&amp;width=900\" \/><\/p>\n<h3><strong>Ingredientes claves<\/strong><\/h3>\n<p>&nbsp;<\/p>\n<ol>\n<li><strong>BHA (\u00c1cido Salic\u00edlico):<\/strong><\/li>\n<\/ol>\n<ul>\n<li>Exfoliante soluble en aceite que penetra profundamente en los poros para eliminar impurezas, puntos negros y exceso de sebo.<\/li>\n<li>Ayuda a prevenir el acn\u00e9 y reduce el tama\u00f1o de los poros.<\/li>\n<\/ul>\n<p><strong>2. AHA (\u00c1cido Glic\u00f3lico):<\/strong><\/p>\n<ul>\n<li>Exfoliante soluble en agua que elimina c\u00e9lulas muertas en la superficie de la piel.<\/li>\n<li>Mejora la textura, combate la opacidad y suaviza l\u00edneas finas.<\/li>\n<\/ul>\n<p><strong>3. ANTI SEBUM P (Ingrediente patentado):<\/strong><\/p>\n<ul>\n<li>Regula la producci\u00f3n de sebo y mejora la textura general de la piel.<\/li>\n<li>Contribuye a cerrar los poros dilatados y mantener un aspecto uniforme.<\/li>\n<\/ul>\n<p><strong>4. Extracto de Menta:<\/strong><\/p>\n<ul>\n<li>Calma e hidrata la piel, proporcionando una sensaci\u00f3n refrescante.<\/li>\n<li>Ayuda a equilibrar la grasa y a reducir la irritaci\u00f3n.<\/li>\n<\/ul>\n<p><strong>5. \u00c1cido Hialur\u00f3nico:<\/strong><\/p>\n<ul>\n<li>Hidrata profundamente la piel mientras evita la sensaci\u00f3n de tirantez tras la exfoliaci\u00f3n.<\/li>\n<li>Ayuda a mantener la barrera de hidrataci\u00f3n natural de la piel.<\/li>\n<\/ul>\n<p><strong>6. Niacinamida:<\/strong><\/p>\n<ul>\n<li>Unifica el tono de la piel y mejora la apariencia de los poros.<\/li>\n<li>Aporta propiedades antiinflamatorias y calmantes.<\/li>\n<\/ul>\n<p><strong>7. Pantenol (Provitamina B5)<\/strong><\/p>\n<ul>\n<li>Restaura y protege la barrera cut\u00e1nea.<\/li>\n<li>Aporta suavidad e hidrataci\u00f3n duradera a la piel.<\/li>\n<\/ul>\n<h3><strong>Ventajas<\/strong><\/h3>\n<ul>\n<li><strong>Reducen el tama\u00f1o de los poros:<\/strong>\u00a0Ayuda a reducir dr\u00e1sticamente la visibilidad de los poros dilatados.<\/li>\n<li><strong>Hidrata la piel:\u00a0<\/strong>Proporciona hidrataci\u00f3n y evita la tirantez o el picor.<\/li>\n<li><strong>Exfoliaci\u00f3n y limpieza:<\/strong>\u00a0Contiene AHAs y BHAs que exfolian y limpian la piel, eliminando las c\u00e9lulas muertas.<\/li>\n<li><strong>Ideal para todo tipo de pieles:\u00a0<\/strong>Formulado para adaptarse a todo tipo de pieles, incluidas las sensibles.<\/li>\n<li><strong>Reduce el acn\u00e9:\u00a0<\/strong>Los usuarios han experimentado una reducci\u00f3n del acn\u00e9 y una piel m\u00e1s clara.<\/li>\n<li><strong>Ingredientes naturales:<\/strong>\u00a0Enriquecido con extractos de plantas y aceites naturales, que son suaves con la piel.<\/li>\n<li><strong>Dise\u00f1o de doble textura:<\/strong>\u00a0Las almohadillas de doble textura hacen que la exfoliaci\u00f3n y el refinamiento de la piel sean m\u00e1s eficaces.<\/li>\n<li><strong>Resultados confirmados:<\/strong>\u00a0Los efectos del producto est\u00e1n confirmados por las pruebas realizadas por los usuarios.<\/li>\n<\/ul>\n<p>&nbsp;<\/p>\n<div>\n<div class=\"flex justify-between items-center\">\n<h2 class=\"disclosure__title product-info__disclosure font-body font-bold text-body flex flex-auto items-center mb-0\">Beneficios<img decoding=\"async\" class=\"alignright\" src=\"https:\/\/international-cosmetic.com\/cdn\/shop\/files\/MEDICUBE_ZeroPorePad2.0-70ud2.jpg?v=1771064160&amp;width=900\" \/><\/h2>\n<p>&nbsp;<\/p>\n<\/div>\n<\/div>\n<div class=\"disclosure__panel has-motion\">\n<div id=\"textLiquidContent\" class=\"disclosure__content rte\">\n<div class=\"metafield-rich_text_field\">\n<ol>\n<li><strong>Exfoliaci\u00f3n avanzada:<\/strong>\u00a0Elimina c\u00e9lulas muertas y promueve la renovaci\u00f3n celular.<\/li>\n<li><strong>Limpieza profunda:<\/strong>\u00a0Disuelve la suciedad acumulada en los poros con AHA y BHA.<\/li>\n<li><strong>Textura mejorada:<\/strong>\u00a0Equilibra el sebo, suaviza l\u00edneas finas y combate la textura opaca.<\/li>\n<li><strong>Apto para piel sensible:<\/strong>\u00a0F\u00f3rmula suave, efectiva y sin irritaci\u00f3n.<\/li>\n<li><strong>R\u00e1pido y f\u00e1cil de usar:<\/strong>\u00a0Perfecto para rutinas diarias de d\u00eda y noche.<\/li>\n<\/ol>\n<\/div>\n<div>\n<div class=\"flex justify-between items-center\">\n<h2><\/h2>\n<h2 class=\"disclosure__title product-info__disclosure font-body font-bold text-body flex flex-auto items-center mb-0\">Resultados<\/h2>\n<p>&nbsp;<\/p>\n<\/div>\n<\/div>\n<div class=\"disclosure__panel has-motion\">\n<div id=\"textLiquidContent\" class=\"disclosure__content rte\">\n<div class=\"metafield-rich_text_field\">\n<ul>\n<li><strong>Reducci\u00f3n del 47.1% en grasa cut\u00e1nea<\/strong>\u00a0tras el uso regular.<\/li>\n<li><strong>Poros afinados y m\u00e1s limpios<\/strong>\u00a0en un 87.3%.<\/li>\n<li><strong>Piel m\u00e1s uniforme y renovada<\/strong>\u00a0desde el primer uso.<\/li>\n<\/ul>\n<\/div>\n<\/div>\n<\/div>\n<\/div>\n<\/div>\n<p>&nbsp;<\/p>\n<h3><strong>Modoe de uso<\/strong><\/h3>\n<ol>\n<li><strong>Limpieza previa:<\/strong>\u00a0Comienza con el rostro limpio y seco, asegur\u00e1ndote de haber eliminado todo rastro de maquillaje e impurezas.<\/li>\n<li><strong>Aplicaci\u00f3n del pad:<\/strong>\u00a0Utiliza las pinzas incluidas para extraer una almohadilla del envase, manteniendo la higiene del producto.<\/li>\n<li><strong>Exfoliaci\u00f3n:<\/strong>\u00a0Con el lado texturizado de la almohadilla, realiza movimientos suaves y ascendentes sobre el rostro, evitando el \u00e1rea de los ojos y labios. Este paso ayuda a eliminar c\u00e9lulas muertas y limpiar los poros.<\/li>\n<li><strong>Tonificaci\u00f3n:<\/strong> Gira la almohadilla y, con el lado liso, pasa nuevamente por todo el rostro para tonificar e hidratar la piel.<\/li>\n<li><strong>Absorci\u00f3n:<\/strong>\u00a0Da suaves palmaditas con las yemas de los dedos para facilitar la absorci\u00f3n completa del producto.<\/li>\n<li><strong>Frecuencia de uso:<\/strong>\u00a0Se recomienda utilizar una vez al d\u00eda, preferiblemente por la noche. Si tienes piel sensible, comienza us\u00e1ndola en d\u00edas alternos y ajusta la frecuencia seg\u00fan la tolerancia de tu piel.<\/li>\n<li><strong>Protecci\u00f3n solar:<\/strong>\u00a0Debido a la acci\u00f3n exfoliante, es esencial aplicar protector solar durante el d\u00eda para proteger la piel de los rayos UV.<\/li>\n<li style=\"list-style-type: none\"><\/li>\n<\/ol>\n","protected":false},"excerpt":{"rendered":"<p>&nbsp; ZERO PORE 2.0 &nbsp; Medicube Zero Pore Pad 2.0 est\u00e1 dise\u00f1ado para mejorar la textura de la piel, reducir<\/p>\n","protected":false},"featured_media":103531,"comment_status":"open","ping_status":"closed","template":"","meta":{"nf_dc_page":""},"product_brand":[2664],"product_cat":[104],"product_tag":[3697],"class_list":{"0":"post-103530","1":"product","2":"type-product","3":"status-publish","4":"has-post-thumbnail","6":"product_brand-medicube","7":"product_cat-skin-care","8":"product_tag-3697","10":"first","11":"instock","12":"shipping-taxable","13":"purchasable","14":"product-type-simple"},"_links":{"self":[{"href":"https:\/\/brandss.com.py\/index\/wp-json\/wp\/v2\/product\/103530","targetHints":{"allow":["GET"]}}],"collection":[{"href":"https:\/\/brandss.com.py\/index\/wp-json\/wp\/v2\/product"}],"about":[{"href":"https:\/\/brandss.com.py\/index\/wp-json\/wp\/v2\/types\/product"}],"replies":[{"embeddable":true,"href":"https:\/\/brandss.com.py\/index\/wp-json\/wp\/v2\/comments?post=103530"}],"version-history":[{"count":2,"href":"https:\/\/brandss.com.py\/index\/wp-json\/wp\/v2\/product\/103530\/revisions"}],"predecessor-version":[{"id":103539,"href":"https:\/\/brandss.com.py\/index\/wp-json\/wp\/v2\/product\/103530\/revisions\/103539"}],"wp:featuredmedia":[{"embeddable":true,"href":"https:\/\/brandss.com.py\/index\/wp-json\/wp\/v2\/media\/103531"}],"wp:attachment":[{"href":"https:\/\/brandss.com.py\/index\/wp-json\/wp\/v2\/media?parent=103530"}],"wp:term":[{"taxonomy":"product_brand","embeddable":true,"href":"https:\/\/brandss.com.py\/index\/wp-json\/wp\/v2\/product_brand?post=103530"},{"taxonomy":"product_cat","embeddable":true,"href":"https:\/\/brandss.com.py\/index\/wp-json\/wp\/v2\/product_cat?post=103530"},{"taxonomy":"product_tag","embeddable":true,"href":"https:\/\/brandss.com.py\/index\/wp-json\/wp\/v2\/product_tag?post=103530"}],"curies":[{"name":"wp","href":"https:\/\/api.w.org\/{rel}","templated":true}]}}