{"id":103551,"date":"2026-05-12T17:20:22","date_gmt":"2026-05-12T17:20:22","guid":{"rendered":"https:\/\/brandss.com.py\/index\/?post_type=product&#038;p=103551"},"modified":"2026-05-12T17:20:48","modified_gmt":"2026-05-12T17:20:48","slug":"crema-facial-celimax-the-real-noni-energy-repair-50ml","status":"publish","type":"product","link":"https:\/\/brandss.com.py\/index\/producto\/crema-facial-celimax-the-real-noni-energy-repair-50ml\/","title":{"rendered":"CREMA FACIAL CELIMAX THE REAL NONI ENERGY REPAIR 50ML"},"content":{"rendered":"<p><img loading=\"lazy\" decoding=\"async\" class=\"\" src=\"https:\/\/venuseurope.com\/wp-content\/uploads\/2025\/04\/1749779637017_e70c8042c3cb4c198e39bfd4cd3ed238-1.png\" alt=\"celimax | VENUS EUROPE\" width=\"115\" height=\"40\" \/><\/p>\n<p>&nbsp;<\/p>\n<h1>THE REAL NONI ENERGY REPAIR<\/h1>\n<p>\u00bfQuieres darle a tu piel una nutrici\u00f3n intensa y fortalecer la barrera cut\u00e1nea?\u00a0Celimax The Real Noni Energy Repair Cream es una crema facial rica y nutritiva con\u00a057 % de extracto de noni\u00a0y\u00a0ceramida, dise\u00f1ada para calmar, hidratar y fortalecer la piel. La f\u00f3rmula ligera se absorbe r\u00e1pidamente sin dejar una sensaci\u00f3n grasosa, lo que la hace ideal para piel seca, sensible o madura.<img loading=\"lazy\" decoding=\"async\" class=\"alignleft\" src=\"https:\/\/moonglow.md\/wp-content\/uploads\/2024\/10\/celimax-noni-energy-rerpair-cream-50ml-3-min.jpg\" width=\"674\" height=\"674\" \/><\/p>\n<p><span dir=\"auto\">Este producto potencia el factor de hidrataci\u00f3n natural (FHN) y fortalece la barrera hidrolip\u00eddica natural, previniendo la p\u00e9rdida de humedad y reteniendo los nutrientes en la epidermis. Tu piel lucir\u00e1 suave, firme y radiante.<\/span><\/p>\n<p><span dir=\"auto\">Su f\u00f3rmula hipoalerg\u00e9nica con un pH de 5-6,5 no irrita y es apta incluso para pieles sensibles. Su rica textura cremosa se extiende f\u00e1cilmente y se absorbe bien, sin dejar sensaci\u00f3n pesada, por lo que resulta perfecta para usar antes del maquillaje.<\/span><\/p>\n<p>&nbsp;<\/p>\n<h3><strong><span dir=\"auto\">Ingredientes claves<\/span><\/strong><\/h3>\n<p>&nbsp;<\/p>\n<ul>\n<li><strong><span dir=\"auto\">Extracto de noni al 57%:<\/span><\/strong><span dir=\"auto\">\u00a0Un superalimento tropical rico en vitaminas y minerales que nutre y calma intensamente, reduce la sensibilidad a los irritantes externos y proporciona efectos antienvejecimiento.<\/span><\/li>\n<li><strong><span dir=\"auto\">Adenosina:<\/span><\/strong><span dir=\"auto\">\u00a0Un ingrediente activo antienvejecimiento que estimula la producci\u00f3n de col\u00e1geno, mejorando la elasticidad y la suavidad de la piel.<\/span><\/li>\n<li><strong><span dir=\"auto\">Ceramidas:<\/span><\/strong><span dir=\"auto\">\u00a0Fortalecen el manto hidrolip\u00eddico, previniendo la p\u00e9rdida de humedad y reteniendo los componentes beneficiosos en la epidermis.<\/span><\/li>\n<li><strong><span dir=\"auto\">Niacinamida (Vitamina B3):<\/span><\/strong><span dir=\"auto\">\u00a0Regula la producci\u00f3n de sebo, aclara la pigmentaci\u00f3n y estimula la s\u00edntesis de col\u00e1geno.<\/span><\/li>\n<li><strong><span dir=\"auto\">Manteca de karit\u00e9:<\/span><\/strong><span dir=\"auto\">\u00a0Nutre, previene las arrugas e inicia el proceso de regeneraci\u00f3n.<\/span><\/li>\n<li><strong><span dir=\"auto\">Aceite de hoja de romero:<\/span><\/strong><span dir=\"auto\">\u00a0Acelera la regeneraci\u00f3n, tiene propiedades antis\u00e9pticas, mejora la microcirculaci\u00f3n y tonifica la piel.<\/span><\/li>\n<\/ul>\n<p><strong><span dir=\"auto\">Apto para:<\/span><\/strong><span dir=\"auto\">\u00a0Piel normal, mixta, seca y sensible.<\/span><\/p>\n<p>&nbsp;<\/p>\n<h3><strong>Ventajas<\/strong><\/h3>\n<p>&nbsp;<\/p>\n<ul>\n<li><strong>57 % de extracto de noni<\/strong>\u00a0\u2013 una fuente poderosa de antioxidantes y vitaminas que calma e hidrata la piel.<img loading=\"lazy\" decoding=\"async\" class=\"alignright\" src=\"https:\/\/moonglow.md\/wp-content\/uploads\/2024\/10\/celimax-noni-energy-rerpair-cream-50ml-7-min.jpg\" width=\"650\" height=\"650\" \/><\/li>\n<li><strong>Ceramida NP<\/strong>\u00a0\u2013 fortalece la barrera cut\u00e1nea y previene la p\u00e9rdida de humedad.<\/li>\n<li><strong>Adenosina<\/strong>\u00a0\u2013 reduce las l\u00edneas finas y mejora la elasticidad de la piel.<\/li>\n<li><strong>Niacinamida<\/strong>\u00a0\u2013 unifica el tono de la piel y reduce la visibilidad de los poros.<\/li>\n<li><strong>Manteca de karit\u00e9 y squalane<\/strong>\u00a0\u2013 proporcionan nutrici\u00f3n y suavizan la piel.<\/li>\n<li><strong>Beta-glucano y centella asi\u00e1tica<\/strong>\u00a0\u2013 ofrecen propiedades calmantes y reparadoras.<\/li>\n<li><strong>Extracto de hoja de romero<\/strong>\u00a0\u2013 act\u00faa como antioxidante y mejora la circulaci\u00f3n sangu\u00ednea.<\/li>\n<li><strong>\u00c1cido hialur\u00f3nico hidrolizado y hialuronato de sodio<\/strong> \u2013 ingredientes efectivos para una uni\u00f3n de humedad profunda.<\/li>\n<\/ul>\n<h3><strong>Beneficios<\/strong><\/h3>\n<ul>\n<li>Tiene una textura suave.<\/li>\n<li>Se adapta a la temperatura de la piel.<\/li>\n<li>Formulada con ceramidas e ingredientes naturales hidratantes.<\/li>\n<li>Mantiene un equilibrio \u00f3ptimo de hidrataci\u00f3n.<\/li>\n<li>La adenosina aumenta la elasticidad y suaviza las arrugas.<\/li>\n<li>Proporciona un efecto suavizante y curativo.<\/li>\n<li>Crea el efecto de una piel luminosa desde el interior.<\/li>\n<li>Estimula la producci\u00f3n de fibras de col\u00e1geno.<\/li>\n<li>Protege contra irritantes externos y calma la piel.<\/li>\n<li>F\u00f3rmula hipoalerg\u00e9nica libre de fragancias y colorantes artificiales.<\/li>\n<li>Tiene un aroma agradable y refrescante.<\/li>\n<li>Probada dermatol\u00f3gicamente.<\/li>\n<\/ul>\n<p>&nbsp;<\/p>\n<h3>Modo de uso<\/h3>\n<p>&nbsp;<\/p>\n<ol>\n<li>Despu\u00e9s de limpiar y aplicar el t\u00f3nico, aplica una peque\u00f1a cantidad de crema de manera uniforme sobre el rostro.<\/li>\n<li>Masajea la crema con movimientos suaves y ascendentes para una distribuci\u00f3n \u00f3ptima.<\/li>\n<li>Da palmaditas suaves en la piel para fomentar la absorci\u00f3n.<\/li>\n<li>Para mejores resultados, usa el producto tanto por la ma\u00f1ana como por la noche.<\/li>\n<\/ol>\n","protected":false},"excerpt":{"rendered":"<p>&nbsp; THE REAL NONI ENERGY REPAIR \u00bfQuieres darle a tu piel una nutrici\u00f3n intensa y fortalecer la barrera cut\u00e1nea?\u00a0Celimax The<\/p>\n","protected":false},"featured_media":103552,"comment_status":"open","ping_status":"closed","template":"","meta":{"nf_dc_page":""},"product_brand":[2660],"product_cat":[104],"product_tag":[3699],"class_list":{"0":"post-103551","1":"product","2":"type-product","3":"status-publish","4":"has-post-thumbnail","6":"product_brand-celimax","7":"product_cat-skin-care","8":"product_tag-3699","10":"first","11":"instock","12":"shipping-taxable","13":"purchasable","14":"product-type-simple"},"_links":{"self":[{"href":"https:\/\/brandss.com.py\/index\/wp-json\/wp\/v2\/product\/103551","targetHints":{"allow":["GET"]}}],"collection":[{"href":"https:\/\/brandss.com.py\/index\/wp-json\/wp\/v2\/product"}],"about":[{"href":"https:\/\/brandss.com.py\/index\/wp-json\/wp\/v2\/types\/product"}],"replies":[{"embeddable":true,"href":"https:\/\/brandss.com.py\/index\/wp-json\/wp\/v2\/comments?post=103551"}],"version-history":[{"count":1,"href":"https:\/\/brandss.com.py\/index\/wp-json\/wp\/v2\/product\/103551\/revisions"}],"predecessor-version":[{"id":103559,"href":"https:\/\/brandss.com.py\/index\/wp-json\/wp\/v2\/product\/103551\/revisions\/103559"}],"wp:featuredmedia":[{"embeddable":true,"href":"https:\/\/brandss.com.py\/index\/wp-json\/wp\/v2\/media\/103552"}],"wp:attachment":[{"href":"https:\/\/brandss.com.py\/index\/wp-json\/wp\/v2\/media?parent=103551"}],"wp:term":[{"taxonomy":"product_brand","embeddable":true,"href":"https:\/\/brandss.com.py\/index\/wp-json\/wp\/v2\/product_brand?post=103551"},{"taxonomy":"product_cat","embeddable":true,"href":"https:\/\/brandss.com.py\/index\/wp-json\/wp\/v2\/product_cat?post=103551"},{"taxonomy":"product_tag","embeddable":true,"href":"https:\/\/brandss.com.py\/index\/wp-json\/wp\/v2\/product_tag?post=103551"}],"curies":[{"name":"wp","href":"https:\/\/api.w.org\/{rel}","templated":true}]}}