{"id":103621,"date":"2026-05-14T14:30:59","date_gmt":"2026-05-14T14:30:59","guid":{"rendered":"https:\/\/brandss.com.py\/index\/?post_type=product&#038;p=103621"},"modified":"2026-05-14T14:31:21","modified_gmt":"2026-05-14T14:31:21","slug":"ampolla-facial-celimax-the-real-noni-calming-radiance-30ml","status":"publish","type":"product","link":"https:\/\/brandss.com.py\/index\/producto\/ampolla-facial-celimax-the-real-noni-calming-radiance-30ml\/","title":{"rendered":"AMPOLLA FACIAL CELIMAX THE REAL NONI CALMING + RADIANCE 30ML"},"content":{"rendered":"<p><img loading=\"lazy\" decoding=\"async\" class=\"\" src=\"https:\/\/venuseurope.com\/wp-content\/uploads\/2025\/04\/1749779637017_e70c8042c3cb4c198e39bfd4cd3ed238-1.png\" alt=\"CREMA FACIAL CELIMAX DUAL BARRIER SKIN WEARABLE 50ML \u2013 Brands\" width=\"167\" height=\"58\" \/><\/p>\n<h1>THE REAL NONI CALMING + RADIANCE<\/h1>\n<p data-start=\"102\" data-end=\"547\"><span dir=\"auto\">Una ampolla calmante y rica en nutrientes, formulada para aliviar la irritaci\u00f3n, potenciar la luminosidad e hidratar profundamente la piel. Con una alta concentraci\u00f3n de\u00a0<\/span><em data-start=\"305\" data-end=\"319\"><span dir=\"auto\">extracto de noni<\/span><\/em><span dir=\"auto\">\u00a0, esta f\u00f3rmula ligera pero nutritiva revitaliza la piel, reduce el enrojecimiento y deja el cutis equilibrado, suave y luminoso. Ideal para pieles sensibles, estresadas o apagadas que necesitan un cuidado calmante y un brillo saludable.<img loading=\"lazy\" decoding=\"async\" class=\"alignright\" src=\"https:\/\/m.media-amazon.com\/images\/I\/71XtIzb3T1L._SL1500_.jpg\" width=\"407\" height=\"570\" \/><\/span><\/p>\n<p data-start=\"102\" data-end=\"547\"><span dir=\"auto\">La ampolla Celimax Noni Energy aprovecha el poder del extracto de noni, un superalimento rico en m\u00e1s de 200 minerales y vitaminas, para combatir la opacidad, la textura irregular y los signos del envejecimiento.<\/span><\/p>\n<p><span dir=\"auto\">\u00b7 Ampolla n\u00famero 1 en ventas (m\u00e1s de 2 millones de frascos vendidos, m\u00e1s de 50 000 rese\u00f1as)<\/span><br \/>\n<span dir=\"auto\">\u00b7 F\u00f3rmula calmante, hidratante y antiedad cl\u00ednicamente probada<\/span><br \/>\n<span dir=\"auto\">\u00b7 Probada dermatol\u00f3gicamente &#8211; Hipoalerg\u00e9nica<\/span><br \/>\n<span dir=\"auto\">\u00b7 Sin fragancias artificiales, sin colorantes artificiales<\/span><\/p>\n<h3 data-start=\"549\" data-end=\"572\"><\/h3>\n<h3 data-start=\"549\" data-end=\"572\"><strong data-start=\"549\" data-end=\"570\"><span dir=\"auto\">Ingredientes clave<\/span><\/strong><\/h3>\n<p>&nbsp;<\/p>\n<p data-start=\"574\" data-end=\"713\"><strong data-start=\"574\" data-end=\"599\"><span dir=\"auto\">Extracto de noni (71,77%):<\/span><\/strong><span dir=\"auto\">\u00a0rico en vitaminas, antioxidantes y nutrientes que alivian la irritaci\u00f3n, restauran la vitalidad y protegen la piel.<\/span><\/p>\n<p data-start=\"715\" data-end=\"812\"><strong data-start=\"715\" data-end=\"736\"><span dir=\"auto\">Aceite de hoja de romero:<\/span><\/strong><span dir=\"auto\">\u00a0refresca y energiza la piel a la vez que ayuda a reducir los signos de fatiga.<\/span><\/p>\n<p data-start=\"814\" data-end=\"899\"><strong data-start=\"814\" data-end=\"827\"><span dir=\"auto\">Adenosina:<\/span><\/strong><span dir=\"auto\">\u00a0mejora la elasticidad y alisa las l\u00edneas de expresi\u00f3n para una apariencia m\u00e1s firme.<\/span><\/p>\n<p data-start=\"901\" data-end=\"1002\"><strong data-start=\"901\" data-end=\"937\"><span dir=\"auto\">\u00c1cido hialur\u00f3nico y col\u00e1geno vegano:<\/span><\/strong><span dir=\"auto\">\u00a0proporcionan una hidrataci\u00f3n profunda y duradera para una piel tersa y flexible.<\/span><\/p>\n<p data-start=\"1004\" data-end=\"1106\"><strong data-start=\"1004\" data-end=\"1030\"><span dir=\"auto\">Pantenol (vitamina B5):<\/span><\/strong><span dir=\"auto\">\u00a0calma la sensibilidad, fortalece la barrera cut\u00e1nea y previene la p\u00e9rdida de humedad.<\/span><\/p>\n<h3 data-start=\"1108\" data-end=\"1130\"><\/h3>\n<h3 data-start=\"1108\" data-end=\"1130\"><strong data-start=\"1108\" data-end=\"1128\"><span dir=\"auto\">Beneficios<\/span><\/strong><\/h3>\n<p>&nbsp;<\/p>\n<ul>\n<li data-start=\"1134\" data-end=\"1181\"><span dir=\"auto\">Calma la piel inflamada y sensible en 2 d\u00edas.<\/span><\/li>\n<li data-start=\"1134\" data-end=\"1181\"><span dir=\"auto\">Mejora la textura y el tono desiguales de la piel para una tez m\u00e1s clara.<\/span><\/li>\n<li data-start=\"1134\" data-end=\"1181\"><span dir=\"auto\">Unifica el tono de la piel para una tez m\u00e1s luminosa.<\/span><\/li>\n<li data-start=\"1134\" data-end=\"1181\"><span dir=\"auto\">Alivia los problemas de la piel.<\/span><\/li>\n<li data-start=\"1134\" data-end=\"1181\"><span dir=\"auto\">Proporciona una hidrataci\u00f3n profunda.<\/span><\/li>\n<li data-start=\"1134\" data-end=\"1181\"><span dir=\"auto\">Energiza la piel para una apariencia m\u00e1s firme y radiante.<\/span><\/li>\n<\/ul>\n<h3 data-start=\"1371\" data-end=\"1430\"><img loading=\"lazy\" decoding=\"async\" class=\"alignleft\" src=\"https:\/\/celimax.us\/cdn\/shop\/files\/2-04.jpg?v=1737875275&amp;width=1000\" width=\"618\" height=\"618\" \/><\/h3>\n<h3 data-start=\"1371\" data-end=\"1430\"><strong data-start=\"1371\" data-end=\"1428\"><span dir=\"auto\">Ideal para<\/span><\/strong><\/h3>\n<p>&nbsp;<\/p>\n<ul data-start=\"1432\" data-end=\"1620\">\n<li data-start=\"1432\" data-end=\"1474\">\n<p data-start=\"1434\" data-end=\"1474\"><span dir=\"auto\">Piel irritada, estresada o reactiva.<\/span><\/p>\n<\/li>\n<li data-start=\"1432\" data-end=\"1474\">\n<p data-start=\"1434\" data-end=\"1474\"><span dir=\"auto\">Tono de piel apagado o desigual.<\/span><\/p>\n<\/li>\n<li data-start=\"1432\" data-end=\"1474\">\n<p data-start=\"1434\" data-end=\"1474\"><span dir=\"auto\">Primeros signos de envejecimiento o textura \u00e1spera.<\/span><\/p>\n<\/li>\n<li data-start=\"1432\" data-end=\"1474\">\n<p data-start=\"1434\" data-end=\"1474\"><span dir=\"auto\">Necesito un tratamiento calmante y que potencie la luminosidad, suave pero eficaz.<\/span><\/p>\n<\/li>\n<\/ul>\n<h3 data-start=\"1622\" data-end=\"1639\"><\/h3>\n<h3 data-start=\"1622\" data-end=\"1639\"><strong data-start=\"1622\" data-end=\"1637\"><span dir=\"auto\">Modo de uso<\/span><\/strong><\/h3>\n<p>&nbsp;<\/p>\n<ol>\n<li data-start=\"1641\" data-end=\"1811\"><span dir=\"auto\">Tras limpiar y tonificar la piel, aplica unas gotas uniformemente sobre el rostro y el cuello.<\/span><\/li>\n<li data-start=\"1641\" data-end=\"1811\"><span dir=\"auto\">Da suaves palmaditas hasta su completa absorci\u00f3n.<\/span><\/li>\n<li data-start=\"1641\" data-end=\"1811\"><span dir=\"auto\">A continuaci\u00f3n, aplica tu crema hidratante.<\/span><\/li>\n<li data-start=\"1641\" data-end=\"1811\"><span dir=\"auto\">\u00dasalo por la ma\u00f1ana y por la noche.<\/span><\/li>\n<\/ol>\n","protected":false},"excerpt":{"rendered":"<p>THE REAL NONI CALMING + RADIANCE Una ampolla calmante y rica en nutrientes, formulada para aliviar la irritaci\u00f3n, potenciar la<\/p>\n","protected":false},"featured_media":103622,"comment_status":"open","ping_status":"closed","template":"","meta":{"nf_dc_page":""},"product_brand":[2660],"product_cat":[104],"product_tag":[3708],"class_list":{"0":"post-103621","1":"product","2":"type-product","3":"status-publish","4":"has-post-thumbnail","6":"product_brand-celimax","7":"product_cat-skin-care","8":"product_tag-3708","10":"first","11":"instock","12":"shipping-taxable","13":"purchasable","14":"product-type-simple"},"_links":{"self":[{"href":"https:\/\/brandss.com.py\/index\/wp-json\/wp\/v2\/product\/103621","targetHints":{"allow":["GET"]}}],"collection":[{"href":"https:\/\/brandss.com.py\/index\/wp-json\/wp\/v2\/product"}],"about":[{"href":"https:\/\/brandss.com.py\/index\/wp-json\/wp\/v2\/types\/product"}],"replies":[{"embeddable":true,"href":"https:\/\/brandss.com.py\/index\/wp-json\/wp\/v2\/comments?post=103621"}],"version-history":[{"count":1,"href":"https:\/\/brandss.com.py\/index\/wp-json\/wp\/v2\/product\/103621\/revisions"}],"predecessor-version":[{"id":103629,"href":"https:\/\/brandss.com.py\/index\/wp-json\/wp\/v2\/product\/103621\/revisions\/103629"}],"wp:featuredmedia":[{"embeddable":true,"href":"https:\/\/brandss.com.py\/index\/wp-json\/wp\/v2\/media\/103622"}],"wp:attachment":[{"href":"https:\/\/brandss.com.py\/index\/wp-json\/wp\/v2\/media?parent=103621"}],"wp:term":[{"taxonomy":"product_brand","embeddable":true,"href":"https:\/\/brandss.com.py\/index\/wp-json\/wp\/v2\/product_brand?post=103621"},{"taxonomy":"product_cat","embeddable":true,"href":"https:\/\/brandss.com.py\/index\/wp-json\/wp\/v2\/product_cat?post=103621"},{"taxonomy":"product_tag","embeddable":true,"href":"https:\/\/brandss.com.py\/index\/wp-json\/wp\/v2\/product_tag?post=103621"}],"curies":[{"name":"wp","href":"https:\/\/api.w.org\/{rel}","templated":true}]}}