{"id":103634,"date":"2026-05-14T16:27:56","date_gmt":"2026-05-14T16:27:56","guid":{"rendered":"https:\/\/brandss.com.py\/index\/?post_type=product&#038;p=103634"},"modified":"2026-05-14T16:28:37","modified_gmt":"2026-05-14T16:28:37","slug":"serum-facial-celimax-the-vita-a-retinol-shot-tightening-sachet-1ml","status":"publish","type":"product","link":"https:\/\/brandss.com.py\/index\/producto\/serum-facial-celimax-the-vita-a-retinol-shot-tightening-sachet-1ml\/","title":{"rendered":"S\u00c9RUM FACIAL CELIMAX THE VITA A RETINOL SHOT TIGHTENING SACHET 1ML"},"content":{"rendered":"<p><img loading=\"lazy\" decoding=\"async\" class=\"\" src=\"https:\/\/venuseurope.com\/wp-content\/uploads\/2025\/04\/1749779637017_e70c8042c3cb4c198e39bfd4cd3ed238-1.png\" alt=\"CREMA FACIAL CELIMAX DUAL BARRIER SKIN WEARABLE 50ML \u2013 Brands\" width=\"161\" height=\"56\" \/><\/p>\n<h1>THE VITA A RETINOL SHOT TIGHTENING<\/h1>\n<p><span dir=\"auto\">Es un s\u00e9rum antiedad cl\u00ednicamente probado, dise\u00f1ado para combatir los signos visibles del envejecimiento, como las l\u00edneas de expresi\u00f3n, la textura irregular de la piel y los poros dilatados. Enriquecido con un 0,1 % de retinol puro, un potente complejo de 9 p\u00e9ptidos y un 1 % de pantenol, este s\u00e9rum reafirma y refina la piel a la vez que mejora su elasticidad. Gracias a la tecnolog\u00eda patentada A-Shot\u2122 (162\u00a0000 ppm), la f\u00f3rmula garantiza la absorci\u00f3n y estabilidad de los ingredientes activos, potenciando su acci\u00f3n en las capas m\u00e1s profundas de la piel.<\/span><\/p>\n<p>&nbsp;<\/p>\n<h3><strong><span dir=\"auto\">Beneficios<\/span><\/strong><\/h3>\n<ul>\n<li><span dir=\"auto\">Cl\u00ednicamente probado para reducir arrugas y l\u00edneas de expresi\u00f3n.<\/span><\/li>\n<li><span dir=\"auto\">Cierra visiblemente los poros dilatados y suaviza la textura irregular.<\/span><\/li>\n<li><span dir=\"auto\">Mejora la densidad de la piel para una apariencia m\u00e1s firme y tersa.<\/span><\/li>\n<li><span dir=\"auto\">Enriquecido con un 0,1 % de retinol puro para obtener beneficios antienvejecimiento eficaces.<\/span><\/li>\n<li><span dir=\"auto\">El complejo de 9 p\u00e9ptidos revitaliza y fortalece la barrera cut\u00e1nea.<\/span><\/li>\n<li><span dir=\"auto\">El pantenol al 1% calma e hidrata para prevenir la sequedad o irritaci\u00f3n.<\/span><\/li>\n<\/ul>\n<p>&nbsp;<\/p>\n<h3><strong><span dir=\"auto\">C\u00f3mo usar<\/span><\/strong><\/h3>\n<ol>\n<li><span dir=\"auto\">Aplicar una cantidad del tama\u00f1o de un guisante sobre la piel limpia y seca por la noche.<\/span><\/li>\n<li><span dir=\"auto\">Exti\u00e9ndalo suavemente sobre el rostro, evitando el contorno de los ojos y los labios.<\/span><\/li>\n<li><span dir=\"auto\">Utilizar inicialmente de 2 a 3 veces por semana, y luego aumentar la frecuencia a medida que la piel desarrolle tolerancia.<\/span><\/li>\n<li><span dir=\"auto\">Apl\u00edcate siempre protector solar durante el d\u00eda cuando uses productos con retinol.<\/span><\/li>\n<\/ol>\n<p>&nbsp;<\/p>\n<h3><strong><span dir=\"auto\">Tips pro<\/span><\/strong><\/h3>\n<ul>\n<li><span dir=\"auto\">Comience con una prueba en una peque\u00f1a zona de la piel para comprobar la compatibilidad.<\/span><\/li>\n<li><span dir=\"auto\">Evite combinarlo con exfoliantes fuertes, vitamina C u otros retinoides en la misma rutina.<\/span><\/li>\n<li><span dir=\"auto\">Conservar en un lugar fresco y seco, alejado de la luz solar directa.<\/span><\/li>\n<\/ul>\n","protected":false},"excerpt":{"rendered":"<p>THE VITA A RETINOL SHOT TIGHTENING Es un s\u00e9rum antiedad cl\u00ednicamente probado, dise\u00f1ado para combatir los signos visibles del envejecimiento,<\/p>\n","protected":false},"featured_media":103635,"comment_status":"open","ping_status":"closed","template":"","meta":{"nf_dc_page":""},"product_brand":[2660],"product_cat":[104],"product_tag":[3710],"class_list":{"0":"post-103634","1":"product","2":"type-product","3":"status-publish","4":"has-post-thumbnail","6":"product_brand-celimax","7":"product_cat-skin-care","8":"product_tag-3710","10":"first","11":"instock","12":"shipping-taxable","13":"purchasable","14":"product-type-simple"},"_links":{"self":[{"href":"https:\/\/brandss.com.py\/index\/wp-json\/wp\/v2\/product\/103634","targetHints":{"allow":["GET"]}}],"collection":[{"href":"https:\/\/brandss.com.py\/index\/wp-json\/wp\/v2\/product"}],"about":[{"href":"https:\/\/brandss.com.py\/index\/wp-json\/wp\/v2\/types\/product"}],"replies":[{"embeddable":true,"href":"https:\/\/brandss.com.py\/index\/wp-json\/wp\/v2\/comments?post=103634"}],"version-history":[{"count":1,"href":"https:\/\/brandss.com.py\/index\/wp-json\/wp\/v2\/product\/103634\/revisions"}],"predecessor-version":[{"id":103637,"href":"https:\/\/brandss.com.py\/index\/wp-json\/wp\/v2\/product\/103634\/revisions\/103637"}],"wp:featuredmedia":[{"embeddable":true,"href":"https:\/\/brandss.com.py\/index\/wp-json\/wp\/v2\/media\/103635"}],"wp:attachment":[{"href":"https:\/\/brandss.com.py\/index\/wp-json\/wp\/v2\/media?parent=103634"}],"wp:term":[{"taxonomy":"product_brand","embeddable":true,"href":"https:\/\/brandss.com.py\/index\/wp-json\/wp\/v2\/product_brand?post=103634"},{"taxonomy":"product_cat","embeddable":true,"href":"https:\/\/brandss.com.py\/index\/wp-json\/wp\/v2\/product_cat?post=103634"},{"taxonomy":"product_tag","embeddable":true,"href":"https:\/\/brandss.com.py\/index\/wp-json\/wp\/v2\/product_tag?post=103634"}],"curies":[{"name":"wp","href":"https:\/\/api.w.org\/{rel}","templated":true}]}}