{"id":103638,"date":"2026-05-14T17:11:17","date_gmt":"2026-05-14T17:11:17","guid":{"rendered":"https:\/\/brandss.com.py\/index\/?post_type=product&#038;p=103638"},"modified":"2026-05-14T17:11:51","modified_gmt":"2026-05-14T17:11:51","slug":"tonico-facial-celimax-dual-barrier-creamy-150ml","status":"publish","type":"product","link":"https:\/\/brandss.com.py\/index\/producto\/tonico-facial-celimax-dual-barrier-creamy-150ml\/","title":{"rendered":"T\u00d3NICO FACIAL CELIMAX DUAL BARRIER CREAMY 150ML"},"content":{"rendered":"<p><img loading=\"lazy\" decoding=\"async\" class=\"\" src=\"https:\/\/venuseurope.com\/wp-content\/uploads\/2025\/04\/1749779637017_e70c8042c3cb4c198e39bfd4cd3ed238-1.png\" alt=\"CREMA FACIAL CELIMAX DUAL BARRIER SKIN WEARABLE 50ML \u2013 Brands\" width=\"204\" height=\"71\" \/><\/p>\n<h1>DUAL BARRIER CREAMY<\/h1>\n<p>Est\u00e1 dise\u00f1ado para quienes desean restaurar el confort de su piel y mejorar su rutina de cuidado desde el primer paso tras la limpieza. Su suave textura cremosa se extiende uniformemente sobre la piel, dejando una agradable sensaci\u00f3n de hidrataci\u00f3n y preparaci\u00f3n para los productos posteriores. Este t\u00f3nico es conveniente tanto para el uso matutino como nocturno: se absorbe r\u00e1pidamente, no sobrecarga la piel y hace que tu rutina sea m\u00e1s armoniosa. Adecuado para varios tipos de piel, es especialmente beneficioso cuando se necesita un toque suave y delicado. Con su f\u00f3rmula equilibrada, este producto ayuda a mantener una apariencia cuidada y bien arreglada a diario, potenciando los efectos de los pasos de cuidado posteriores y haciendo tu ritual m\u00e1s completo.<\/p>\n<p><span dir=\"auto\">El T\u00f3nico Facial Cremoso Celimax Dual Barrier es un paso esencial en la rutina de cuidado de la piel para quienes buscan una piel profundamente hidratada y protegida. A diferencia de los t\u00f3nicos convencionales con textura l\u00edquida, tiene una consistencia lechosa y cremosa que combina la ligereza de un t\u00f3nico con el poder nutritivo de una crema hidratante, actuando directamente en la recuperaci\u00f3n de la salud de la piel.<img loading=\"lazy\" decoding=\"async\" class=\"alignleft\" src=\"https:\/\/m.media-amazon.com\/images\/I\/61rMrhIsLDL._AC_SL1500_.jpg\" width=\"799\" height=\"1119\" \/><\/span><\/p>\n<p><span dir=\"auto\">Su funci\u00f3n principal es restaurar y fortalecer la barrera natural de la piel, creando un escudo contra los agresores externos como la contaminaci\u00f3n, el cambio clim\u00e1tico y el estr\u00e9s ambiental. Equilibra el pH despu\u00e9s de la limpieza y prepara el rostro para recibir tratamientos posteriores, asegurando que la hidrataci\u00f3n se mantenga por mucho m\u00e1s tiempo y previniendo la p\u00e9rdida de agua.<\/span><\/p>\n<p><span dir=\"auto\">El t\u00f3nico cremoso Dual Barrier de celimax nutre la piel con cinco ceramidas esenciales, l\u00edpidos y \u00e1cido hialur\u00f3nico, dej\u00e1ndola incre\u00edblemente suave, hidratada y calmada.<\/span><\/p>\n<p><span dir=\"auto\">\u00b7 Esta f\u00f3rmula \u00fanica combina los beneficios de un t\u00f3nico y una crema hidratante, proporcionando una hidrataci\u00f3n intensa y duradera para una piel sana y radiante.<\/span><br \/>\n<span dir=\"auto\">\u00b7 El innovador sistema dual fortalece el complejo de ceramidas, beneficiando tanto las capas internas como externas de la piel.<\/span><br \/>\n<span dir=\"auto\">\u00b7 Es lo suficientemente suave incluso para las pieles m\u00e1s sensibles.<\/span><\/p>\n<p>&nbsp;<\/p>\n<h3><strong><span dir=\"auto\">Ingredientes claves<\/span><\/strong><\/h3>\n<p><span dir=\"auto\">El principal diferenciador de este producto es su tecnolog\u00eda Dual Barrier, que utiliza un complejo de ceramidas de origen vegetal para imitar la estructura lip\u00eddica natural de la piel. Estos ingredientes activos regeneran la barrera protectora, reteniendo la hidrataci\u00f3n y previniendo que factores externos causen irritaci\u00f3n o deshidrataci\u00f3n profunda.<\/span><\/p>\n<div class=\"multi-column__item  snap-center group\">\n<div class=\"prose text-start\">\n<div class=\"h4\">\n<p><span dir=\"auto\">Cinco ceramidas esenciales: <\/span>con el paso de los a\u00f1os, las ceramidas que mantienen la piel sana y fuerte comienzan a disminuir. Esta mezcla concentrada de cinco ceramidas naturales fortalece eficazmente la barrera de hidrataci\u00f3n, ayudando a mantener la piel firme y el\u00e1stica.<\/p>\n<\/div>\n<\/div>\n<\/div>\n<div class=\"multi-column__item  snap-center group\">\n<div class=\"prose text-start\">\n<div class=\"h4\">\n<p><span dir=\"auto\">Complejo de p\u00e9ptidos patentado:<\/span><\/p>\n<\/div>\n<p><span class=\"metafield-multi_line_text_field\"><span dir=\"auto\">Aquatide\u2122 estimula las c\u00e9lulas de la piel para que produzcan m\u00e1s sustancias que fortalecen la barrera cut\u00e1nea, como las ceramidas, para repararla y devolverle un estado saludable.<\/span><\/p>\n<p><span dir=\"auto\">*Aquatide\u2122: un p\u00e9ptido patentado que gan\u00f3 la Medalla de Oro de In-Cosmetics Asia.<\/span><\/span><\/p>\n<\/div>\n<\/div>\n<div class=\"multi-column__item  snap-center group\">\n<div class=\"prose text-start\">\n<div class=\"h4\">\n<p><span dir=\"auto\">TEXTURA L\u00c1CTEA Y CREMOSA<\/span><\/p>\n<\/div>\n<p><span class=\"metafield-multi_line_text_field\"><span dir=\"auto\">Su textura lechosa, rica, cremosa y a la vez ligera se absorbe en la piel en cuesti\u00f3n de segundos, hidrat\u00e1ndola y suaviz\u00e1ndola a la vez que favorece su renovaci\u00f3n y rejuvenecimiento.<\/span><\/span><\/p>\n<p>&nbsp;<\/p>\n<\/div>\n<\/div>\n<h3><strong>Caracter\u00edsticas<\/strong><\/h3>\n<p>&nbsp;<\/p>\n<ul>\n<li>Los ceramidas ayudan a fortalecer la barrera protectora de la piel.<\/li>\n<li>El extracto de centella promueve una recuperaci\u00f3n suave.<\/li>\n<li>El \u00e1cido hialur\u00f3nico retiene la humedad por un per\u00edodo prolongado.<\/li>\n<li>La textura cremosa mejora la distribuci\u00f3n y absorci\u00f3n.<\/li>\n<li>Adecuado para pieles sensibles e irritadas.<\/li>\n<li>Libre de componentes agresivos y alcohol.<\/li>\n<li>La f\u00f3rmula reduce la sensaci\u00f3n de sequedad tras la limpieza.<\/li>\n<li>Lo suficientemente suave para uso diario.<\/li>\n<\/ul>\n<h3><\/h3>\n<h3><strong><span dir=\"auto\">Beneficios <img loading=\"lazy\" decoding=\"async\" class=\"alignright\" src=\"https:\/\/m.media-amazon.com\/images\/I\/71lNp6TY8HL._AC_SL1500_.jpg\" width=\"677\" height=\"948\" \/><\/span><\/strong><\/h3>\n<p>&nbsp;<\/p>\n<ul>\n<li><span dir=\"auto\">Hidrataci\u00f3n intensa y duradera que penetra en las capas de la piel.<\/span><\/li>\n<li><span dir=\"auto\">Fortalecimiento de la barrera cut\u00e1nea mediante la tecnolog\u00eda de doble barrera.<\/span><\/li>\n<li><span dir=\"auto\">Textura cremosa e innovadora que se absorbe r\u00e1pidamente y no deja sensaci\u00f3n grasa.<\/span><\/li>\n<li><span dir=\"auto\">Reducci\u00f3n inmediata de la sequedad y la sensibilidad.<\/span><\/li>\n<li><span dir=\"auto\">Mejora la elasticidad y deja la piel extremadamente suave al tacto.<\/span><\/li>\n<li><span dir=\"auto\">Protege la piel contra los da\u00f1os ambientales y el estr\u00e9s diario.<\/span><\/li>\n<\/ul>\n<h3>\n<p><strong><span dir=\"auto\">Indicaci\u00f3n<\/span><\/strong><\/h3>\n<p><span dir=\"auto\">Este t\u00f3nico es ideal para pieles con signos de deshidrataci\u00f3n, sensibilidad o una barrera protectora debilitada. Si sientes tu piel \u00e1spera, opaca o tirante, Celimax Dual Barrier es la soluci\u00f3n perfecta para restaurar la comodidad, la luminosidad y una apariencia saludable.<\/span><br \/>\n<span dir=\"auto\">Si bien es especialmente beneficioso para pieles secas y sensibles, su f\u00f3rmula inteligente permite que todo tipo de piel disfrute de sus beneficios nutritivos. Es el producto ideal para quienes desean una rutina de cuidado facial minimalista pero extremadamente eficaz y potente para mantener el equilibrio del rostro.<\/span><\/p>\n<h3><strong><span dir=\"auto\">Modo de uso<\/span><\/strong><\/h3>\n<ol>\n<li><span dir=\"auto\">L\u00edmpiate la cara con tu gel o jab\u00f3n limpiador facial.<\/span><\/li>\n<li><span dir=\"auto\">Aplique una cantidad adecuada de t\u00f3nico facial cremoso Celimax Dual Barrier en las manos o en un disco de algod\u00f3n.<\/span><\/li>\n<li><span dir=\"auto\">Extiende suavemente el producto sobre el rostro y el cuello.<\/span><\/li>\n<li><span dir=\"auto\">Aplica suavemente el t\u00f3nico facial cremoso Celimax Dual Barrier sobre la piel con las yemas de los dedos hasta su completa absorci\u00f3n.<\/span><\/li>\n<li><span dir=\"auto\">Utilice el t\u00f3nico facial cremoso Celimax Dual Barrier a diario, por la ma\u00f1ana y por la noche, antes de aplicar sueros o cremas.<\/span><\/li>\n<\/ol>\n","protected":false},"excerpt":{"rendered":"<p>DUAL BARRIER CREAMY Est\u00e1 dise\u00f1ado para quienes desean restaurar el confort de su piel y mejorar su rutina de cuidado<\/p>\n","protected":false},"featured_media":103639,"comment_status":"open","ping_status":"closed","template":"","meta":{"nf_dc_page":""},"product_brand":[2660],"product_cat":[104],"product_tag":[3711],"class_list":{"0":"post-103638","1":"product","2":"type-product","3":"status-publish","4":"has-post-thumbnail","6":"product_brand-celimax","7":"product_cat-skin-care","8":"product_tag-3711","10":"first","11":"instock","12":"shipping-taxable","13":"purchasable","14":"product-type-simple"},"_links":{"self":[{"href":"https:\/\/brandss.com.py\/index\/wp-json\/wp\/v2\/product\/103638","targetHints":{"allow":["GET"]}}],"collection":[{"href":"https:\/\/brandss.com.py\/index\/wp-json\/wp\/v2\/product"}],"about":[{"href":"https:\/\/brandss.com.py\/index\/wp-json\/wp\/v2\/types\/product"}],"replies":[{"embeddable":true,"href":"https:\/\/brandss.com.py\/index\/wp-json\/wp\/v2\/comments?post=103638"}],"version-history":[{"count":1,"href":"https:\/\/brandss.com.py\/index\/wp-json\/wp\/v2\/product\/103638\/revisions"}],"predecessor-version":[{"id":103646,"href":"https:\/\/brandss.com.py\/index\/wp-json\/wp\/v2\/product\/103638\/revisions\/103646"}],"wp:featuredmedia":[{"embeddable":true,"href":"https:\/\/brandss.com.py\/index\/wp-json\/wp\/v2\/media\/103639"}],"wp:attachment":[{"href":"https:\/\/brandss.com.py\/index\/wp-json\/wp\/v2\/media?parent=103638"}],"wp:term":[{"taxonomy":"product_brand","embeddable":true,"href":"https:\/\/brandss.com.py\/index\/wp-json\/wp\/v2\/product_brand?post=103638"},{"taxonomy":"product_cat","embeddable":true,"href":"https:\/\/brandss.com.py\/index\/wp-json\/wp\/v2\/product_cat?post=103638"},{"taxonomy":"product_tag","embeddable":true,"href":"https:\/\/brandss.com.py\/index\/wp-json\/wp\/v2\/product_tag?post=103638"}],"curies":[{"name":"wp","href":"https:\/\/api.w.org\/{rel}","templated":true}]}}