{"id":103794,"date":"2026-05-16T17:30:43","date_gmt":"2026-05-16T17:30:43","guid":{"rendered":"https:\/\/brandss.com.py\/index\/?post_type=product&#038;p=103794"},"modified":"2026-05-16T17:31:37","modified_gmt":"2026-05-16T17:31:37","slug":"base-facial-omg-seoul-bb-cream-perfect-cover-spf50-n27-50ml","status":"publish","type":"product","link":"https:\/\/brandss.com.py\/index\/producto\/base-facial-omg-seoul-bb-cream-perfect-cover-spf50-n27-50ml\/","title":{"rendered":"BASE FACIAL OMG! SEOUL BB CREAM PERFECT COVER SPF50+ N\u00b027 50ML"},"content":{"rendered":"<p><img loading=\"lazy\" decoding=\"async\" class=\"\" src=\"https:\/\/altacosmeticos.com\/wp-content\/uploads\/2024\/03\/OMG.png\" alt=\"PROTECTOR SOLAR FACIAL OMG! SEOUL CICA SOOTHING STICK SPF 50+ 18GR \u2013 Brands\" width=\"281\" height=\"133\" \/><\/p>\n<h1>BB CREAM PERFECT COVER SPF50+<\/h1>\n<h6>Antiarrugas, blanqueador, protecci\u00f3n UV SPF50+, contiene \u00e1cido hialuronico.<\/h6>\n<p>Si quieres una piel perfecta, protegida y con un acabado natural en segundos, este es el producto ideal. La BB Cream OMG Seoul es una de las favoritas del maquillaje coreano, que combina cobertura, tratamiento y protecci\u00f3n solar en un solo producto. La Crema BB OMG Perfect Cover es una innovadora soluci\u00f3n de belleza que ofrece triple funcionalidad: protecci\u00f3n UV con SPF 50+ PA+++, blanqueamiento y mejora de arrugas. Su f\u00f3rmula vegana de alta cobertura oculta imperfecciones, resaltando la belleza natural de la piel con un acabado radiante, fresco y limpio durante todo el d\u00eda. Enriquecida con una mezcla de aceites vegetales y componentes como \u00e1cido hialur\u00f3nico y ceramidas, esta crema no solo embellece, sino que tambi\u00e9n cuida la piel, proporcionando una hidrataci\u00f3n duradera y protecci\u00f3n contra los efectos del maquillaje.<\/p>\n<h3>Ingredientes claves<\/h3>\n<ul>\n<li>Acido Hialuronico.<\/li>\n<li>Ceramidas.<\/li>\n<li>Aceites vegetales.<\/li>\n<\/ul>\n<h3>Beneficios<\/h3>\n<ul>\n<li>Alta cobertura con un efecto natural.<\/li>\n<li>Unifica el tono de la piel y disimula las imperfecciones.<\/li>\n<li>Protecci\u00f3n solar SPF 50+ PA+++.<\/li>\n<li>Hidrata y mejora la textura de la piel.<\/li>\n<li>Efecto luminoso ligero y sofisticado.<\/li>\n<li>Textura ligera, no se siente pesada ni se cuartea.<\/li>\n<li>Ideal para uso diario.<\/li>\n<\/ul>\n<p>&nbsp;<\/p>\n<h3>Modo de uso<\/h3>\n<p>Aplicar uniformemente sobre el rostro limpio con una esponja de maquillaje o brocha hasta lograr la cobertura deseada.<\/p>\n","protected":false},"excerpt":{"rendered":"<p>BB CREAM PERFECT COVER SPF50+ Antiarrugas, blanqueador, protecci\u00f3n UV SPF50+, contiene \u00e1cido hialuronico. Si quieres una piel perfecta, protegida y<\/p>\n","protected":false},"featured_media":103795,"comment_status":"open","ping_status":"closed","template":"","meta":{"nf_dc_page":""},"product_brand":[2729],"product_cat":[95],"product_tag":[3732],"class_list":{"0":"post-103794","1":"product","2":"type-product","3":"status-publish","4":"has-post-thumbnail","6":"product_brand-omg-seoul-2","7":"product_cat-maquillaje","8":"product_tag-3732","10":"first","11":"instock","12":"shipping-taxable","13":"purchasable","14":"product-type-simple"},"_links":{"self":[{"href":"https:\/\/brandss.com.py\/index\/wp-json\/wp\/v2\/product\/103794","targetHints":{"allow":["GET"]}}],"collection":[{"href":"https:\/\/brandss.com.py\/index\/wp-json\/wp\/v2\/product"}],"about":[{"href":"https:\/\/brandss.com.py\/index\/wp-json\/wp\/v2\/types\/product"}],"replies":[{"embeddable":true,"href":"https:\/\/brandss.com.py\/index\/wp-json\/wp\/v2\/comments?post=103794"}],"version-history":[{"count":1,"href":"https:\/\/brandss.com.py\/index\/wp-json\/wp\/v2\/product\/103794\/revisions"}],"predecessor-version":[{"id":103801,"href":"https:\/\/brandss.com.py\/index\/wp-json\/wp\/v2\/product\/103794\/revisions\/103801"}],"wp:featuredmedia":[{"embeddable":true,"href":"https:\/\/brandss.com.py\/index\/wp-json\/wp\/v2\/media\/103795"}],"wp:attachment":[{"href":"https:\/\/brandss.com.py\/index\/wp-json\/wp\/v2\/media?parent=103794"}],"wp:term":[{"taxonomy":"product_brand","embeddable":true,"href":"https:\/\/brandss.com.py\/index\/wp-json\/wp\/v2\/product_brand?post=103794"},{"taxonomy":"product_cat","embeddable":true,"href":"https:\/\/brandss.com.py\/index\/wp-json\/wp\/v2\/product_cat?post=103794"},{"taxonomy":"product_tag","embeddable":true,"href":"https:\/\/brandss.com.py\/index\/wp-json\/wp\/v2\/product_tag?post=103794"}],"curies":[{"name":"wp","href":"https:\/\/api.w.org\/{rel}","templated":true}]}}