{"id":42167,"date":"2024-05-23T16:41:18","date_gmt":"2024-05-23T16:41:18","guid":{"rendered":"https:\/\/brandss.com.py\/index\/producto\/dsp-hand-mixer\/"},"modified":"2025-04-24T10:30:18","modified_gmt":"2025-04-24T10:30:18","slug":"dsp-hand-mixer","status":"publish","type":"product","link":"https:\/\/brandss.com.py\/index\/producto\/dsp-hand-mixer\/","title":{"rendered":"BATIDORA DSP DE MANO 100W"},"content":{"rendered":"<p><img loading=\"lazy\" decoding=\"async\" class=\"\" src=\"https:\/\/api.patentes-y-marcas.com\/uploads\/BOPIBrand_imagen\/dsp-a016000127.jpg\" alt=\"dsp - Informaci\u00f3n sobre la marca\" width=\"142\" height=\"59\" \/><\/p>\n<h1>KM2033<\/h1>\n<p>&nbsp;<\/p>\n<p>C\u00f3moda batidora de mano DSP KM-2033 con controles sencillos. Puede quitar los accesorios f\u00e1cil y r\u00e1pidamente con solo presionar el bot\u00f3n (\u201capagado\u201d). Para facilitar la realizaci\u00f3n de diversas funciones, existen 2 tipos de accesorios: batidores y ganchos para masa. El control de velocidad de 7 velocidades y el motor de 100 vatios le permiten mezclar ingredientes para una variedad de recetas, desde mezclar lentamente ingredientes grandes como nueces o chispas de chocolate en la velocidad 1, hasta batir claras de huevo o crema espesa en la velocidad 7.<\/p>\n<p>&nbsp;<\/p>\n<p><strong>Caracter\u00edsticas:<\/strong><\/p>\n<p>Tipo: Batidora de mano<br \/>\nPa\u00eds de fabricaci\u00f3n: China<br \/>\nPotencia: 100 W<br \/>\nN\u00famero de velocidades: 7<br \/>\nN\u00famero de accesorios: 2<br \/>\nAccesorios: batidores para batir, ganchos para masa<br \/>\nCaracter\u00edsticas: Protecci\u00f3n contra p\u00e9rdida accidental de accesorios, contra sobrecalentamiento<br \/>\nMaterial: Pl\u00e1stico<br \/>\nTama\u00f1o: 15x20x7 cm<\/p>\n<p><strong>Equipo: <\/strong><\/p>\n<p>Batidora<\/p>\n<p>1 par de batidores de huevos<\/p>\n<div id=\"pastingspan1\">1 par de amasadoras<\/div>\n","protected":false},"excerpt":{"rendered":"<p>KM2033 &nbsp; C\u00f3moda batidora de mano DSP KM-2033 con controles sencillos. Puede quitar los accesorios f\u00e1cil y r\u00e1pidamente con solo<\/p>\n","protected":false},"featured_media":52113,"comment_status":"open","ping_status":"closed","template":"","meta":{"nf_dc_page":""},"product_brand":[],"product_cat":[83],"product_tag":[],"class_list":{"0":"post-42167","1":"product","2":"type-product","3":"status-publish","4":"has-post-thumbnail","6":"product_cat-hogar","8":"first","9":"instock","10":"shipping-taxable","11":"purchasable","12":"product-type-simple"},"_links":{"self":[{"href":"https:\/\/brandss.com.py\/index\/wp-json\/wp\/v2\/product\/42167","targetHints":{"allow":["GET"]}}],"collection":[{"href":"https:\/\/brandss.com.py\/index\/wp-json\/wp\/v2\/product"}],"about":[{"href":"https:\/\/brandss.com.py\/index\/wp-json\/wp\/v2\/types\/product"}],"replies":[{"embeddable":true,"href":"https:\/\/brandss.com.py\/index\/wp-json\/wp\/v2\/comments?post=42167"}],"version-history":[{"count":3,"href":"https:\/\/brandss.com.py\/index\/wp-json\/wp\/v2\/product\/42167\/revisions"}],"predecessor-version":[{"id":52121,"href":"https:\/\/brandss.com.py\/index\/wp-json\/wp\/v2\/product\/42167\/revisions\/52121"}],"wp:featuredmedia":[{"embeddable":true,"href":"https:\/\/brandss.com.py\/index\/wp-json\/wp\/v2\/media\/52113"}],"wp:attachment":[{"href":"https:\/\/brandss.com.py\/index\/wp-json\/wp\/v2\/media?parent=42167"}],"wp:term":[{"taxonomy":"product_brand","embeddable":true,"href":"https:\/\/brandss.com.py\/index\/wp-json\/wp\/v2\/product_brand?post=42167"},{"taxonomy":"product_cat","embeddable":true,"href":"https:\/\/brandss.com.py\/index\/wp-json\/wp\/v2\/product_cat?post=42167"},{"taxonomy":"product_tag","embeddable":true,"href":"https:\/\/brandss.com.py\/index\/wp-json\/wp\/v2\/product_tag?post=42167"}],"curies":[{"name":"wp","href":"https:\/\/api.w.org\/{rel}","templated":true}]}}