{"id":42173,"date":"2024-05-23T16:41:20","date_gmt":"2024-05-23T16:41:20","guid":{"rendered":"https:\/\/brandss.com.py\/index\/producto\/dsp-shaver-clipper\/"},"modified":"2025-08-16T19:19:11","modified_gmt":"2025-08-16T19:19:11","slug":"dsp-shaver-clipper","status":"publish","type":"product","link":"https:\/\/brandss.com.py\/index\/producto\/dsp-shaver-clipper\/","title":{"rendered":"AFEITADORA DSP EL\u00c9CTRICO RESISTENTE AL AGUA"},"content":{"rendered":"<p><img loading=\"lazy\" decoding=\"async\" class=\"\" src=\"https:\/\/api.patentes-y-marcas.com\/uploads\/BOPIBrand_imagen\/dsp-a016000127.jpg\" alt=\"dsp - Informaci\u00f3n sobre la marca\" width=\"182\" height=\"76\" \/><\/p>\n<h1>60102<\/h1>\n<p><strong><span>Maquinilla de afeitar el\u00e9ctrica con l\u00e1minas DSP 60102<\/span><\/strong><span>\u00a0: sigue idealmente cada curva del rostro, haciendo que el afeitado sea impecable. Puedes utilizarlo en rostro, cuello e incluso barbilla, olvid\u00e1ndote para siempre de que afeitarte es un inconveniente. Esta afeitadora el\u00e9ctrica es una excelente soluci\u00f3n para pieles sensibles, ya que no causa absolutamente ninguna irritaci\u00f3n. Adecuado para\u00a0<\/span>afeitado en h\u00famedo y en seco\u00a0, ya que esta afeitadora tiene\u00a0un \u00edndice de protecci\u00f3n contra el agua IPX4<span>\u00a0. Esta afeitadora es f\u00e1cil de llevar de viaje porque es compacta y cabe perfectamente en cualquier bolso.<\/span><\/p>\n<h3><strong><span>PECULIARIDADES:<\/span><\/strong><\/h3>\n<ul>\n<li><strong><span>Alimentado a trav\u00e9s de USB.<\/span><\/strong><span>\u00a0\u00a0La afeitadora el\u00e9ctrica se puede conectar a cualquier dispositivo con un puerto de carga USB, lo que la hace muy c\u00f3moda de usar.<\/span><\/li>\n<li><strong><span>Bajo consumo de energ\u00eda.<\/span><\/strong><span>\u00a0La afeitadora el\u00e9ctrica consume s\u00f3lo 5 W de energ\u00eda, lo que ayuda a ahorrar electricidad y prolongar el tiempo de funcionamiento del dispositivo.<\/span><\/li>\n<li><strong><span>Bater\u00eda de iones de litio.<\/span><\/strong><span>\u00a0La afeitadora el\u00e9ctrica est\u00e1 equipada con una bater\u00eda de iones de litio, que garantiza un funcionamiento estable y duradero del dispositivo.<\/span><\/li>\n<li><strong><span>Capacidad de la bater\u00eda.\u00a0<\/span><\/strong><span>\u00a0La bater\u00eda de la afeitadora el\u00e9ctrica tiene una capacidad de 3,7V 600mAh, lo que permite utilizarla durante m\u00e1s de una hora sin recargarla.<\/span><\/li>\n<li><strong><span>Motor de alta calidad.<\/span><\/strong><span>\u00a0\u00a0La afeitadora el\u00e9ctrica est\u00e1 equipada con un motor modelo FF-280SH-3545V, que proporciona una alta velocidad de rotaci\u00f3n (7300-8300 rpm), lo que le permite afeitarse de manera efectiva.<\/span><\/li>\n<li><strong><span>Carga r\u00e1pida.\u00a0<\/span><\/strong><span>\u00a0La afeitadora el\u00e9ctrica se carga completamente en tan solo 1,5 horas, lo que reduce significativamente el tiempo de espera antes de su uso.<\/span><\/li>\n<li><strong><span>Largo tiempo de trabajo.\u00a0<\/span><\/strong><span>\u00a0Una vez cargada por completo, la afeitadora el\u00e9ctrica puede funcionar durante m\u00e1s de 1 hora sin interrupci\u00f3n, proporcionando un afeitado prolongado e ininterrumpido.<\/span><\/li>\n<li><strong><span>Impermeable.<\/span><\/strong><span>\u00a0\u00a0La afeitadora el\u00e9ctrica tiene un est\u00e1ndar de protecci\u00f3n IPX4, lo que significa que est\u00e1 protegida contra salpicaduras de agua. Esto le permite usarlo mientras se ducha o dispensa agua.<\/span><\/li>\n<li><strong><span>Conexi\u00f3n y uso.<\/span><\/strong><span>\u00a0\u00a0La afeitadora el\u00e9ctrica es plug and play, lo que significa que se puede enchufar y utilizar nada m\u00e1s sacarla de la caja, sin necesidad de instalar ning\u00fan software adicional.<\/span><\/li>\n<li><strong><span>Protecci\u00f3n contra el sobrecalentamiento.\u00a0<\/span><\/strong><span>\u00a0La afeitadora el\u00e9ctrica est\u00e1 equipada con un sistema de protecci\u00f3n contra sobrecalentamiento, que garantiza la seguridad de uso del dispositivo y prolonga su vida \u00fatil.<\/span><\/li>\n<li><strong><span>Indicador de carga de la bater\u00eda.\u00a0<\/span><\/strong><span>\u00a0La afeitadora el\u00e9ctrica tiene un indicador que cambia de color a azul cuando la bater\u00eda est\u00e1 completamente cargada y a rojo cuando la carga de la bater\u00eda es insuficiente. Esto ayuda a controlar el nivel de carga.<\/span><\/li>\n<\/ul>\n<h3><strong><span>CARACTER\u00cdSTICAS:<\/span><\/strong><\/h3>\n<ul>\n<li><span>Tipo: Afeitadora el\u00e9ctrica<\/span><\/li>\n<li><span>Sistema de afeitado: Malla<\/span><\/li>\n<li><span>M\u00e9todo de afeitado: seco, h\u00famedo<\/span><\/li>\n<li><span>Energ\u00eda: Recargable<\/span><\/li>\n<li><span>Bater\u00eda: iones de litio<\/span><\/li>\n<li><span>Capacidad de la bater\u00eda: 3,7 V 600 mAh*1<\/span><\/li>\n<li><span>Modelo de motor: FF-280SH-3545V<\/span><\/li>\n<li><span>Carga: USB<\/span><\/li>\n<li><span>Potencia: 5W<\/span><\/li>\n<li><span>Tiempo de carga: aproximadamente 1,5 horas<\/span><\/li>\n<li><span>Tiempo de trabajo: m\u00e1s de 1 hora<\/span><\/li>\n<li><span>Velocidad de rotaci\u00f3n: 7300-8300 rpm<\/span><\/li>\n<li><span>Resistente al agua: IPX4<\/span><\/li>\n<li><span>N\u00famero de cabezales de afeitado: 2<\/span><\/li>\n<li><span>Material de la hoja: Acero inoxidable<\/span><\/li>\n<\/ul>\n<h3><strong><span>EQUIPO:<\/span><\/strong><\/h3>\n<ul>\n<li><span>Afeitadora el\u00e9ctrica\u00a0<\/span><strong><span>DSP 60102<\/span><\/strong><\/li>\n<li><span>Cubierta protectora<\/span><\/li>\n<li><span>cable USB<\/span><\/li>\n<li><span>Cepillo de limpieza<\/span><\/li>\n<li><span>Instrucciones de uso<\/span><\/li>\n<li><span>Caja de cart\u00f3n de marca<\/span><\/li>\n<\/ul>\n","protected":false},"excerpt":{"rendered":"<p>60102 Maquinilla de afeitar el\u00e9ctrica con l\u00e1minas DSP 60102\u00a0: sigue idealmente cada curva del rostro, haciendo que el afeitado sea<\/p>\n","protected":false},"featured_media":52098,"comment_status":"open","ping_status":"closed","template":"","meta":{"nf_dc_page":""},"product_brand":[],"product_cat":[77],"product_tag":[],"class_list":{"0":"post-42173","1":"product","2":"type-product","3":"status-publish","4":"has-post-thumbnail","6":"product_cat-accesorios-masc","8":"first","9":"instock","10":"shipping-taxable","11":"purchasable","12":"product-type-simple"},"_links":{"self":[{"href":"https:\/\/brandss.com.py\/index\/wp-json\/wp\/v2\/product\/42173","targetHints":{"allow":["GET"]}}],"collection":[{"href":"https:\/\/brandss.com.py\/index\/wp-json\/wp\/v2\/product"}],"about":[{"href":"https:\/\/brandss.com.py\/index\/wp-json\/wp\/v2\/types\/product"}],"replies":[{"embeddable":true,"href":"https:\/\/brandss.com.py\/index\/wp-json\/wp\/v2\/comments?post=42173"}],"version-history":[{"count":2,"href":"https:\/\/brandss.com.py\/index\/wp-json\/wp\/v2\/product\/42173\/revisions"}],"predecessor-version":[{"id":52111,"href":"https:\/\/brandss.com.py\/index\/wp-json\/wp\/v2\/product\/42173\/revisions\/52111"}],"wp:featuredmedia":[{"embeddable":true,"href":"https:\/\/brandss.com.py\/index\/wp-json\/wp\/v2\/media\/52098"}],"wp:attachment":[{"href":"https:\/\/brandss.com.py\/index\/wp-json\/wp\/v2\/media?parent=42173"}],"wp:term":[{"taxonomy":"product_brand","embeddable":true,"href":"https:\/\/brandss.com.py\/index\/wp-json\/wp\/v2\/product_brand?post=42173"},{"taxonomy":"product_cat","embeddable":true,"href":"https:\/\/brandss.com.py\/index\/wp-json\/wp\/v2\/product_cat?post=42173"},{"taxonomy":"product_tag","embeddable":true,"href":"https:\/\/brandss.com.py\/index\/wp-json\/wp\/v2\/product_tag?post=42173"}],"curies":[{"name":"wp","href":"https:\/\/api.w.org\/{rel}","templated":true}]}}