{"id":42195,"date":"2024-05-23T16:41:27","date_gmt":"2024-05-23T16:41:27","guid":{"rendered":"https:\/\/brandss.com.py\/index\/producto\/dsp-washable-shaver\/"},"modified":"2024-12-19T18:33:55","modified_gmt":"2024-12-19T18:33:55","slug":"dsp-washable-shaver","status":"publish","type":"product","link":"https:\/\/brandss.com.py\/index\/producto\/dsp-washable-shaver\/","title":{"rendered":"AFEITADORA DSP EL\u00c9CTICA ROTATIVA RECARGABLE"},"content":{"rendered":"<p><img loading=\"lazy\" decoding=\"async\" class=\"\" src=\"https:\/\/api.patentes-y-marcas.com\/uploads\/BOPIBrand_imagen\/dsp-a016000127.jpg\" alt=\"dsp - Informaci\u00f3n sobre la marca\" width=\"168\" height=\"70\" \/><\/p>\n<h1>60014<\/h1>\n<div class=\"ng-star-inserted\">\n<div class=\"product-about__description-content text text-overflow text-overflow-bottom-overlay ng-tns-c376246349-6 ng-trigger ng-trigger-rzToggleAnimation ng-star-inserted open\">\n<div class=\"ng-tns-c376246349-6\">\n<p>Una afeitadora el\u00e9ctrica moderna es<span>\u00a0un asistente indispensable para todo hombre que prefiere un afeitado regular de alta calidad, sin residuos de barba.<\/span><\/p>\n<p><span>Afeitadora de barba el\u00e9ctrica rotativa DSP-60014: esta afeitadora inal\u00e1mbrica est\u00e1 dise\u00f1ada espec\u00edficamente para hombres que siempre quieren verse bien.<\/span><\/p>\n<p><span>Una afeitadora el\u00e9ctrica en seco y h\u00famedo con cabezales flotantes es una alternativa sencilla y funcional a las voluminosas afeitadoras el\u00e9ctricas.<\/span><\/p>\n<p>El modelo cuenta con 3\u00a0cabezales de afeitado<span>\u00a0flotantes , que est\u00e1n en m\u00e1ximo contacto con la piel del rostro, proporcionando un afeitado c\u00f3modo y f\u00e1cil. Ligero y c\u00f3modo de usar. Hay una hoja triple de acero inoxidable. Tiempo de carga 6 horas.<\/span><\/p>\n<p><span>La afeitadora el\u00e9ctrica funciona con una bater\u00eda incorporada que debe cargarse seg\u00fan sea necesario. Las afiladas cuchillas de la m\u00e1quina afeitan suavemente sin dejar cortes ni irritaciones en la piel.<\/span><\/p>\n<p>El dise\u00f1o moderno y elegante<span>\u00a0de la m\u00e1quina atraer\u00e1 a hombres de cualquier edad. El tama\u00f1o compacto de la afeitadora te permitir\u00e1 llevarla contigo en viajes largos, viajes de negocios o viajes.<\/span><\/p>\n<p><b><span>Peculiaridades:<\/span><\/b><\/p>\n<ul>\n<li><span>Triple hoja<\/span><\/li>\n<li><span>Alto rendimiento<\/span><\/li>\n<li><span>Ruido bajo<\/span><\/li>\n<li><span>Facil de mantener.<\/span><\/li>\n<\/ul>\n<p><b><span>Caracter\u00edsticas:<\/span><\/b><\/p>\n<ul>\n<li><span>Tipo de afeitadora el\u00e9ctrica: rotativa<\/span><\/li>\n<li><span>Tipo de alimentaci\u00f3n: bater\u00eda, red de 220 V.<\/span><\/li>\n<li><span>N\u00famero de cabezales de afeitado: 3<\/span><\/li>\n<li><span>Cabezales de afeitado flotantes: s\u00ed<\/span><\/li>\n<li><span>Estado: Nuevo<\/span><\/li>\n<li><span>Tiempo de carga: 4h<\/span><\/li>\n<li><span>Indicador de carga: s\u00ed<\/span><\/li>\n<\/ul>\n<p><b><span>Equipo:<\/span><\/b><\/p>\n<ul>\n<li><span>Afeitadora de barba el\u00e9ctrica rotativa DSP-60014<\/span><\/li>\n<li><span>Fuente de alimentaci\u00f3n, estaci\u00f3n de carga.<\/span><\/li>\n<li><span>Instrucciones<\/span><\/li>\n<li><span>Embalaje de f\u00e1brica<\/span><\/li>\n<\/ul>\n<\/div>\n<\/div>\n<\/div>\n","protected":false},"excerpt":{"rendered":"<p>60014 Una afeitadora el\u00e9ctrica moderna es\u00a0un asistente indispensable para todo hombre que prefiere un afeitado regular de alta calidad, sin<\/p>\n","protected":false},"featured_media":52061,"comment_status":"open","ping_status":"closed","template":"","meta":{"nf_dc_page":""},"product_brand":[],"product_cat":[77],"product_tag":[],"class_list":{"0":"post-42195","1":"product","2":"type-product","3":"status-publish","4":"has-post-thumbnail","6":"product_cat-accesorios-masc","8":"first","9":"instock","10":"shipping-taxable","11":"purchasable","12":"product-type-simple"},"_links":{"self":[{"href":"https:\/\/brandss.com.py\/index\/wp-json\/wp\/v2\/product\/42195","targetHints":{"allow":["GET"]}}],"collection":[{"href":"https:\/\/brandss.com.py\/index\/wp-json\/wp\/v2\/product"}],"about":[{"href":"https:\/\/brandss.com.py\/index\/wp-json\/wp\/v2\/types\/product"}],"replies":[{"embeddable":true,"href":"https:\/\/brandss.com.py\/index\/wp-json\/wp\/v2\/comments?post=42195"}],"version-history":[{"count":2,"href":"https:\/\/brandss.com.py\/index\/wp-json\/wp\/v2\/product\/42195\/revisions"}],"predecessor-version":[{"id":52070,"href":"https:\/\/brandss.com.py\/index\/wp-json\/wp\/v2\/product\/42195\/revisions\/52070"}],"wp:featuredmedia":[{"embeddable":true,"href":"https:\/\/brandss.com.py\/index\/wp-json\/wp\/v2\/media\/52061"}],"wp:attachment":[{"href":"https:\/\/brandss.com.py\/index\/wp-json\/wp\/v2\/media?parent=42195"}],"wp:term":[{"taxonomy":"product_brand","embeddable":true,"href":"https:\/\/brandss.com.py\/index\/wp-json\/wp\/v2\/product_brand?post=42195"},{"taxonomy":"product_cat","embeddable":true,"href":"https:\/\/brandss.com.py\/index\/wp-json\/wp\/v2\/product_cat?post=42195"},{"taxonomy":"product_tag","embeddable":true,"href":"https:\/\/brandss.com.py\/index\/wp-json\/wp\/v2\/product_tag?post=42195"}],"curies":[{"name":"wp","href":"https:\/\/api.w.org\/{rel}","templated":true}]}}