{"id":42205,"date":"2024-05-23T16:41:30","date_gmt":"2024-05-23T16:41:30","guid":{"rendered":"https:\/\/brandss.com.py\/index\/producto\/dsp-hand-mixer-300w\/"},"modified":"2025-04-04T10:46:59","modified_gmt":"2025-04-04T10:46:59","slug":"dsp-hand-mixer-300w","status":"publish","type":"product","link":"https:\/\/brandss.com.py\/index\/producto\/dsp-hand-mixer-300w\/","title":{"rendered":"BATIDORA DSP MANUAL 300W"},"content":{"rendered":"<p><img loading=\"lazy\" decoding=\"async\" class=\"\" src=\"https:\/\/api.patentes-y-marcas.com\/uploads\/BOPIBrand_imagen\/dsp-a016000127.jpg\" alt=\"dsp - Informaci\u00f3n sobre la marca\" width=\"156\" height=\"65\" \/><\/p>\n<h1>KM2071<\/h1>\n<p><span>Btidora manual con motor 5525 totalmente de cobre, c<\/span><span>able de alimentaci\u00f3n totalmente de cobre. <\/span><span>Con dos juegos de varillas para revolver. <\/span><span>Gran potencia interpreta vigor, calienta 300W, facilita la cocci\u00f3n. <\/span><span>Est\u00e9reo de configuraci\u00f3n de dos barras. <\/span><span>En el \u00e9mbolo: configuraci\u00f3n de doble varilla, enviada uniformemente. <\/span><span>Bot\u00f3n de interruptor: ajuste de velocidad de cinco velocidades, una tecla para devolver el palo. <\/span><span>El potente motor puede darle forma a la clara de huevo en 30 segundos. <\/span><span>Disipaci\u00f3n de calor multidireccional. El motor no se sobrecalienta. <\/span><span>Sistema de enfriamiento r\u00e1pido, m\u00e1s r\u00e1pido y duradero.<\/span><\/p>\n<p><strong><span>Especificaciones:<\/span><\/strong><\/p>\n<p><span>Marca: DSP<\/span><\/p>\n<p><span>Modelo: KM2071<\/span><\/p>\n<p><span>Voltaje: 220-240V~50\/60Hz<\/span><\/p>\n<p><span>Salida: 300W<\/span><\/p>\n<p><span>5525 motor de cobre completo<\/span><\/p>\n<p><span>Cable de alimentaci\u00f3n de cobre completo<\/span><\/p>\n<p><span>Con dos juegos de varillas para agitar.<\/span><\/p>\n<p><span>Cinco velocidades<\/span><\/p>\n<div id=\"pastingspan1\"><span>Material: ABS + acero inoxidable<\/span><\/div>\n","protected":false},"excerpt":{"rendered":"<p>KM2071 Btidora manual con motor 5525 totalmente de cobre, cable de alimentaci\u00f3n totalmente de cobre. Con dos juegos de varillas<\/p>\n","protected":false},"featured_media":52005,"comment_status":"open","ping_status":"closed","template":"","meta":{"nf_dc_page":""},"product_brand":[],"product_cat":[83],"product_tag":[],"class_list":{"0":"post-42205","1":"product","2":"type-product","3":"status-publish","4":"has-post-thumbnail","6":"product_cat-hogar","8":"first","9":"instock","10":"shipping-taxable","11":"purchasable","12":"product-type-simple"},"_links":{"self":[{"href":"https:\/\/brandss.com.py\/index\/wp-json\/wp\/v2\/product\/42205","targetHints":{"allow":["GET"]}}],"collection":[{"href":"https:\/\/brandss.com.py\/index\/wp-json\/wp\/v2\/product"}],"about":[{"href":"https:\/\/brandss.com.py\/index\/wp-json\/wp\/v2\/types\/product"}],"replies":[{"embeddable":true,"href":"https:\/\/brandss.com.py\/index\/wp-json\/wp\/v2\/comments?post=42205"}],"version-history":[{"count":2,"href":"https:\/\/brandss.com.py\/index\/wp-json\/wp\/v2\/product\/42205\/revisions"}],"predecessor-version":[{"id":52015,"href":"https:\/\/brandss.com.py\/index\/wp-json\/wp\/v2\/product\/42205\/revisions\/52015"}],"wp:featuredmedia":[{"embeddable":true,"href":"https:\/\/brandss.com.py\/index\/wp-json\/wp\/v2\/media\/52005"}],"wp:attachment":[{"href":"https:\/\/brandss.com.py\/index\/wp-json\/wp\/v2\/media?parent=42205"}],"wp:term":[{"taxonomy":"product_brand","embeddable":true,"href":"https:\/\/brandss.com.py\/index\/wp-json\/wp\/v2\/product_brand?post=42205"},{"taxonomy":"product_cat","embeddable":true,"href":"https:\/\/brandss.com.py\/index\/wp-json\/wp\/v2\/product_cat?post=42205"},{"taxonomy":"product_tag","embeddable":true,"href":"https:\/\/brandss.com.py\/index\/wp-json\/wp\/v2\/product_tag?post=42205"}],"curies":[{"name":"wp","href":"https:\/\/api.w.org\/{rel}","templated":true}]}}