{"id":42226,"date":"2024-05-23T16:41:41","date_gmt":"2024-05-23T16:41:41","guid":{"rendered":"https:\/\/brandss.com.py\/index\/producto\/dsp-hair-dryer-1200w\/"},"modified":"2025-12-05T10:52:43","modified_gmt":"2025-12-05T10:52:43","slug":"dsp-hair-dryer-1200w","status":"publish","type":"product","link":"https:\/\/brandss.com.py\/index\/producto\/dsp-hair-dryer-1200w\/","title":{"rendered":"SECADOR DSP HAIR DRYER 1200W"},"content":{"rendered":"<p><img loading=\"lazy\" decoding=\"async\" class=\"\" src=\"https:\/\/api.patentes-y-marcas.com\/uploads\/BOPIBrand_imagen\/dsp-a016000127.jpg\" alt=\"dsp - Informaci\u00f3n sobre la marca\" width=\"178\" height=\"74\" \/><\/p>\n<h1>30253<\/h1>\n<p><span>El sue\u00f1o de toda mujer es tener un cabello sano, brillante y grueso; el dispositivo es <\/span><span>m\u00e1s pr\u00e1ctico.\u00a0<\/span>El secador de pelo DSP 30253<span> es un dispositivo potente pero incre\u00edblemente ligero que <\/span><span>se convertir\u00e1 en un accesorio importante en tu arsenal de productos para el cuidado del cabello.<\/span><\/p>\n<p><span>Tiene varios niveles de velocidad. Gracias a sus 1200 W de potencia podr\u00e1s <\/span><span>secar tu cabello muy r\u00e1pidamente, y tu rutina diaria de peinado <\/span><span>se convertir\u00e1 en una experiencia r\u00e1pida y agradable. Cuida adecuadamente tu cabello <\/span><span>con\u00a0<\/span>DSP 30253.<\/p>\n<p><b><span>Ventajas:<\/span><\/b><\/p>\n<ul>\n<li><span>El secador de pelo tiene un tama\u00f1o compacto y un mango c\u00f3modo<\/span><\/li>\n<li><span>Equipado con un concentrador que aumenta el flujo de aire y permite dirigirlo en la direcci\u00f3n requerida<\/span><\/li>\n<li><span>Tiene varios modos de temperatura y niveles de velocidad, as\u00ed como un sistema de soplado de aire fr\u00edo<\/span><\/li>\n<li><span>Si te encanta viajar, este secador de pelo es compacto y port\u00e1til y no ocupar\u00e1 mucho espacio en tu bolso.<\/span><\/li>\n<\/ul>\n<p><b><span>Caracter\u00edsticas:<\/span><\/b><\/p>\n<ul>\n<li><span><strong>Voltaje:<\/strong> 220-240 VCC ~50\/60 Hz<\/span><\/li>\n<li><span><strong>Potencia:<\/strong> 1200W<\/span><\/li>\n<li><span><strong>Material:<\/strong> pl\u00e1stico ABS<\/span><\/li>\n<li><span>Dos velocidades y dos opciones de temperatura.<\/span><\/li>\n<li><span>Con funci\u00f3n de aire fr\u00edo<\/span><\/li>\n<li><span>Funci\u00f3n de protecci\u00f3n contra sobrecalentamiento<\/span><\/li>\n<li><span>Velocidad de rotaci\u00f3n: 32000 rpm<\/span><\/li>\n<li><span>Con buje<\/span><\/li>\n<li><span>Aire fr\u00edo: S\u00ed<\/span><\/li>\n<li><span>N\u00famero de velocidades: 2.0<\/span><\/li>\n<li><span>N\u00famero de ajustes de temperatura: 2<\/span><\/li>\n<\/ul>\n<p><b><span>Equipo:<\/span><\/b><\/p>\n<ol>\n<li><span>Secador de pelo.<\/span><\/li>\n<li><span>Caja.<\/span><\/li>\n<\/ol>\n","protected":false},"excerpt":{"rendered":"<p>30253 El sue\u00f1o de toda mujer es tener un cabello sano, brillante y grueso; el dispositivo es m\u00e1s pr\u00e1ctico.\u00a0El secador<\/p>\n","protected":false},"featured_media":51917,"comment_status":"open","ping_status":"closed","template":"","meta":{"nf_dc_page":""},"product_brand":[],"product_cat":[74],"product_tag":[],"class_list":{"0":"post-42226","1":"product","2":"type-product","3":"status-publish","4":"has-post-thumbnail","6":"product_cat-accesorios-fem","8":"first","9":"instock","10":"shipping-taxable","11":"purchasable","12":"product-type-simple"},"_links":{"self":[{"href":"https:\/\/brandss.com.py\/index\/wp-json\/wp\/v2\/product\/42226","targetHints":{"allow":["GET"]}}],"collection":[{"href":"https:\/\/brandss.com.py\/index\/wp-json\/wp\/v2\/product"}],"about":[{"href":"https:\/\/brandss.com.py\/index\/wp-json\/wp\/v2\/types\/product"}],"replies":[{"embeddable":true,"href":"https:\/\/brandss.com.py\/index\/wp-json\/wp\/v2\/comments?post=42226"}],"version-history":[{"count":2,"href":"https:\/\/brandss.com.py\/index\/wp-json\/wp\/v2\/product\/42226\/revisions"}],"predecessor-version":[{"id":51925,"href":"https:\/\/brandss.com.py\/index\/wp-json\/wp\/v2\/product\/42226\/revisions\/51925"}],"wp:featuredmedia":[{"embeddable":true,"href":"https:\/\/brandss.com.py\/index\/wp-json\/wp\/v2\/media\/51917"}],"wp:attachment":[{"href":"https:\/\/brandss.com.py\/index\/wp-json\/wp\/v2\/media?parent=42226"}],"wp:term":[{"taxonomy":"product_brand","embeddable":true,"href":"https:\/\/brandss.com.py\/index\/wp-json\/wp\/v2\/product_brand?post=42226"},{"taxonomy":"product_cat","embeddable":true,"href":"https:\/\/brandss.com.py\/index\/wp-json\/wp\/v2\/product_cat?post=42226"},{"taxonomy":"product_tag","embeddable":true,"href":"https:\/\/brandss.com.py\/index\/wp-json\/wp\/v2\/product_tag?post=42226"}],"curies":[{"name":"wp","href":"https:\/\/api.w.org\/{rel}","templated":true}]}}