{"id":42281,"date":"2024-05-23T16:42:03","date_gmt":"2024-05-23T16:42:03","guid":{"rendered":"https:\/\/brandss.com.py\/index\/producto\/dsp-curling-iron-9mm\/"},"modified":"2025-03-27T16:13:04","modified_gmt":"2025-03-27T16:13:04","slug":"dsp-curling-iron-9mm","status":"publish","type":"product","link":"https:\/\/brandss.com.py\/index\/producto\/dsp-curling-iron-9mm\/","title":{"rendered":"RIZADOR DSP CURLING IRON 9MM"},"content":{"rendered":"<h1><img loading=\"lazy\" decoding=\"async\" class=\"\" src=\"https:\/\/api.patentes-y-marcas.com\/uploads\/BOPIBrand_imagen\/dsp-a016000127.jpg\" alt=\"dsp - Informaci\u00f3n sobre la marca\" width=\"149\" height=\"62\" \/><\/h1>\n<h1 class=\"h2 bold ng-star-inserted\"><span>20105 9MM<\/span><\/h1>\n<p>&nbsp;<\/p>\n<p>Rizador de Cabello con\u00a0\u00a0Efecto\u00a0\u00a0Afro Curl\u00a0<span>\u00a0DSP 20105 Profi, 9 mm es un rizador innovador que permite crear rizos peque\u00f1os s\u00faper densos y perfectamente formados. Su cilindro cer\u00e1mico de 9 mm se complementa con un revestimiento cer\u00e1mico de turmalina que no s\u00f3lo protege el cabello del da\u00f1o, sino que tambi\u00e9n aporta brillo. El termostato digital funciona de 250 \u00b0F a 450 \u00b0F (Fahrenheit), lo que se traduce en 121\u00a0\u00a0<\/span><span>\u00b0C a 232\u00a0\u00a0<\/span><span>\u00b0\u00a0<\/span><span>C\u00a0\u00a0(Celsius)\u00a0\u00a0y es adecuado para todo tipo de cabello.<\/span><\/p>\n<p><span>El\u00a0 rizador\u00a0<\/span><span>Profi DSP 20105\u00a0<\/span><span>\u00a0no requiere habilidades especiales de manejo, pero permite crear r\u00e1pida y f\u00e1cilmente rizos voluminosos en cabello de cualquier longitud. La temperatura de calentamiento de las placas tiene un amplio rango, lo que permite su uso para diferentes tipos de cabello.<\/span><\/p>\n<p><b><span>Especificaciones:<\/span><\/b><\/p>\n<p><span>Potencia 35 W.<\/span><br \/>\n<span>Luz indicadora de funcionamiento.<\/span><br \/>\n<span>La escala de temperatura.<\/span><br \/>\n<span>Boton de encendido \/ apagado<\/span><br \/>\n<span>Rotaci\u00f3n del cable de 360 \u200b\u200bgrados.<\/span><br \/>\n<span>Punta aislada t\u00e9rmicamente.<\/span><br \/>\n<span>Soporte estable para superficie horizontal.<\/span><br \/>\n<span>Fuente de alimentaci\u00f3n\u00a0\u00a0<\/span><span>110-240 V<\/span><span>\u00a0\u00a0V 50-60 Hz;<\/span><\/p>\n","protected":false},"excerpt":{"rendered":"<p>20105 9MM &nbsp; Rizador de Cabello con\u00a0\u00a0Efecto\u00a0\u00a0Afro Curl\u00a0\u00a0DSP 20105 Profi, 9 mm es un rizador innovador que permite crear rizos<\/p>\n","protected":false},"featured_media":51852,"comment_status":"open","ping_status":"closed","template":"","meta":{"nf_dc_page":""},"product_brand":[],"product_cat":[74],"product_tag":[],"class_list":{"0":"post-42281","1":"product","2":"type-product","3":"status-publish","4":"has-post-thumbnail","6":"product_cat-accesorios-fem","8":"first","9":"instock","10":"shipping-taxable","11":"purchasable","12":"product-type-simple"},"_links":{"self":[{"href":"https:\/\/brandss.com.py\/index\/wp-json\/wp\/v2\/product\/42281","targetHints":{"allow":["GET"]}}],"collection":[{"href":"https:\/\/brandss.com.py\/index\/wp-json\/wp\/v2\/product"}],"about":[{"href":"https:\/\/brandss.com.py\/index\/wp-json\/wp\/v2\/types\/product"}],"replies":[{"embeddable":true,"href":"https:\/\/brandss.com.py\/index\/wp-json\/wp\/v2\/comments?post=42281"}],"version-history":[{"count":2,"href":"https:\/\/brandss.com.py\/index\/wp-json\/wp\/v2\/product\/42281\/revisions"}],"predecessor-version":[{"id":51861,"href":"https:\/\/brandss.com.py\/index\/wp-json\/wp\/v2\/product\/42281\/revisions\/51861"}],"wp:featuredmedia":[{"embeddable":true,"href":"https:\/\/brandss.com.py\/index\/wp-json\/wp\/v2\/media\/51852"}],"wp:attachment":[{"href":"https:\/\/brandss.com.py\/index\/wp-json\/wp\/v2\/media?parent=42281"}],"wp:term":[{"taxonomy":"product_brand","embeddable":true,"href":"https:\/\/brandss.com.py\/index\/wp-json\/wp\/v2\/product_brand?post=42281"},{"taxonomy":"product_cat","embeddable":true,"href":"https:\/\/brandss.com.py\/index\/wp-json\/wp\/v2\/product_cat?post=42281"},{"taxonomy":"product_tag","embeddable":true,"href":"https:\/\/brandss.com.py\/index\/wp-json\/wp\/v2\/product_tag?post=42281"}],"curies":[{"name":"wp","href":"https:\/\/api.w.org\/{rel}","templated":true}]}}