{"id":42290,"date":"2024-05-23T16:42:05","date_gmt":"2024-05-23T16:42:05","guid":{"rendered":"https:\/\/brandss.com.py\/index\/producto\/dsp-hair-clipper-transparent-8w\/"},"modified":"2025-03-27T16:12:39","modified_gmt":"2025-03-27T16:12:39","slug":"dsp-hair-clipper-transparent-8w","status":"publish","type":"product","link":"https:\/\/brandss.com.py\/index\/producto\/dsp-hair-clipper-transparent-8w\/","title":{"rendered":"CORTA PELO DSP RECARGABLE CON PANTALLA LED TRANSPARENT 8W"},"content":{"rendered":"<p><img loading=\"lazy\" decoding=\"async\" class=\"\" src=\"https:\/\/api.patentes-y-marcas.com\/uploads\/BOPIBrand_imagen\/dsp-a016000127.jpg\" alt=\"dsp - Informaci\u00f3n sobre la marca\" width=\"144\" height=\"60\" \/><\/p>\n<h1>90460<\/h1>\n<p>&nbsp;<\/p>\n<p><span class=\"a-list-item\">Satisface tanto las necesidades de afeitado como de corte de pelo: esta vers\u00e1til m\u00e1quina de corte de pelo con palanca de ajuste incluye 4 peines de l\u00edmite de color (0.118 in, 0.236 in, 0.394 in, 0.512 in), que combinan las funciones de una cortadora de pelo y recortadora de barba en una m\u00e1quina. Puede satisfacer tu necesidad de recortar la cabeza y la cara, al mismo tiempo que no da\u00f1ar\u00e1 la piel.<\/span><\/p>\n<p><span class=\"a-list-item\">Pantalla LED: los cortapelos inal\u00e1mbricos DSP para hombres profesionales con pantalla LCD tienen un logotipo de carga de l\u00e1mpara de aceite el\u00e9ctrico. Puede obtener intuitivamente informaci\u00f3n relevante como electricidad. <\/span><\/p>\n<p><span class=\"a-list-item\">Carga inal\u00e1mbrica y USB Las cortapelos inal\u00e1mbricas para hombres vienen con una potente bater\u00eda recargable que puede funcionar durante m\u00e1s de 180 minutos con una carga completa. Con carga USB, puedes cargar a trav\u00e9s del autom\u00f3vil, computadora y otras ocasiones con una interfaz USB; mientras que la cortadora de pelo para hombres se est\u00e1 cargando, puedes dejar el cargador y utilizar la m\u00e1xima movilidad y comodidad al mismo tiempo.<\/span><\/p>\n<p><span class=\"a-list-item\">Potente motor: este cortapelos profesional adopta un potente motor de 8 W con una velocidad de 5800 RPM, excelente rendimiento y larga vida \u00fatil, que puede proporcionar cortes afilados y eficientes.<\/span><\/p>\n<p><span class=\"a-list-item\">Bater\u00eda de larga duraci\u00f3n: las cortadoras de pelo para corte de pelo se utilizan mientras se carga, y se pueden utilizar durante m\u00e1s de 180 minutos cuando est\u00e1n completamente cargadas. Se puede llevar a cualquier lugar y es perfecto para el uso diario y el trabajo al aire libre.<\/span><\/p>\n<div class=\"pro_tit\"><strong>Detalles de producto:<\/strong><\/div>\n<div><\/div>\n<div id=\"pastingspan1\"><span><strong>Voltaje:<\/strong> 220-240V~50\/60Hz<\/span><\/div>\n<div id=\"pastingspan1\"><span><strong>Potencia:<\/strong> 8W<\/span><\/div>\n<div id=\"pastingspan1\"><span><strong>Bater\u00eda:<\/strong> bater\u00eda de litio<\/span><\/div>\n<div id=\"pastingspan1\"><span><strong>Capacidad de la bater\u00eda:<\/strong> 2500 mAh<\/span><\/div>\n<div id=\"pastingspan1\"><span><strong>Modelo de motor:<\/strong> 390PA-4447V<\/span><\/div>\n<div id=\"pastingspan1\"><span><strong>Tiempo de carga:<\/strong> 3 horas<\/span><\/div>\n<div id=\"pastingspan1\"><span><strong>Tiempo de trabajo:<\/strong> 180-240 minutos<\/span><\/div>\n<div id=\"pastingspan1\"><span><strong>Material de la hoja:<\/strong> acero inoxidable<\/span><\/div>\n<div id=\"pastingspan1\"><span><strong>Velocidad de rotaci\u00f3n:<\/strong> 5800 RPM<\/span><\/div>\n<div id=\"pastingspan1\"><span>Conecta y reproduce<\/span><\/div>\n<div id=\"pastingspan1\"><span>No impermeable<\/span><\/div>\n","protected":false},"excerpt":{"rendered":"<p>90460 &nbsp; Satisface tanto las necesidades de afeitado como de corte de pelo: esta vers\u00e1til m\u00e1quina de corte de pelo<\/p>\n","protected":false},"featured_media":51827,"comment_status":"open","ping_status":"closed","template":"","meta":{"nf_dc_page":""},"product_brand":[],"product_cat":[77],"product_tag":[],"class_list":{"0":"post-42290","1":"product","2":"type-product","3":"status-publish","4":"has-post-thumbnail","6":"product_cat-accesorios-masc","8":"first","9":"instock","10":"shipping-taxable","11":"purchasable","12":"product-type-simple"},"_links":{"self":[{"href":"https:\/\/brandss.com.py\/index\/wp-json\/wp\/v2\/product\/42290","targetHints":{"allow":["GET"]}}],"collection":[{"href":"https:\/\/brandss.com.py\/index\/wp-json\/wp\/v2\/product"}],"about":[{"href":"https:\/\/brandss.com.py\/index\/wp-json\/wp\/v2\/types\/product"}],"replies":[{"embeddable":true,"href":"https:\/\/brandss.com.py\/index\/wp-json\/wp\/v2\/comments?post=42290"}],"version-history":[{"count":3,"href":"https:\/\/brandss.com.py\/index\/wp-json\/wp\/v2\/product\/42290\/revisions"}],"predecessor-version":[{"id":51835,"href":"https:\/\/brandss.com.py\/index\/wp-json\/wp\/v2\/product\/42290\/revisions\/51835"}],"wp:featuredmedia":[{"embeddable":true,"href":"https:\/\/brandss.com.py\/index\/wp-json\/wp\/v2\/media\/51827"}],"wp:attachment":[{"href":"https:\/\/brandss.com.py\/index\/wp-json\/wp\/v2\/media?parent=42290"}],"wp:term":[{"taxonomy":"product_brand","embeddable":true,"href":"https:\/\/brandss.com.py\/index\/wp-json\/wp\/v2\/product_brand?post=42290"},{"taxonomy":"product_cat","embeddable":true,"href":"https:\/\/brandss.com.py\/index\/wp-json\/wp\/v2\/product_cat?post=42290"},{"taxonomy":"product_tag","embeddable":true,"href":"https:\/\/brandss.com.py\/index\/wp-json\/wp\/v2\/product_tag?post=42290"}],"curies":[{"name":"wp","href":"https:\/\/api.w.org\/{rel}","templated":true}]}}