{"id":42297,"date":"2024-05-23T16:42:07","date_gmt":"2024-05-23T16:42:07","guid":{"rendered":"https:\/\/brandss.com.py\/index\/producto\/dsp-3-1-shaver-set\/"},"modified":"2024-12-20T17:45:23","modified_gmt":"2024-12-20T17:45:23","slug":"dsp-3-1-shaver-set","status":"publish","type":"product","link":"https:\/\/brandss.com.py\/index\/producto\/dsp-3-1-shaver-set\/","title":{"rendered":"RECORTADORA DSP 3-1 SET"},"content":{"rendered":"<p><img loading=\"lazy\" decoding=\"async\" class=\"\" src=\"https:\/\/api.patentes-y-marcas.com\/uploads\/BOPIBrand_imagen\/dsp-a016000127.jpg\" alt=\"dsp - Informaci\u00f3n sobre la marca\" width=\"110\" height=\"46\" \/><\/p>\n<h1>60100<\/h1>\n<p><span>Cortapelos 3 en 1 DSP 60100: reemplaza varios dispositivos. Ahora puedes afeitarte suavemente, recortar los contornos de la barba y las sienes y deshacerte del vello corporal no deseado. El dispositivo, gracias a su tama\u00f1o compacto y forma ergon\u00f3mica, cabe f\u00e1cilmente en la mano.<\/span><br \/>\n<span>El kit contiene todo lo necesario, por lo que incluso un principiante podr\u00e1 manejarlo. Adecuado para uso dom\u00e9stico.<\/span><\/p>\n<p><strong>Detalles:<\/strong><br \/>\n<span>Elegante y port\u00e1til<\/span><br \/>\n<span>Dise\u00f1o de cuerpo c\u00f3modo y f\u00e1cil de usar<\/span><br \/>\n<span>Seguro de usar: Rotaci\u00f3n interna de 360\u00b0<\/span><\/p>\n<p><strong>Caracter\u00edsticas:<\/strong><br \/>\n<span><strong>Marca:<\/strong> DSP.<\/span><br \/>\n<span><strong>Modelo:<\/strong> 60100.<\/span><br \/>\n<span><strong>Tipo:<\/strong> Cortapelos.<\/span><br \/>\n<span><strong>Potencia:<\/strong> 3W.<\/span><br \/>\n<span><strong>N\u00famero de accesorios:<\/strong> 3.<\/span><br \/>\n<span><strong>Ajuste de longitud:<\/strong> Accesorios reemplazables.<\/span><br \/>\n<span><strong>Longitud m\u00ednima de corte:<\/strong> 2 mm.<\/span><br \/>\n<span><strong>Longitud m\u00e1xima de corte:<\/strong> 6 mm.<\/span><br \/>\n<span><strong>Tiempo de trabajo:<\/strong> 45 minutos.<\/span><br \/>\n<span><strong>Tiempo de carga:<\/strong> 8 horas.<\/span><br \/>\n<span><strong>Alimentaci\u00f3n:<\/strong> Bater\u00eda de red 220 V.<\/span><br \/>\n<span><strong>Bater\u00eda:<\/strong> Li-Ion.<\/span><br \/>\n<span><strong>Material de la hoja:<\/strong> Acero inoxidable.<\/span><br \/>\n<span><strong>Color:<\/strong> Gris con negro.<\/span><\/p>\n<p><strong>Contenido:<\/strong><br \/>\n<span>Cortapelos 3 en 1 DSP 60100<\/span><br \/>\n<span>Accesorios<\/span><br \/>\n<span>Cable<\/span><br \/>\n<span>Embalaje<\/span><\/p>\n","protected":false},"excerpt":{"rendered":"<p>60100 Cortapelos 3 en 1 DSP 60100: reemplaza varios dispositivos. Ahora puedes afeitarte suavemente, recortar los contornos de la barba<\/p>\n","protected":false},"featured_media":48909,"comment_status":"open","ping_status":"closed","template":"","meta":{"nf_dc_page":""},"product_brand":[],"product_cat":[77],"product_tag":[],"class_list":{"0":"post-42297","1":"product","2":"type-product","3":"status-publish","4":"has-post-thumbnail","6":"product_cat-accesorios-masc","8":"first","9":"instock","10":"shipping-taxable","11":"purchasable","12":"product-type-simple"},"_links":{"self":[{"href":"https:\/\/brandss.com.py\/index\/wp-json\/wp\/v2\/product\/42297","targetHints":{"allow":["GET"]}}],"collection":[{"href":"https:\/\/brandss.com.py\/index\/wp-json\/wp\/v2\/product"}],"about":[{"href":"https:\/\/brandss.com.py\/index\/wp-json\/wp\/v2\/types\/product"}],"replies":[{"embeddable":true,"href":"https:\/\/brandss.com.py\/index\/wp-json\/wp\/v2\/comments?post=42297"}],"version-history":[{"count":3,"href":"https:\/\/brandss.com.py\/index\/wp-json\/wp\/v2\/product\/42297\/revisions"}],"predecessor-version":[{"id":48916,"href":"https:\/\/brandss.com.py\/index\/wp-json\/wp\/v2\/product\/42297\/revisions\/48916"}],"wp:featuredmedia":[{"embeddable":true,"href":"https:\/\/brandss.com.py\/index\/wp-json\/wp\/v2\/media\/48909"}],"wp:attachment":[{"href":"https:\/\/brandss.com.py\/index\/wp-json\/wp\/v2\/media?parent=42297"}],"wp:term":[{"taxonomy":"product_brand","embeddable":true,"href":"https:\/\/brandss.com.py\/index\/wp-json\/wp\/v2\/product_brand?post=42297"},{"taxonomy":"product_cat","embeddable":true,"href":"https:\/\/brandss.com.py\/index\/wp-json\/wp\/v2\/product_cat?post=42297"},{"taxonomy":"product_tag","embeddable":true,"href":"https:\/\/brandss.com.py\/index\/wp-json\/wp\/v2\/product_tag?post=42297"}],"curies":[{"name":"wp","href":"https:\/\/api.w.org\/{rel}","templated":true}]}}