{"id":42302,"date":"2024-05-23T16:42:09","date_gmt":"2024-05-23T16:42:09","guid":{"rendered":"https:\/\/brandss.com.py\/index\/producto\/dsp-beardbodyt-trimmer-3w\/"},"modified":"2024-12-31T10:52:33","modified_gmt":"2024-12-31T10:52:33","slug":"dsp-beardbodyt-trimmer-3w","status":"publish","type":"product","link":"https:\/\/brandss.com.py\/index\/producto\/dsp-beardbodyt-trimmer-3w\/","title":{"rendered":"CORTA PELO DSP BARBEADOR INAL\u00c1MBRICO TRIMMER RECARGABLE 3W"},"content":{"rendered":"<p><img loading=\"lazy\" decoding=\"async\" class=\"\" src=\"https:\/\/api.patentes-y-marcas.com\/uploads\/BOPIBrand_imagen\/dsp-a016000127.jpg\" alt=\"dsp - Informaci\u00f3n sobre la marca\" width=\"156\" height=\"65\" \/><\/p>\n<h1 class=\"h2 bold ng-star-inserted\"><span>90309<\/span><\/h1>\n<p>&nbsp;<\/p>\n<p><span>El cortapelos DSP 90309 le permite realizar cortes de pelo elegantes y de alta calidad en casa. <\/span><span>El cuerpo ligero del dispositivo y la forma ergon\u00f3mica del mango garantizan un uso c\u00f3modo. Las cuchillas de la m\u00e1quina est\u00e1n fabricadas en acero inoxidable de alta calidad. El dispositivo viene con 2 accesorios. La longitud del corte de pelo se puede seleccionar de 1 mm a 20 mm. El dispositivo es resistente al agua y se puede lavar todo el cuerpo. La m\u00e1quina est\u00e1 equipada con una bater\u00eda Ni-MH. El tiempo de funcionamiento con la bater\u00eda completamente cargada es de 45 minutos. Se necesitar\u00e1n 8 horas para cargar completamente la bater\u00eda. Tambi\u00e9n hay una pantalla digital. \u00a1Un cortapelos es algo indispensable para quienes cuidan su apariencia!<\/span><\/p>\n<p><strong>Ventajas:<\/strong><\/p>\n<ul>\n<li><span>Funcionamiento con bater\u00eda<\/span><\/li>\n<li><span>Forma ergon\u00f3mica<\/span><\/li>\n<li><span>Impermeable.<\/span><\/li>\n<\/ul>\n<p><strong>Caracter\u00edsticas:<\/strong><\/p>\n<ul>\n<li><span>Tipo: cortapelos<\/span><\/li>\n<li><span>Marca: DSP<\/span><\/li>\n<li><span>Modelo: DSP 90309<\/span><\/li>\n<li><span>Pais de origen: China<\/span><\/li>\n<li><span>Potencia: 3W<\/span><\/li>\n<li><span>Material: pl\u00e1stico ABS + cuchillo de acero inoxidable<\/span><\/li>\n<li><span>Par\u00e1metros del adaptador: bater\u00eda Ni-MH 600 mAh<\/span><\/li>\n<li><span>Indicador LED<\/span><\/li>\n<li><span>Boquilla 1, longitud de corte, mm: 1-10<\/span><\/li>\n<li><span>Boquilla 2, longitud de corte, mm: 11-20<\/span><\/li>\n<li><span>Longitud del corte de pelo sin accesorios: 0,5 mm<\/span><\/li>\n<li><span>Tiempo de carga: 8 horas<\/span><\/li>\n<li><span>Tiempo de trabajo: 45 minutos.<\/span><\/li>\n<\/ul>\n<p><strong>Equipo:<\/strong><\/p>\n<ol>\n<li><span>Cortapelos DSP 90309.<\/span><\/li>\n<li><span>Boquillas: 2 uds.<\/span><\/li>\n<li><span>Cepillo de limpieza.<\/span><\/li>\n<li><span>Cable USB.<\/span><\/li>\n<li><span>Aceite.<\/span><\/li>\n<li><span>Paquete.<\/span><\/li>\n<\/ol>\n","protected":false},"excerpt":{"rendered":"<p>90309 &nbsp; El cortapelos DSP 90309 le permite realizar cortes de pelo elegantes y de alta calidad en casa. El<\/p>\n","protected":false},"featured_media":46645,"comment_status":"open","ping_status":"closed","template":"","meta":{"nf_dc_page":""},"product_brand":[],"product_cat":[77],"product_tag":[],"class_list":{"0":"post-42302","1":"product","2":"type-product","3":"status-publish","4":"has-post-thumbnail","6":"product_cat-accesorios-masc","8":"first","9":"instock","10":"shipping-taxable","11":"purchasable","12":"product-type-simple"},"_links":{"self":[{"href":"https:\/\/brandss.com.py\/index\/wp-json\/wp\/v2\/product\/42302","targetHints":{"allow":["GET"]}}],"collection":[{"href":"https:\/\/brandss.com.py\/index\/wp-json\/wp\/v2\/product"}],"about":[{"href":"https:\/\/brandss.com.py\/index\/wp-json\/wp\/v2\/types\/product"}],"replies":[{"embeddable":true,"href":"https:\/\/brandss.com.py\/index\/wp-json\/wp\/v2\/comments?post=42302"}],"version-history":[{"count":2,"href":"https:\/\/brandss.com.py\/index\/wp-json\/wp\/v2\/product\/42302\/revisions"}],"predecessor-version":[{"id":46654,"href":"https:\/\/brandss.com.py\/index\/wp-json\/wp\/v2\/product\/42302\/revisions\/46654"}],"wp:featuredmedia":[{"embeddable":true,"href":"https:\/\/brandss.com.py\/index\/wp-json\/wp\/v2\/media\/46645"}],"wp:attachment":[{"href":"https:\/\/brandss.com.py\/index\/wp-json\/wp\/v2\/media?parent=42302"}],"wp:term":[{"taxonomy":"product_brand","embeddable":true,"href":"https:\/\/brandss.com.py\/index\/wp-json\/wp\/v2\/product_brand?post=42302"},{"taxonomy":"product_cat","embeddable":true,"href":"https:\/\/brandss.com.py\/index\/wp-json\/wp\/v2\/product_cat?post=42302"},{"taxonomy":"product_tag","embeddable":true,"href":"https:\/\/brandss.com.py\/index\/wp-json\/wp\/v2\/product_tag?post=42302"}],"curies":[{"name":"wp","href":"https:\/\/api.w.org\/{rel}","templated":true}]}}