{"id":43191,"date":"2024-05-23T16:48:22","date_gmt":"2024-05-23T16:48:22","guid":{"rendered":"https:\/\/brandss.com.py\/index\/producto\/hot-plate-dsp-1500w\/"},"modified":"2025-03-27T16:13:05","modified_gmt":"2025-03-27T16:13:05","slug":"hot-plate-dsp-1500w","status":"publish","type":"product","link":"https:\/\/brandss.com.py\/index\/producto\/hot-plate-dsp-1500w\/","title":{"rendered":"ESTUFA EL\u00c9CTRICA DSP HOT PLATE DE MESA 1500W"},"content":{"rendered":"<p><img loading=\"lazy\" decoding=\"async\" class=\"\" src=\"https:\/\/api.patentes-y-marcas.com\/uploads\/BOPIBrand_imagen\/dsp-a016000127.jpg\" alt=\"dsp - Informaci\u00f3n sobre la marca\" width=\"98\" height=\"41\" \/><\/p>\n<h1>KD4056<\/h1>\n<p>\u00a1La estufa el\u00e9ctrica de mesa DSP KD 4056 de 1 quemador es un dispositivo indispensable para cocinar y calentar alimentos en un hogar moderno! La estufa el\u00e9ctrica ha ganado merecidamente popularidad entre los usuarios debido a la velocidad y uniformidad del calentamiento. La estufa el\u00e9ctrica est\u00e1 equipada con un elemento calefactor tipo elemento calefactor; indicador luminoso que indica que el elemento calefactor est\u00e1 encendido; regulador de energ\u00eda, que brinda la posibilidad de seleccionar el modo de calefacci\u00f3n \u00f3ptimo; Pantalla de acero inoxidable para un calentamiento m\u00e1s eficiente al reflejar la energ\u00eda t\u00e9rmica. Tensi\u00f3n nominal: 220 V, potencia 1500 W. Los azulejos con un dise\u00f1o cl\u00e1sico encajar\u00e1n perfectamente en cualquier interior. La principal ventaja: la posibilidad de llevar el dispositivo a cualquier habitaci\u00f3n con toma de corriente.<\/p>\n<div><\/div>\n<div class=\"pro_tit\"><strong>Detalles de producto:<\/strong><\/div>\n<div><\/div>\n<div id=\"pastingspan1\"><span><strong>Voltaje:<\/strong> 220-240V~50\/60Hz<\/span><\/div>\n<div id=\"pastingspan1\"><span><strong>Salida:<\/strong> 1500W<\/span><\/div>\n<div id=\"pastingspan1\"><span><strong>Tama\u00f1o de la placa:<\/strong> 185 mm<\/span><\/div>\n<div id=\"pastingspan1\"><span>Control de termostato ajustable<\/span><\/div>\n<div id=\"pastingspan1\"><span>Luz indicadora<\/span><\/div>\n<div id=\"pastingspan1\"><span>F\u00e1cil limpieza<\/span><\/div>\n<div id=\"pastingspan1\"><span>Pies de goma antideslizantes<\/span><\/div>\n<div id=\"pastingspan1\"><span>Protecci\u00f3n contra el sobrecalentamiento<\/span><\/div>\n<p>&nbsp;<\/p>\n","protected":false},"excerpt":{"rendered":"<p>KD4056 \u00a1La estufa el\u00e9ctrica de mesa DSP KD 4056 de 1 quemador es un dispositivo indispensable para cocinar y calentar<\/p>\n","protected":false},"featured_media":46566,"comment_status":"open","ping_status":"closed","template":"","meta":{"nf_dc_page":""},"product_brand":[],"product_cat":[83],"product_tag":[],"class_list":{"0":"post-43191","1":"product","2":"type-product","3":"status-publish","4":"has-post-thumbnail","6":"product_cat-hogar","8":"first","9":"instock","10":"shipping-taxable","11":"purchasable","12":"product-type-simple"},"_links":{"self":[{"href":"https:\/\/brandss.com.py\/index\/wp-json\/wp\/v2\/product\/43191","targetHints":{"allow":["GET"]}}],"collection":[{"href":"https:\/\/brandss.com.py\/index\/wp-json\/wp\/v2\/product"}],"about":[{"href":"https:\/\/brandss.com.py\/index\/wp-json\/wp\/v2\/types\/product"}],"replies":[{"embeddable":true,"href":"https:\/\/brandss.com.py\/index\/wp-json\/wp\/v2\/comments?post=43191"}],"version-history":[{"count":2,"href":"https:\/\/brandss.com.py\/index\/wp-json\/wp\/v2\/product\/43191\/revisions"}],"predecessor-version":[{"id":46576,"href":"https:\/\/brandss.com.py\/index\/wp-json\/wp\/v2\/product\/43191\/revisions\/46576"}],"wp:featuredmedia":[{"embeddable":true,"href":"https:\/\/brandss.com.py\/index\/wp-json\/wp\/v2\/media\/46566"}],"wp:attachment":[{"href":"https:\/\/brandss.com.py\/index\/wp-json\/wp\/v2\/media?parent=43191"}],"wp:term":[{"taxonomy":"product_brand","embeddable":true,"href":"https:\/\/brandss.com.py\/index\/wp-json\/wp\/v2\/product_brand?post=43191"},{"taxonomy":"product_cat","embeddable":true,"href":"https:\/\/brandss.com.py\/index\/wp-json\/wp\/v2\/product_cat?post=43191"},{"taxonomy":"product_tag","embeddable":true,"href":"https:\/\/brandss.com.py\/index\/wp-json\/wp\/v2\/product_tag?post=43191"}],"curies":[{"name":"wp","href":"https:\/\/api.w.org\/{rel}","templated":true}]}}