{"id":44530,"date":"2024-05-23T18:22:29","date_gmt":"2024-05-23T18:22:29","guid":{"rendered":"https:\/\/brandss.com.py\/index\/?post_type=product&#038;p=44530"},"modified":"2024-12-17T10:22:43","modified_gmt":"2024-12-17T10:22:43","slug":"calzado-deportivo-fila-slim-boot","status":"publish","type":"product","link":"https:\/\/brandss.com.py\/index\/producto\/calzado-deportivo-fila-slim-boot\/","title":{"rendered":"CALZADO DEPORTIVO FILA SLIM BOOT"},"content":{"rendered":"<p><img loading=\"lazy\" decoding=\"async\" class=\"\" src=\"https:\/\/filaar.vtexassets.com\/assets\/vtex.file-manager-graphql\/images\/1a7421d1-db3a-4cb1-8468-948c2ab61bf9___b6742244a9f6c3930d1ba7eb0e168dfb.svg\" alt=\"Logo Desktop\" width=\"106\" height=\"35\" \/><\/p>\n<h1>SLIM BOOT<\/h1>\n<p>El calzado deportivo Fila Slim Boot combina estilo, comodidad, ligereza y practicidad en un solo modelo. Su dise\u00f1o refuerza el ADN disruptivo de FILA, con elementos est\u00e9ticos que siguen la tendencia actual del universo de la moda. Perfecto para quienes buscan una pieza statement para destacar en cualquier ocasi\u00f3n, el modelo cuenta con una suela robusta y atrevida, as\u00ed como con una parte superior m\u00e1s minimalista y moderna que a\u00f1ade sofisticaci\u00f3n a tu look streetwear. C\u00f3modo empeine fabricado en Knit de una sola pieza con elasticidad y un tejido m\u00e1s cerrado en la parte delantera para una mayor estabilidad y un mejor ajuste al pie mientras lo llevas puesto. Modelo slip-on que garantiza la practicidad al calzarse y elimina la necesidad de calcetines o cordones. Cuenta con zonas de respirabilidad del pie en los laterales y en la puntera, un tirador trasero para facilitar su colocaci\u00f3n, una etiqueta Fila en la parte delantera del cuello y una plantilla de EVA con tejido forrado. La entresuela sigue el dise\u00f1o del modelo Tormo, construida en EVA supersuave con puntos de goma en la suela para un mayor agarre al suelo y resistencia a la abrasi\u00f3n.<\/p>\n<p><strong>DETALLES<\/strong><\/p>\n<p><strong>Marca:<\/strong> Fila<\/p>\n<p><strong>Modelo:<\/strong> F02L00236-4901<\/p>\n<p><strong>G\u00e9nero:<\/strong> Femenino<\/p>\n<p><strong>Color:<\/strong> Gris\/ Blanco<\/p>\n<p><strong><span style=\"color: #1b1919\">Forro: <\/span><\/strong>100%TEXTIL<\/p>\n<p><strong><span style=\"color: #1b1919\">Suela: <\/span><\/strong>60%EVA, 40%TPU<\/p>\n<p><strong><span style=\"color: #1b1919\">Capellada: <\/span><\/strong>100%TEXTIL<\/p>\n","protected":false},"excerpt":{"rendered":"<p>SLIM BOOT El calzado deportivo Fila Slim Boot combina estilo, comodidad, ligereza y practicidad en un solo modelo. Su dise\u00f1o<\/p>\n","protected":false},"featured_media":44531,"comment_status":"open","ping_status":"closed","template":"","meta":{"nf_dc_page":""},"product_brand":[],"product_cat":[73],"product_tag":[],"class_list":{"0":"post-44530","1":"product","2":"type-product","3":"status-publish","4":"has-post-thumbnail","6":"product_cat-femenino","8":"first","9":"instock","10":"shipping-taxable","11":"purchasable","12":"product-type-simple"},"_links":{"self":[{"href":"https:\/\/brandss.com.py\/index\/wp-json\/wp\/v2\/product\/44530","targetHints":{"allow":["GET"]}}],"collection":[{"href":"https:\/\/brandss.com.py\/index\/wp-json\/wp\/v2\/product"}],"about":[{"href":"https:\/\/brandss.com.py\/index\/wp-json\/wp\/v2\/types\/product"}],"replies":[{"embeddable":true,"href":"https:\/\/brandss.com.py\/index\/wp-json\/wp\/v2\/comments?post=44530"}],"version-history":[{"count":1,"href":"https:\/\/brandss.com.py\/index\/wp-json\/wp\/v2\/product\/44530\/revisions"}],"predecessor-version":[{"id":44537,"href":"https:\/\/brandss.com.py\/index\/wp-json\/wp\/v2\/product\/44530\/revisions\/44537"}],"wp:featuredmedia":[{"embeddable":true,"href":"https:\/\/brandss.com.py\/index\/wp-json\/wp\/v2\/media\/44531"}],"wp:attachment":[{"href":"https:\/\/brandss.com.py\/index\/wp-json\/wp\/v2\/media?parent=44530"}],"wp:term":[{"taxonomy":"product_brand","embeddable":true,"href":"https:\/\/brandss.com.py\/index\/wp-json\/wp\/v2\/product_brand?post=44530"},{"taxonomy":"product_cat","embeddable":true,"href":"https:\/\/brandss.com.py\/index\/wp-json\/wp\/v2\/product_cat?post=44530"},{"taxonomy":"product_tag","embeddable":true,"href":"https:\/\/brandss.com.py\/index\/wp-json\/wp\/v2\/product_tag?post=44530"}],"curies":[{"name":"wp","href":"https:\/\/api.w.org\/{rel}","templated":true}]}}