{"id":52191,"date":"2024-06-04T13:26:11","date_gmt":"2024-06-04T13:26:11","guid":{"rendered":"https:\/\/brandss.com.py\/index\/?post_type=product&#038;p=52191"},"modified":"2025-04-24T10:30:18","modified_gmt":"2025-04-24T10:30:18","slug":"freidora-de-aire-dsp-electrico-digital-85litros-1700w","status":"publish","type":"product","link":"https:\/\/brandss.com.py\/index\/producto\/freidora-de-aire-dsp-electrico-digital-85litros-1700w\/","title":{"rendered":"FREIDORA DE AIRE DSP EL\u00c9CTRICO DIGITAL 8,5LITROS 1700W"},"content":{"rendered":"<p><img loading=\"lazy\" decoding=\"async\" class=\"\" src=\"https:\/\/api.patentes-y-marcas.com\/uploads\/BOPIBrand_imagen\/dsp-a016000127.jpg\" alt=\"dsp - Informaci\u00f3n sobre la marca\" width=\"149\" height=\"62\" \/><\/p>\n<h1>KB2138<\/h1>\n<p>&nbsp;<\/p>\n<p><span>\u00a1DSP trae la nueva tendencia culinaria a tu cocina! Cocina de forma r\u00e1pida, econ\u00f3mica y absolutamente saludable con la freidora sin aceite que se convertir\u00e1 en parte integral de tu cocina diaria. Cocina perfectamente, gracias a la tecnolog\u00eda de distribuci\u00f3n uniforme y circulaci\u00f3n de aire de 360\u00b0, sin p\u00e9rdidas y sin quemarse. Hornear es mucho m\u00e1s saludable ya que no es necesario agregar aceite ni otros aditivos, y la comida eliminar\u00e1 el exceso de grasas y conservar\u00e1 la humedad necesaria. Adem\u00e1s, cocinar\u00e1s mucho m\u00e1s econ\u00f3mico que el horno de casa que consume mucha energ\u00eda. \u00a1Conoce la nueva generaci\u00f3n de cocina de DSP!<\/span><\/p>\n<p><strong>Caracter\u00edsticas:<\/strong><\/p>\n<ul>\n<li><span>Voltaje: 220-240V~50\/60Hz<\/span><\/li>\n<li><span>Potencia: 1700W<\/span><\/li>\n<li><span>Capacidad: 8.5L<\/span><\/li>\n<li><span>Control de temperatura: 80\u00b0C &#8211; 200\u00b0C<\/span><\/li>\n<li><span>Temporizador hasta 30min<\/span><\/li>\n<li><span>Pantalla digital<\/span><\/li>\n<li><span>Papelera con ventana transparente<\/span><\/li>\n<li><span>Papelera con revestimiento antiadherente\u00a0<\/span><\/li>\n<li><span>Asa con carcasa termoaislante<\/span><\/li>\n<li><span>Base recolectora de grasa extra\u00edble<\/span><\/li>\n<li><span>Papelera extra\u00edble para facilitar el lavado<\/span><\/li>\n<li><span>Protecci\u00f3n contra sobrecalentamiento<\/span><\/li>\n<li><span>Apagado autom\u00e1tico<\/span><\/li>\n<li><span>Base antideslizante<\/span><\/li>\n<li><span>Dimensiones del paquete: 40 x 30 cm<\/span><\/li>\n<\/ul>\n","protected":false},"excerpt":{"rendered":"<p>KB2138 &nbsp; \u00a1DSP trae la nueva tendencia culinaria a tu cocina! Cocina de forma r\u00e1pida, econ\u00f3mica y absolutamente saludable con<\/p>\n","protected":false},"featured_media":52192,"comment_status":"open","ping_status":"closed","template":"","meta":{"nf_dc_page":""},"product_brand":[],"product_cat":[83],"product_tag":[],"class_list":{"0":"post-52191","1":"product","2":"type-product","3":"status-publish","4":"has-post-thumbnail","6":"product_cat-hogar","8":"first","9":"instock","10":"shipping-taxable","11":"purchasable","12":"product-type-simple"},"_links":{"self":[{"href":"https:\/\/brandss.com.py\/index\/wp-json\/wp\/v2\/product\/52191","targetHints":{"allow":["GET"]}}],"collection":[{"href":"https:\/\/brandss.com.py\/index\/wp-json\/wp\/v2\/product"}],"about":[{"href":"https:\/\/brandss.com.py\/index\/wp-json\/wp\/v2\/types\/product"}],"replies":[{"embeddable":true,"href":"https:\/\/brandss.com.py\/index\/wp-json\/wp\/v2\/comments?post=52191"}],"version-history":[{"count":1,"href":"https:\/\/brandss.com.py\/index\/wp-json\/wp\/v2\/product\/52191\/revisions"}],"predecessor-version":[{"id":52195,"href":"https:\/\/brandss.com.py\/index\/wp-json\/wp\/v2\/product\/52191\/revisions\/52195"}],"wp:featuredmedia":[{"embeddable":true,"href":"https:\/\/brandss.com.py\/index\/wp-json\/wp\/v2\/media\/52192"}],"wp:attachment":[{"href":"https:\/\/brandss.com.py\/index\/wp-json\/wp\/v2\/media?parent=52191"}],"wp:term":[{"taxonomy":"product_brand","embeddable":true,"href":"https:\/\/brandss.com.py\/index\/wp-json\/wp\/v2\/product_brand?post=52191"},{"taxonomy":"product_cat","embeddable":true,"href":"https:\/\/brandss.com.py\/index\/wp-json\/wp\/v2\/product_cat?post=52191"},{"taxonomy":"product_tag","embeddable":true,"href":"https:\/\/brandss.com.py\/index\/wp-json\/wp\/v2\/product_tag?post=52191"}],"curies":[{"name":"wp","href":"https:\/\/api.w.org\/{rel}","templated":true}]}}