{"id":52220,"date":"2024-06-04T18:34:22","date_gmt":"2024-06-04T18:34:22","guid":{"rendered":"https:\/\/brandss.com.py\/index\/?post_type=product&#038;p=52220"},"modified":"2025-05-03T10:39:25","modified_gmt":"2025-05-03T10:39:25","slug":"freidora-dsp-electrica-profesional-con-rejilla-extraible-de-3litros-2000w","status":"publish","type":"product","link":"https:\/\/brandss.com.py\/index\/producto\/freidora-dsp-electrica-profesional-con-rejilla-extraible-de-3litros-2000w\/","title":{"rendered":"FREIDORA DSP EL\u00c9CTRICA PROFESIONAL CON REJILLA EXTRA\u00cdBLE DE 3LITROS 2000W"},"content":{"rendered":"<p><img loading=\"lazy\" decoding=\"async\" class=\"\" src=\"https:\/\/api.patentes-y-marcas.com\/uploads\/BOPIBrand_imagen\/dsp-a016000127.jpg\" alt=\"dsp - Informaci\u00f3n sobre la marca\" width=\"187\" height=\"78\" \/><\/p>\n<h1>KB2079<\/h1>\n<p><span>Puedes preparar deliciosas tortitas caseras, verguns, patatas fritas o fre\u00edr empanadas en aceite en casa, utilizando todos los medios disponibles en tu cocina. El resultado es satisfactorio, pero no m\u00e1ximo. Y si necesita preparar una gran cantidad de esos mismos pasteles, entonces los equipos de una clase m\u00e1s avanzada de la serie de dispositivos econ\u00f3micos del hogar realmente pueden ayudarlo.<\/span><\/p>\n<p><span>Nos gustar\u00eda presentarle un dispositivo milagroso llamado <\/span>freidora DSP KB-2079<span>\u00a0. El cual cuenta con un buen suministro de energ\u00eda el\u00e9ctrica\u00a0<\/span>de 2000W<span>\u00a0y un tanque ampliado para aceite de girasol con capacidad de\u00a0<\/span>3 litros<span>\u00a0. El modelo es perfecto para un uso frecuente. Sus\u00a0<\/span>ventajas<span>\u00a0son: un cuerpo met\u00e1lico fabricado en acero inoxidable, as\u00ed como una cesta rectangular para retirar el producto terminado. La tapa que cubre el recipiente de cocci\u00f3n evita que el aceite caliente salpique. Tambi\u00e9n est\u00e1 fabricado en metal.<\/span><\/p>\n<p><span>Cocinar en <\/span>la freidora DSP KB-2079<span>\u00a0es f\u00e1cil y sencillo. Para lograr un buen resultado, una corteza dorada, necesita una temperatura de cocci\u00f3n seleccionada correctamente. Para ello\u00a0, en la parte frontal de la unidad de control del dispositivo se encuentra\u00a0<\/span>un termostato mec\u00e1nico\u00a0de tipo ajustable . En \u00e9l puede configurar la temperatura de calentamiento requerida. Una vez alcanzada la temperatura establecida, se apaga la calefacci\u00f3n, manteniendo as\u00ed el modo establecido.<\/p>\n<h3><strong><span>Ventajas:<\/span><\/strong><\/h3>\n<ul>\n<li><span>Carcasa met\u00e1lica resistente al calor con tapa extra\u00edble.<\/span><\/li>\n<li><span>Elemento calefactor extra\u00edble<\/span><\/li>\n<li><span>La ventana de visualizaci\u00f3n le permite controlar el grado de preparaci\u00f3n del plato.<\/span><\/li>\n<li><span>Termostato de ajuste continuo hasta 190 \u00b0C para seleccionar el grado de fritura de los productos.<\/span><\/li>\n<li><span>Filtro en la tapa para atrapar los vapores de aceite y el humo.<\/span><\/li>\n<li><span>Indicador LED de calentamiento<\/span><\/li>\n<li><span>Pies antideslizantes<\/span><\/li>\n<li><span>Asas en ambos lados<\/span><\/li>\n<\/ul>\n<h3><strong><span>Caracter\u00edsticas:<\/span><\/strong><\/h3>\n<ul>\n<li><span>Tipo de dispositivo: Freidora el\u00e9ctrica<\/span><\/li>\n<li><span>Material: Acero inoxidable<\/span><\/li>\n<li><span>Fuente de alimentaci\u00f3n: 220-230 V; 50Hz<\/span><\/li>\n<li><span>Consumo de energ\u00eda: 2000W<\/span><\/li>\n<li><span>Volumen del recipiente: 3 l<\/span><\/li>\n<li><span>Indicador de encendido: s\u00ed<\/span><\/li>\n<li><span>Termostato ajustable: 0\u00b0C ~ 190\u00b0C<\/span><\/li>\n<li><span>Cesta para fre\u00edr extra\u00edble<\/span><\/li>\n<li><span>Encender \/ apagar<\/span><\/li>\n<li><span>Tama\u00f1o cesta: 25&#215;14 cm<\/span><\/li>\n<li><span>Profundidad: 13,5 cm<\/span><\/li>\n<li><span>Dimensiones: 40x23x22cm<\/span><\/li>\n<li><span>Tama\u00f1o de la caja: 43x24x25 cm<\/span><\/li>\n<\/ul>\n<h3><strong><span>Equipo:<\/span><\/strong><\/h3>\n<ul>\n<li><span>Freidora el\u00e9ctrica\u00a0<\/span><strong><span>DSP KB-2079<\/span><\/strong><\/li>\n<li><span>Cesta con asa extra\u00edble<\/span><\/li>\n<li><span>Embalaje de f\u00e1brica<\/span><\/li>\n<\/ul>\n","protected":false},"excerpt":{"rendered":"<p>KB2079 Puedes preparar deliciosas tortitas caseras, verguns, patatas fritas o fre\u00edr empanadas en aceite en casa, utilizando todos los medios<\/p>\n","protected":false},"featured_media":52221,"comment_status":"open","ping_status":"closed","template":"","meta":{"nf_dc_page":""},"product_brand":[],"product_cat":[83],"product_tag":[],"class_list":{"0":"post-52220","1":"product","2":"type-product","3":"status-publish","4":"has-post-thumbnail","6":"product_cat-hogar","8":"first","9":"instock","10":"shipping-taxable","11":"purchasable","12":"product-type-simple"},"_links":{"self":[{"href":"https:\/\/brandss.com.py\/index\/wp-json\/wp\/v2\/product\/52220","targetHints":{"allow":["GET"]}}],"collection":[{"href":"https:\/\/brandss.com.py\/index\/wp-json\/wp\/v2\/product"}],"about":[{"href":"https:\/\/brandss.com.py\/index\/wp-json\/wp\/v2\/types\/product"}],"replies":[{"embeddable":true,"href":"https:\/\/brandss.com.py\/index\/wp-json\/wp\/v2\/comments?post=52220"}],"version-history":[{"count":1,"href":"https:\/\/brandss.com.py\/index\/wp-json\/wp\/v2\/product\/52220\/revisions"}],"predecessor-version":[{"id":52228,"href":"https:\/\/brandss.com.py\/index\/wp-json\/wp\/v2\/product\/52220\/revisions\/52228"}],"wp:featuredmedia":[{"embeddable":true,"href":"https:\/\/brandss.com.py\/index\/wp-json\/wp\/v2\/media\/52221"}],"wp:attachment":[{"href":"https:\/\/brandss.com.py\/index\/wp-json\/wp\/v2\/media?parent=52220"}],"wp:term":[{"taxonomy":"product_brand","embeddable":true,"href":"https:\/\/brandss.com.py\/index\/wp-json\/wp\/v2\/product_brand?post=52220"},{"taxonomy":"product_cat","embeddable":true,"href":"https:\/\/brandss.com.py\/index\/wp-json\/wp\/v2\/product_cat?post=52220"},{"taxonomy":"product_tag","embeddable":true,"href":"https:\/\/brandss.com.py\/index\/wp-json\/wp\/v2\/product_tag?post=52220"}],"curies":[{"name":"wp","href":"https:\/\/api.w.org\/{rel}","templated":true}]}}