{"id":52318,"date":"2024-06-08T14:11:05","date_gmt":"2024-06-08T14:11:05","guid":{"rendered":"https:\/\/brandss.com.py\/index\/?post_type=product&#038;p=52318"},"modified":"2026-03-14T16:29:38","modified_gmt":"2026-03-14T16:29:38","slug":"perfume-tommy-hilfiger-tommy-girl-edt-100ml","status":"publish","type":"product","link":"https:\/\/brandss.com.py\/index\/producto\/perfume-tommy-hilfiger-tommy-girl-edt-100ml\/","title":{"rendered":"PERFUME FEMENINO TOMMY HILFIGER TOMMY GIRL EDT 100ML"},"content":{"rendered":"<p><img loading=\"lazy\" decoding=\"async\" class=\"\" src=\"https:\/\/i.pinimg.com\/originals\/85\/cf\/d7\/85cfd732b59cbb152a621f14c6a87788.png\" alt=\"TOMMY HILFIGER vector logo | Vector logo, ? logo, Tommy hilfiger\" width=\"155\" height=\"155\" \/><\/p>\n<h1>TOMMY GIRL<\/h1>\n<p>Es un perfume que pertenece a la familia olfativa floral, ideal para aquellas mujeres que buscan una fragancia fresca y delicada para el verano. Con una concentraci\u00f3n de eau de parfum, este perfume es perfecto para usar en ocasiones especiales durante la temporada m\u00e1s c\u00e1lida del a\u00f1o. Con notas florales y afrutadas, Tommy Girl es una fragancia que evoca la alegr\u00eda y la frescura de los d\u00edas de verano. Su aroma suave y femenino lo convierte en el complemento perfecto para cualquier outfit, ya sea de d\u00eda o de noche.<\/p>\n<p>Este perfume es una excelente opci\u00f3n para aquellas mujeres que buscan una fragancia vers\u00e1til y elegante, que se adapte a cualquier ocasi\u00f3n. Su durabilidad y proyecci\u00f3n hacen que sea una elecci\u00f3n acertada para aquellas que buscan un aroma que perdure a lo largo del d\u00eda.<\/p>\n<p>Recomendamos usar Tommy Girl durante la primavera y el verano, ya que sus notas frescas y florales se complementan a la perfecci\u00f3n con las temperaturas c\u00e1lidas y los d\u00edas soleados. Su aroma ligero y delicado es ideal para llevar en cualquier momento del d\u00eda, ya sea para ir a trabajar, salir con amigos o disfrutar de una cena rom\u00e1ntica.<\/p>\n<p>En resumen, Tommy Girl es un perfume femenino y elegante, perfecto para aquellas mujeres que buscan una fragancia fresca y delicada para el verano. Con su concentraci\u00f3n de eau de parfum y sus notas florales y afrutadas, este perfume es una excelente opci\u00f3n para usar en ocasiones especiales durante la temporada m\u00e1s c\u00e1lida del a\u00f1o. \u00a1No dudes en probarlo y disfrutar de su aroma \u00fanico y envolvente!<\/p>\n<p>Tommy Girl Eau de Toilette\u00a0es un ramo de puro frescor, una mezcla de flores que asocia la frescura de la\u00a0camelia\u00a0con la luminosidad de la\u00a0flor de la manzana, y los acordes brillantes de la\u00a0flor de cassis.<\/p>\n<p>Una fragancia energizante con toques c\u00edtricos de\u00a0mandarina,\u00a0maderas frescas\u00a0y un matiz de\u00a0menta\u00a0verde.<\/p>\n<blockquote>\n<p class=\"text-center\">&#8230; Una fragancia que habla de amor y seducci\u00f3n<br \/>\nMezcla de sue\u00f1os y realidad &#8230;<\/p>\n<\/blockquote>\n<p>Una fragancia femenina sublime, extra\u00edda de esencias extremadamente ricas.<\/p>\n<p>Un aroma eterno que permanece en la memoria de todas las generaciones \u2665 &#8230;<\/p>\n<h2><\/h2>\n<h2>ATM\u00d3SFERA OLFATIVA<\/h2>\n<p>&nbsp;<\/p>\n<div id=\"howTo\" class=\"product collapse in\" aria-expanded=\"true\">\n<p><strong>Notas\u00a0de salida:<\/strong> Madreselva, P\u00e9talos de violeta<\/p>\n<p><strong>Notas\u00a0de coraz\u00f3n:<\/strong> Jazm\u00edn del desierto, Azucena, Rosas frescas, P\u00e9talos de magnolia<\/p>\n<p><strong>Notas\u00a0de fondo:<\/strong> Madera de cedro, S\u00e1ndalo, Magnolias silvestres<\/p>\n<\/div>\n","protected":false},"excerpt":{"rendered":"<p>TOMMY GIRL Es un perfume que pertenece a la familia olfativa floral, ideal para aquellas mujeres que buscan una fragancia<\/p>\n","protected":false},"featured_media":52319,"comment_status":"open","ping_status":"closed","template":"","meta":{"nf_dc_page":""},"product_brand":[1653],"product_cat":[84],"product_tag":[3154],"class_list":{"0":"post-52318","1":"product","2":"type-product","3":"status-publish","4":"has-post-thumbnail","6":"product_brand-tommy-hilfiger","7":"product_cat-perfumeria","8":"product_tag-3154","10":"first","11":"instock","12":"sale","13":"shipping-taxable","14":"purchasable","15":"product-type-simple"},"_links":{"self":[{"href":"https:\/\/brandss.com.py\/index\/wp-json\/wp\/v2\/product\/52318","targetHints":{"allow":["GET"]}}],"collection":[{"href":"https:\/\/brandss.com.py\/index\/wp-json\/wp\/v2\/product"}],"about":[{"href":"https:\/\/brandss.com.py\/index\/wp-json\/wp\/v2\/types\/product"}],"replies":[{"embeddable":true,"href":"https:\/\/brandss.com.py\/index\/wp-json\/wp\/v2\/comments?post=52318"}],"version-history":[{"count":3,"href":"https:\/\/brandss.com.py\/index\/wp-json\/wp\/v2\/product\/52318\/revisions"}],"predecessor-version":[{"id":61729,"href":"https:\/\/brandss.com.py\/index\/wp-json\/wp\/v2\/product\/52318\/revisions\/61729"}],"wp:featuredmedia":[{"embeddable":true,"href":"https:\/\/brandss.com.py\/index\/wp-json\/wp\/v2\/media\/52319"}],"wp:attachment":[{"href":"https:\/\/brandss.com.py\/index\/wp-json\/wp\/v2\/media?parent=52318"}],"wp:term":[{"taxonomy":"product_brand","embeddable":true,"href":"https:\/\/brandss.com.py\/index\/wp-json\/wp\/v2\/product_brand?post=52318"},{"taxonomy":"product_cat","embeddable":true,"href":"https:\/\/brandss.com.py\/index\/wp-json\/wp\/v2\/product_cat?post=52318"},{"taxonomy":"product_tag","embeddable":true,"href":"https:\/\/brandss.com.py\/index\/wp-json\/wp\/v2\/product_tag?post=52318"}],"curies":[{"name":"wp","href":"https:\/\/api.w.org\/{rel}","templated":true}]}}