{"id":52621,"date":"2024-06-14T15:39:07","date_gmt":"2024-06-14T15:39:07","guid":{"rendered":"https:\/\/brandss.com.py\/index\/?post_type=product&#038;p=52621"},"modified":"2025-12-22T17:46:05","modified_gmt":"2025-12-22T17:46:05","slug":"perfume-masculino-paco-rabanne-invictus-edt-200ml","status":"publish","type":"product","link":"https:\/\/brandss.com.py\/index\/producto\/perfume-masculino-paco-rabanne-invictus-edt-200ml\/","title":{"rendered":"PERFUME MASCULINO PACO RABANNE INVICTUS EDT 200ML"},"content":{"rendered":"<p>&nbsp;<\/p>\n<p><img loading=\"lazy\" decoding=\"async\" class=\"\" src=\"https:\/\/cdn.freebiesupply.com\/logos\/large\/2x\/paco-rabanne-1-logo-png-transparent.png\" alt=\"Paco Rabanne Logo PNG Transparent &amp; SVG Vector - Freebie Supply\" width=\"110\" height=\"110\" \/><\/p>\n<h1>INVICTUS MEN EDT<\/h1>\n<p>La encarnaci\u00f3n del hombre en todo su esplendor. Un h\u00e9roe absoluto. Bendecido por los dioses y listo para afrontar cualquier reto. Las fragancias Invictus representan la victoria. Un choque fenomenal entre la frescura penetrante y la sensualidad animal. Una fragancia m\u00edtica para un hombre que se ha convertido en leyenda.<\/p>\n<p>Un heroico amaderado fresco. Frescura penetrante y sensualidad animal. El pomelo y el guayaco disputan una vibrante batalla dentro del aroma del perfume Invictus. \u00bfEl resultado? Una victoria por partida doble para el hombre que lo usa.<\/p>\n<p><big>Invictus propone con osad\u00eda un contraste olfativo en toda regla. Sus notas marinas, de corteza de pomelo y de hojas de laurel ponen la frescura mientras que la madera de guayaco, el pachuli y el<\/big><\/p>\n<p><strong style=\"font-size: 19.2px\"><img loading=\"lazy\" decoding=\"async\" class=\"alignright\" src=\"https:\/\/www.sephora.com\/productimages\/product\/p389110-av-9-zoom.jpg?imwidth=612\" width=\"364\" height=\"364\" \/><\/strong><\/p>\n<p><big>\u00a0\u00e1mbar gris le dan un toque feroz y sensual.\u00a0Frescura penetrante y calidez magn\u00e9tica. Madera fresca heroica.<\/big><\/p>\n<p><big><strong>Caracter\u00edsticas<\/strong><\/big><\/p>\n<ul>\n<li><big>La estela de una nueva masculinidad: Todos los campeones necesitan un trofeo. El dise\u00f1o de la botella posee un cuerpo macizo de cristal y una cubierta brillante de metal que inspira coraje y fuerza. La cuidada est\u00e9tica de Invictus es obra de C\u00e9dric Ragot.<br \/>\n<\/big>Caracter\u00edsticas especiales: atl\u00e9tico, con un dise\u00f1o robusto.<\/li>\n<\/ul>\n<p>&nbsp;<\/p>\n<p>Invictus de Paco Rabanne, el aroma de la victoria la esencia de los h\u00e9roes. Adictiva y poderosa adrenalina para ganadores en serio. Poderosamente destilado en una atrevida mezcla de frescura y ardor. Para cuando est\u00e1s listo para ganar. Adictivo y atrevido, una mezcla de frescura caliente. Invictus se lanz\u00f3 en 2013. Invictus fue creada por Veronique Nyberg, Anne Flipo, Olivier Polge y Dominique Ropion.<\/p>\n<p>&nbsp;<\/p>\n<h3>NOTAS OLFATIVAS<\/h3>\n<p>El perfume Paco Rabanne Invictus es una fragancia de la familia olfativa amaderada acu\u00e1tica para hombres.<\/p>\n<p><strong>Notas de salida:<\/strong>\u00a0Toronja, notas marinas y mandarina<img loading=\"lazy\" decoding=\"async\" class=\"alignleft\" src=\"https:\/\/www.lapolar.cl\/dw\/image\/v2\/BCPP_PRD\/on\/demandware.static\/-\/Sites-master-catalog\/default\/dw2e8fb303\/images\/large\/4CC26330971.jpg?sw=1200&amp;sh=1200&amp;sm=fit\" width=\"289\" height=\"289\" \/><\/p>\n<p><strong>N<\/strong><strong>otas de coraz\u00f3n:<\/strong>\u00a0Jazm\u00edn y hoja de laurel<\/p>\n<p><strong>N<\/strong><strong>otas de fondo:<\/strong>\u00a0Madera de gaiac, musgo de roble, \u00e1mbar gris y pachul\u00ed<\/p>\n<p>&nbsp;<\/p>\n","protected":false},"excerpt":{"rendered":"<p>&nbsp; INVICTUS MEN EDT La encarnaci\u00f3n del hombre en todo su esplendor. Un h\u00e9roe absoluto. Bendecido por los dioses y<\/p>\n","protected":false},"featured_media":52622,"comment_status":"open","ping_status":"closed","template":"","meta":{"nf_dc_page":""},"product_brand":[126],"product_cat":[84],"product_tag":[1675],"class_list":{"0":"post-52621","1":"product","2":"type-product","3":"status-publish","4":"has-post-thumbnail","6":"product_brand-paco-rabanne","7":"product_cat-perfumeria","8":"product_tag-1675","10":"first","11":"instock","12":"sale","13":"shipping-taxable","14":"purchasable","15":"product-type-simple"},"_links":{"self":[{"href":"https:\/\/brandss.com.py\/index\/wp-json\/wp\/v2\/product\/52621","targetHints":{"allow":["GET"]}}],"collection":[{"href":"https:\/\/brandss.com.py\/index\/wp-json\/wp\/v2\/product"}],"about":[{"href":"https:\/\/brandss.com.py\/index\/wp-json\/wp\/v2\/types\/product"}],"replies":[{"embeddable":true,"href":"https:\/\/brandss.com.py\/index\/wp-json\/wp\/v2\/comments?post=52621"}],"version-history":[{"count":2,"href":"https:\/\/brandss.com.py\/index\/wp-json\/wp\/v2\/product\/52621\/revisions"}],"predecessor-version":[{"id":95251,"href":"https:\/\/brandss.com.py\/index\/wp-json\/wp\/v2\/product\/52621\/revisions\/95251"}],"wp:featuredmedia":[{"embeddable":true,"href":"https:\/\/brandss.com.py\/index\/wp-json\/wp\/v2\/media\/52622"}],"wp:attachment":[{"href":"https:\/\/brandss.com.py\/index\/wp-json\/wp\/v2\/media?parent=52621"}],"wp:term":[{"taxonomy":"product_brand","embeddable":true,"href":"https:\/\/brandss.com.py\/index\/wp-json\/wp\/v2\/product_brand?post=52621"},{"taxonomy":"product_cat","embeddable":true,"href":"https:\/\/brandss.com.py\/index\/wp-json\/wp\/v2\/product_cat?post=52621"},{"taxonomy":"product_tag","embeddable":true,"href":"https:\/\/brandss.com.py\/index\/wp-json\/wp\/v2\/product_tag?post=52621"}],"curies":[{"name":"wp","href":"https:\/\/api.w.org\/{rel}","templated":true}]}}