{"id":52671,"date":"2024-06-15T18:16:08","date_gmt":"2024-06-15T18:16:08","guid":{"rendered":"https:\/\/brandss.com.py\/index\/?post_type=product&#038;p=52671"},"modified":"2026-05-04T12:39:18","modified_gmt":"2026-05-04T12:39:18","slug":"perfume-paco-rabanne-fame-edp-80ml","status":"publish","type":"product","link":"https:\/\/brandss.com.py\/index\/producto\/perfume-paco-rabanne-fame-edp-80ml\/","title":{"rendered":"PERFUME FEMENINO PACO RABANNE FAME EDP 80ML"},"content":{"rendered":"<p><img loading=\"lazy\" decoding=\"async\" class=\"\" src=\"https:\/\/cdn.freebiesupply.com\/logos\/large\/2x\/paco-rabanne-1-logo-png-transparent.png\" alt=\"Paco Rabanne Logo PNG Transparent &amp; SVG Vector - Freebie Supply\" width=\"140\" height=\"140\" \/><\/p>\n<h1>FAME EDP<\/h1>\n<p>Descubre Fame, la nueva fragancia para mujer de Paco Rabanne.<\/p>\n<p>Inspirado en el irresistible esp\u00edritu parisino de la mujer Rabanne, el perfume Fame rinde tributo a una nueva era de feminidad: divertida, sensual y con car\u00e1cter.<\/p>\n<p>La quintaesencia del lujo vanguardista. Esta fragancia es una mezcla de jazm\u00edn excepcionalmente puro, suculento mango y un cremoso incienso adictivamente sensual.<\/p>\n<p>Descubre Fame, la nueva y m\u00e1s deseada fragancia para mujer: un futuro icono de Paco Rabanne.<img loading=\"lazy\" decoding=\"async\" class=\"alignright\" src=\"https:\/\/facescr.vtexassets.com\/arquivos\/ids\/175232-800-auto?v=637987011318300000&amp;width=800&amp;height=auto&amp;aspect=true\" width=\"465\" height=\"465\" \/><\/p>\n<p>El perfume Fame est\u00e1 inspirado en el irresistible esp\u00edritu parisino de la mujer Paco Rabanne, mientras que rinde homenaje a una nueva era de feminidad.<\/p>\n<p>Divertida, sensual y con car\u00e1cter.<\/p>\n<p>Esta fragancia de Paco Rabanne crea una firma femenina vanguardista y distinguidamente lujosa.<\/p>\n<p>Compuesta por un jazm\u00edn excepcionalmente puro, un suculento mango y un cremoso incienso adictivamente sensual.<\/p>\n<p>Una fragancia creada para todas las mujeres. Fame te invita a experimentar todas las femenindades que t\u00fa quieras, a dejarte brillar en todas tus facetas, desprendiendo un aroma tan \u00fanico y brillante como t\u00fa. Luce tu Fame.<\/p>\n<p>Descubra FAME, la nueva y codiciada fragancia femenina de Paco Rabanne. Transmitiendo el irresistible esp\u00edritu parisino de la mujer Rabanne, FAME rinde homenaje a una nueva era de feminidad. Joven, sensual y empoderada.<\/p>\n<h3><\/h3>\n<h3>NOTAS OLFATIVAS<\/h3>\n<p>El perfume Paco Rabanne Fame es una fragancia de la familia olfativa almizcle floral amaderada para mujeres.<\/p>\n<p><strong>Familia olfativa:<\/strong> CHIPRE FLORAL AFRUTADO<\/p>\n<p><img loading=\"lazy\" decoding=\"async\" class=\"alignleft\" src=\"https:\/\/oechsle.vteximg.com.br\/arquivos\/ids\/11491099-1000-1000\/2210025_3.jpg?v=637994863481170000\" width=\"451\" height=\"451\" \/><br \/>\n<strong>Notas de salida:<\/strong> Mango, Bergamota<br \/>\n<strong>Notas de coraz\u00f3n:<\/strong> Jazm\u00edn, Incienso de ol\u00edbano (franquincienso)<br \/>\n<strong>Notas de fondo:<\/strong> S\u00e1ndalo, Vainilla<\/p>\n","protected":false},"excerpt":{"rendered":"<p>FAME EDP Descubre Fame, la nueva fragancia para mujer de Paco Rabanne. Inspirado en el irresistible esp\u00edritu parisino de la<\/p>\n","protected":false},"featured_media":52673,"comment_status":"open","ping_status":"closed","template":"","meta":{"nf_dc_page":""},"product_brand":[126],"product_cat":[84],"product_tag":[1023],"class_list":{"0":"post-52671","1":"product","2":"type-product","3":"status-publish","4":"has-post-thumbnail","6":"product_brand-paco-rabanne","7":"product_cat-perfumeria","8":"product_tag-1023","10":"first","11":"instock","12":"sale","13":"shipping-taxable","14":"purchasable","15":"product-type-simple"},"_links":{"self":[{"href":"https:\/\/brandss.com.py\/index\/wp-json\/wp\/v2\/product\/52671","targetHints":{"allow":["GET"]}}],"collection":[{"href":"https:\/\/brandss.com.py\/index\/wp-json\/wp\/v2\/product"}],"about":[{"href":"https:\/\/brandss.com.py\/index\/wp-json\/wp\/v2\/types\/product"}],"replies":[{"embeddable":true,"href":"https:\/\/brandss.com.py\/index\/wp-json\/wp\/v2\/comments?post=52671"}],"version-history":[{"count":2,"href":"https:\/\/brandss.com.py\/index\/wp-json\/wp\/v2\/product\/52671\/revisions"}],"predecessor-version":[{"id":61712,"href":"https:\/\/brandss.com.py\/index\/wp-json\/wp\/v2\/product\/52671\/revisions\/61712"}],"wp:featuredmedia":[{"embeddable":true,"href":"https:\/\/brandss.com.py\/index\/wp-json\/wp\/v2\/media\/52673"}],"wp:attachment":[{"href":"https:\/\/brandss.com.py\/index\/wp-json\/wp\/v2\/media?parent=52671"}],"wp:term":[{"taxonomy":"product_brand","embeddable":true,"href":"https:\/\/brandss.com.py\/index\/wp-json\/wp\/v2\/product_brand?post=52671"},{"taxonomy":"product_cat","embeddable":true,"href":"https:\/\/brandss.com.py\/index\/wp-json\/wp\/v2\/product_cat?post=52671"},{"taxonomy":"product_tag","embeddable":true,"href":"https:\/\/brandss.com.py\/index\/wp-json\/wp\/v2\/product_tag?post=52671"}],"curies":[{"name":"wp","href":"https:\/\/api.w.org\/{rel}","templated":true}]}}