{"id":53024,"date":"2024-06-25T15:46:08","date_gmt":"2024-06-25T15:46:08","guid":{"rendered":"https:\/\/brandss.com.py\/index\/?post_type=product&#038;p=53024"},"modified":"2026-03-11T12:49:47","modified_gmt":"2026-03-11T12:49:47","slug":"perfume-azzaro-chrome-edp-100ml","status":"publish","type":"product","link":"https:\/\/brandss.com.py\/index\/producto\/perfume-azzaro-chrome-edp-100ml\/","title":{"rendered":"PERFUME MASCULINO AZZARO CHROME EDP 100ML"},"content":{"rendered":"<p><img loading=\"lazy\" decoding=\"async\" class=\"\" src=\"https:\/\/parisgalleryksa.com\/media\/codazon_cache\/brand\/400x400\/amasty\/shopby\/option_images\/Logo_Azzaro.png\" alt=\"Shop Azzaro Perfumes Online - Paris Gallery\" width=\"125\" height=\"125\" \/><\/p>\n<h1>CHROME EDP<\/h1>\n<p>Es la interpretaci\u00f3n intensa y matizada de la ic\u00f3nica Chrome Eau de Toilette. Un nuevo cap\u00edtulo que celebra la intensidad de las memorias entre un padre y su hijo compartiendo la filosof\u00eda: &#8220;&#8221;sonre\u00edr a la vida juntos&#8221;&#8221;.<img loading=\"lazy\" decoding=\"async\" class=\"alignright\" src=\"https:\/\/static.sweetcare.pt\/img\/prd\/488\/v-638200519339814483\/azzaro-015555aa-4.webp\" width=\"282\" height=\"282\" \/><\/p>\n<p>Inspirada en un bosque de pinos mediterr\u00e1neos, la fragancia es la combinaci\u00f3n de una frescura arom\u00e1tica fusionada con un coraz\u00f3n fougere tranquilizador y una base amaderada intensa. Azzaro Chrome Eau de Parfum para hombre pertenece a la familia de fragancias &#8220;Fougere Aromatico Amaderado&#8221; y es el fruto de una mezcla \u00fanica de tres ingredientes principales de alta calidad: &#8211; En su amanecer: Mandarina Verde* &#8211; En su cenit: Lavanda* &#8211; Al anochecer: Esencia de Pino *Materias primas derivadas de pr\u00e1cticas de desarrollo sostenible. Azzaro Parfums se dedica a trabajar con sus socios hacia un desarrollo responsable, que conduzca a un lujo sostenible. Seleccionados con sus socios, la mandarina verde italiana y el lavandin franc\u00e9s se obtienen de forma sostenible&#8221;.<\/p>\n<p>Azzaro<b>Chrome Eau de Parfum,\u00a0<\/b>inspirado en la brisa marina mediterr\u00e1nea, comparte una forma de vida m\u00e1s intensa, centrada en la complicidad de nuestros mejores momentos.<\/p>\n<blockquote>\n<p class=\"text-center\">Azzaro gu\u00eda la identidad del hombre en cada momento de su relaci\u00f3n.<\/p>\n<\/blockquote>\n<p>Curioso y abierto al mundo, transmite la libertad de ampliar nuestra visi\u00f3n, nuestra individualidad y arriesgarnos en un mundo de infinitas posibilidades. Matizada por la visi\u00f3n pura del Mediterr\u00e1neo, la intensidad de un Deep Blue ve nacer en el interior del frasco un nuevo horizonte entre el cielo y el mar, que define\/expresa la invitaci\u00f3n a la dualidad de una fragancia fluida, ligera y fresca.<\/p>\n<p>&nbsp;<\/p>\n<h3>NOTAS OLFATIVAS<\/h3>\n<p>&nbsp;<\/p>\n<p>Construido sobre la herencia de CHROME Eau de Toilette, CHROME Eau de Parfum es una oda para vivir el presente y compartir momentos simples e intensos. Esta fragancia es para hombres cuyo objetivo es sonre\u00edr a la vida con sus seres queridos.<\/p>\n<p>Inspirada en un bosque de pinos mediterr\u00e1neos, la fragancia es la combinaci\u00f3n de una frescura arom\u00e1tica fusionada con un coraz\u00f3n fougere tranquilizador y una base amaderada intensa.<\/p>\n<p>&nbsp;<\/p>\n<p><img loading=\"lazy\" decoding=\"async\" class=\"alignleft\" src=\"https:\/\/cdn.fynd.com\/v2\/falling-surf-7c8bb8\/fyprod\/wrkr\/products\/pictures\/item\/free\/resize-w:1024\/azzaro\/HEK5SX3V8P3-2\/1\/xJSYvEwOHH-2.jpg\" width=\"271\" height=\"350\" \/><\/p>\n<p>&nbsp;<\/p>\n<ul>\n<li><strong>Familia olfativa:<\/strong> Foug\u00e8re Arom\u00e1tico.<\/li>\n<li><strong>Notas de salida:<\/strong> Mandarina Verde.<\/li>\n<li><strong>Notas de coraz\u00f3n:<\/strong> Lavanda.<\/li>\n<li><strong>Notas de fondo:<\/strong> Esencia de acorde de pino.&nbsp;\n<p>\u00bfQu\u00e9 est\u00e1s esperando? Adquiere de inmediato toda la l\u00ednea de fragancias que Azzaro pone a tu alcance y resalta tu esencia por donde vayas.<\/li>\n<\/ul>\n","protected":false},"excerpt":{"rendered":"<p>CHROME EDP Es la interpretaci\u00f3n intensa y matizada de la ic\u00f3nica Chrome Eau de Toilette. Un nuevo cap\u00edtulo que celebra<\/p>\n","protected":false},"featured_media":53025,"comment_status":"open","ping_status":"closed","template":"","meta":{"nf_dc_page":""},"product_brand":[123],"product_cat":[84],"product_tag":[1711],"class_list":{"0":"post-53024","1":"product","2":"type-product","3":"status-publish","4":"has-post-thumbnail","6":"product_brand-azzaro","7":"product_cat-perfumeria","8":"product_tag-1711","10":"first","11":"outofstock","12":"shipping-taxable","13":"purchasable","14":"product-type-simple"},"_links":{"self":[{"href":"https:\/\/brandss.com.py\/index\/wp-json\/wp\/v2\/product\/53024","targetHints":{"allow":["GET"]}}],"collection":[{"href":"https:\/\/brandss.com.py\/index\/wp-json\/wp\/v2\/product"}],"about":[{"href":"https:\/\/brandss.com.py\/index\/wp-json\/wp\/v2\/types\/product"}],"replies":[{"embeddable":true,"href":"https:\/\/brandss.com.py\/index\/wp-json\/wp\/v2\/comments?post=53024"}],"version-history":[{"count":2,"href":"https:\/\/brandss.com.py\/index\/wp-json\/wp\/v2\/product\/53024\/revisions"}],"predecessor-version":[{"id":61654,"href":"https:\/\/brandss.com.py\/index\/wp-json\/wp\/v2\/product\/53024\/revisions\/61654"}],"wp:featuredmedia":[{"embeddable":true,"href":"https:\/\/brandss.com.py\/index\/wp-json\/wp\/v2\/media\/53025"}],"wp:attachment":[{"href":"https:\/\/brandss.com.py\/index\/wp-json\/wp\/v2\/media?parent=53024"}],"wp:term":[{"taxonomy":"product_brand","embeddable":true,"href":"https:\/\/brandss.com.py\/index\/wp-json\/wp\/v2\/product_brand?post=53024"},{"taxonomy":"product_cat","embeddable":true,"href":"https:\/\/brandss.com.py\/index\/wp-json\/wp\/v2\/product_cat?post=53024"},{"taxonomy":"product_tag","embeddable":true,"href":"https:\/\/brandss.com.py\/index\/wp-json\/wp\/v2\/product_tag?post=53024"}],"curies":[{"name":"wp","href":"https:\/\/api.w.org\/{rel}","templated":true}]}}