{"id":53062,"date":"2024-06-26T11:45:04","date_gmt":"2024-06-26T11:45:04","guid":{"rendered":"https:\/\/brandss.com.py\/index\/?post_type=product&#038;p=53062"},"modified":"2026-03-30T19:17:42","modified_gmt":"2026-03-30T19:17:42","slug":"perfume-boulevard-baron-haussmann-edp-100ml","status":"publish","type":"product","link":"https:\/\/brandss.com.py\/index\/producto\/perfume-boulevard-baron-haussmann-edp-100ml\/","title":{"rendered":"PERFUME MASCULINO BOULEVARD BARON HAUSSMANN EDP 100ML"},"content":{"rendered":"<p><img loading=\"lazy\" decoding=\"async\" class=\"\" src=\"https:\/\/luliz.com\/media\/amasty\/shopby\/option_images\/logo_new_1_1.jpg\" alt=\"boulevard paris - perfumes - luliz - jordan\" width=\"89\" height=\"89\" \/><\/p>\n<h1 class=\"text-h1Mobile md:text-h1 font-secondary mt-4 mb-1.5\">BARON HAUSSMANN<\/h1>\n<div class=\"elementor-element elementor-element-78e253d elementor-widget elementor-widget-text-editor\" data-id=\"78e253d\" data-element_type=\"widget\" data-widget_type=\"text-editor.default\">\n<div class=\"elementor-widget-container\">\n<div class=\"elementor-text-editor elementor-clearfix\"><span>El bar\u00f3n Haussmann lleva el legado de un Par\u00eds eternamente bohemio. Esta es la historia del Moulin Rouge, los bailarines se encuentran con los pintores en el coraz\u00f3n de las callejuelas de escaleras, suben a la colina de Montmartre coronada por la majestuosa bas\u00edlica del Sacr\u00e9-Coeur para admirar Par\u00eds. A\u00fan hoy acudimos a este barrio por su ambiente festivo o para observar a los artistas callejeros.<img loading=\"lazy\" decoding=\"async\" class=\"alignright\" src=\"https:\/\/boulevardparfums.com\/wp-content\/uploads\/2022\/11\/baron_haussman_thumbnail-2.webp\" width=\"384\" height=\"576\" \/><\/span><\/div>\n<\/div>\n<\/div>\n<div class=\"elementor-element elementor-element-800d726 elementor-widget elementor-widget-text-editor\" data-id=\"800d726\" data-element_type=\"widget\" data-widget_type=\"text-editor.default\">\n<div class=\"elementor-widget-container\">\n<div class=\"elementor-text-editor elementor-clearfix\"><span>Inspir\u00e1ndose en la atm\u00f3sfera rom\u00e1ntica de este barrio con una historia te\u00f1ida de excentricidad, Boulevard crea una fragancia entre tradici\u00f3n y vanguardia. La introducci\u00f3n en notas verdes, fugaces, muestra una determinaci\u00f3n singular gracias a sus toques de naranja. <\/span><\/div>\n<div class=\"elementor-text-editor elementor-clearfix\"><span>Esta falsa despreocupaci\u00f3n da paso a un coraz\u00f3n colorido y denso, que combina la sensualidad ic\u00f3nica del jazm\u00edn y la madreselva con el poder intenso y m\u00e1gico del nardo. Esta sobredosis olfativa, delicada y embriagadora, se posa sobre las notas atalcadas del iris, unidas a los ecos orientales de la vainilla y el s\u00e1ndalo. Montmartre abre una estela profunda e inesperada, dando paso a una poderosa emoci\u00f3n<\/span><\/div>\n<div><\/div>\n<h3>NOTAS OLFATIVAS<\/h3>\n<div>\n<div class=\"trix-content\">\n<div><\/div>\n<div>Baron Haussmann de Boulevard es una fragancia cautivadora de la familia olfativa oriental foug\u00e8re, dise\u00f1ada para el hombre moderno que busca destacar con elegancia y sofisticaci\u00f3n. Esta fragancia combina la frescura de las notas foug\u00e8re con la calidez y sensualidad de los acordes orientales, creando una experiencia olfativa \u00fanica y seductora. Con cada rociada, Baron Haussmann envuelve al hombre en un aura de poder y confianza, potenciando su presencia y dejando una impresi\u00f3n duradera y envolvente. Esta fragancia es la elecci\u00f3n perfecta para el hombre que busca una fragancia distintiva que complemente su estilo refinado y su personalidad magn\u00e9tica<\/div>\n<div><\/div>\n<\/div>\n<div class=\"trix-content\">\n<div><strong>&#8211; G\u00e9nero:<\/strong>\u00a0Masculino.<\/div>\n<div><strong>&#8211; Notas de salida:<\/strong>\u00a0Bergamota y elem\u00ed.<\/div>\n<div><strong>&#8211; Notas de coraz\u00f3n:\u00a0<\/strong>Lavanda y pachul\u00ed.<\/div>\n<div><strong>&#8211; Notas de fonde: <\/strong>Vainilla y cedro.<\/div>\n<\/div>\n<\/div>\n<\/div>\n<\/div>\n","protected":false},"excerpt":{"rendered":"<p>BARON HAUSSMANN El bar\u00f3n Haussmann lleva el legado de un Par\u00eds eternamente bohemio. Esta es la historia del Moulin Rouge,<\/p>\n","protected":false},"featured_media":53063,"comment_status":"open","ping_status":"closed","template":"","meta":{"nf_dc_page":""},"product_brand":[1713],"product_cat":[84],"product_tag":[1716],"class_list":{"0":"post-53062","1":"product","2":"type-product","3":"status-publish","4":"has-post-thumbnail","6":"product_brand-boulevard","7":"product_cat-perfumeria","8":"product_tag-1716","10":"first","11":"outofstock","12":"shipping-taxable","13":"purchasable","14":"product-type-simple"},"_links":{"self":[{"href":"https:\/\/brandss.com.py\/index\/wp-json\/wp\/v2\/product\/53062","targetHints":{"allow":["GET"]}}],"collection":[{"href":"https:\/\/brandss.com.py\/index\/wp-json\/wp\/v2\/product"}],"about":[{"href":"https:\/\/brandss.com.py\/index\/wp-json\/wp\/v2\/types\/product"}],"replies":[{"embeddable":true,"href":"https:\/\/brandss.com.py\/index\/wp-json\/wp\/v2\/comments?post=53062"}],"version-history":[{"count":2,"href":"https:\/\/brandss.com.py\/index\/wp-json\/wp\/v2\/product\/53062\/revisions"}],"predecessor-version":[{"id":61657,"href":"https:\/\/brandss.com.py\/index\/wp-json\/wp\/v2\/product\/53062\/revisions\/61657"}],"wp:featuredmedia":[{"embeddable":true,"href":"https:\/\/brandss.com.py\/index\/wp-json\/wp\/v2\/media\/53063"}],"wp:attachment":[{"href":"https:\/\/brandss.com.py\/index\/wp-json\/wp\/v2\/media?parent=53062"}],"wp:term":[{"taxonomy":"product_brand","embeddable":true,"href":"https:\/\/brandss.com.py\/index\/wp-json\/wp\/v2\/product_brand?post=53062"},{"taxonomy":"product_cat","embeddable":true,"href":"https:\/\/brandss.com.py\/index\/wp-json\/wp\/v2\/product_cat?post=53062"},{"taxonomy":"product_tag","embeddable":true,"href":"https:\/\/brandss.com.py\/index\/wp-json\/wp\/v2\/product_tag?post=53062"}],"curies":[{"name":"wp","href":"https:\/\/api.w.org\/{rel}","templated":true}]}}