{"id":53088,"date":"2024-06-26T14:55:05","date_gmt":"2024-06-26T14:55:05","guid":{"rendered":"https:\/\/brandss.com.py\/index\/?post_type=product&#038;p=53088"},"modified":"2025-12-10T14:16:32","modified_gmt":"2025-12-10T14:16:32","slug":"perfume-grandeur-saviour-men-edp-100ml","status":"publish","type":"product","link":"https:\/\/brandss.com.py\/index\/producto\/perfume-grandeur-saviour-men-edp-100ml\/","title":{"rendered":"PERFUME MASCULINO GRANDEUR ELITE SAVIOUR MEN EDP 100ML"},"content":{"rendered":"<p><img loading=\"lazy\" decoding=\"async\" class=\"\" src=\"https:\/\/perfumescorp.com\/cdn\/shop\/collections\/grandeur-Logo-Brand.webp?v=1698005233&amp;width=750\" alt=\"Grandeur Perfumes - Unveiling Sensual and Unique Fragrances \u2013 Perfumes Corp\" width=\"173\" height=\"92\" \/><\/p>\n<h1 class=\"text-uppercase\">SAVIOUR MEN EDP<\/h1>\n<p>Saviour es un acto de creaci\u00f3n inspirado en los grandes espacios. Un cielo azul ozono que domina un desierto mineral al rojo vivo. Reconocible entre todos, se ha convertido en un aroma caracter\u00edstico genuino, \u00fanico en su virilidad segura.<\/p>\n<p><strong><span class=\"a-list-item\">Fragancia de larga duraci\u00f3n: <\/span><\/strong><\/p>\n<p><span class=\"a-list-item\">Experimenta la duraci\u00f3n de todo el saviour como su fragrance gracefully lingers a lo largo del d\u00eda. Esta f\u00f3rmula de larga duraci\u00f3n garantiza que permanezcas en el centro captivating, lo que lo convierte en el compa\u00f1ero perfecto para ambos d\u00edas y para llevar en cualquier momento.<\/span><\/p>\n<p><strong><span class=\"a-list-item\">Elegancia sofisticada:<img loading=\"lazy\" decoding=\"async\" class=\"alignright\" src=\"https:\/\/www.shoppingchina.com.py\/rails\/active_storage\/disk\/eyJfcmFpbHMiOnsibWVzc2FnZSI6IkJBaDdDVG9JYTJWNVNTSWhibUZuYW1GcWRHMTZOSFYzZG5VeFkzZ3libXB5Y1RGb00ySnRid1k2QmtWVU9oQmthWE53YjNOcGRHbHZia2tpUDJsdWJHbHVaVHNnWm1sc1pXNWhiV1U5SWpnMU1UUXhOQzVxY0djaU95Qm1hV3hsYm1GdFpTbzlWVlJHTFRnbkp6ZzFNVFF4TkM1cWNHY0dPd1pVT2hGamIyNTBaVzUwWDNSNWNHVkpJZzlwYldGblpTOXFjR1ZuQmpzR1ZEb1JjMlZ5ZG1salpWOXVZVzFsT2dwc2IyTmhiQT09IiwiZXhwIjoiMjAyNC0wNi0yNlQxNDo1Njo0Ni42MTFaIiwicHVyIjoiYmxvYl9rZXkifX0=--831eaf2a4e57c2842e14e49f49f2f480cb655016\/851414.jpg\" width=\"611\" height=\"611\" \/> <\/span><\/strong><\/p>\n<p><span class=\"a-list-item\">Saviour est\u00e1 dise\u00f1ado para el moderno connoisseur que appreciates timeless sophistication. La fragrancia exuda al aire de elegancia refinada, hace que sea una opci\u00f3n adecuada para cualquier ocasi\u00f3n donde quieras dejar una impresi\u00f3n duradera.<\/span><\/p>\n<p><strong><span class=\"a-list-item\">Paquete lujoso: <\/span><\/strong><\/p>\n<p><span class=\"a-list-item\">El atractivo del Saviour se extiende m\u00e1s all\u00e1 de su fragancia. Encajada en una botella de lujo y dise\u00f1o meticulously, Saviour a\u00f1ade un toque de opulencia a tu vanidad. El paquete refleja el compromiso de excelencia que define los productos Grandeur Elite.<\/span><\/p>\n<p><strong>Vers\u00e1til para todas las ocasiones: <\/strong><\/p>\n<p>ya sea que asista a un evento formal o disfrute de un d\u00eda informal, Savior se adapta perfectamente a cualquier ocasi\u00f3n. Su fragancia vers\u00e1til hace que sea una opci\u00f3n para aquellos que buscan un brillo que complemente varios ajustes.<\/p>\n<p><strong>\u00danico y memorable aroma caracter\u00edstico: <\/strong><\/p>\n<p>Savior deja una impresi\u00f3n duradera con su \u00fanico y memorable aroma caracter\u00edstico. Ponte fuera de la multitud y haz una declaraci\u00f3n con una fragancia que refleja tu individualidad y el bot\u00f3n refinado.<\/p>\n<h3><\/h3>\n<h3>NOTAS OLFATIVAS<\/h3>\n<p>&nbsp;<\/p>\n<p>El perfume Saviour de Grandeur Elite es una fragancia de la familia olfativa arom\u00e1tica para hombres.<\/p>\n<ul>\n<li><strong>Notas de salida:<\/strong>\u00a0Canela, nuez moscada, cardamomo y pomelo<\/li>\n<li><strong>Nota de coraz\u00f3n:<\/strong>\u00a0Lavanda<\/li>\n<li><strong>Notas de fondo:<\/strong>\u00a0Regaliz, s\u00e1ndalo, \u00e1mbar, pachul\u00ed y vetiver haitiano<\/li>\n<\/ul>\n","protected":false},"excerpt":{"rendered":"<p>SAVIOUR MEN EDP Saviour es un acto de creaci\u00f3n inspirado en los grandes espacios. Un cielo azul ozono que domina<\/p>\n","protected":false},"featured_media":53089,"comment_status":"open","ping_status":"closed","template":"","meta":{"nf_dc_page":""},"product_brand":[113],"product_cat":[84],"product_tag":[1719],"class_list":{"0":"post-53088","1":"product","2":"type-product","3":"status-publish","4":"has-post-thumbnail","6":"product_brand-grandeur","7":"product_cat-perfumeria","8":"product_tag-1719","10":"first","11":"instock","12":"shipping-taxable","13":"purchasable","14":"product-type-simple"},"_links":{"self":[{"href":"https:\/\/brandss.com.py\/index\/wp-json\/wp\/v2\/product\/53088","targetHints":{"allow":["GET"]}}],"collection":[{"href":"https:\/\/brandss.com.py\/index\/wp-json\/wp\/v2\/product"}],"about":[{"href":"https:\/\/brandss.com.py\/index\/wp-json\/wp\/v2\/types\/product"}],"replies":[{"embeddable":true,"href":"https:\/\/brandss.com.py\/index\/wp-json\/wp\/v2\/comments?post=53088"}],"version-history":[{"count":3,"href":"https:\/\/brandss.com.py\/index\/wp-json\/wp\/v2\/product\/53088\/revisions"}],"predecessor-version":[{"id":61664,"href":"https:\/\/brandss.com.py\/index\/wp-json\/wp\/v2\/product\/53088\/revisions\/61664"}],"wp:featuredmedia":[{"embeddable":true,"href":"https:\/\/brandss.com.py\/index\/wp-json\/wp\/v2\/media\/53089"}],"wp:attachment":[{"href":"https:\/\/brandss.com.py\/index\/wp-json\/wp\/v2\/media?parent=53088"}],"wp:term":[{"taxonomy":"product_brand","embeddable":true,"href":"https:\/\/brandss.com.py\/index\/wp-json\/wp\/v2\/product_brand?post=53088"},{"taxonomy":"product_cat","embeddable":true,"href":"https:\/\/brandss.com.py\/index\/wp-json\/wp\/v2\/product_cat?post=53088"},{"taxonomy":"product_tag","embeddable":true,"href":"https:\/\/brandss.com.py\/index\/wp-json\/wp\/v2\/product_tag?post=53088"}],"curies":[{"name":"wp","href":"https:\/\/api.w.org\/{rel}","templated":true}]}}