{"id":53217,"date":"2024-06-28T17:27:51","date_gmt":"2024-06-28T17:27:51","guid":{"rendered":"https:\/\/brandss.com.py\/index\/?post_type=product&#038;p=53217"},"modified":"2026-02-13T10:59:42","modified_gmt":"2026-02-13T10:59:42","slug":"serum-kerasys-keramide-extreme-damage-clinic-70ml","status":"publish","type":"product","link":"https:\/\/brandss.com.py\/index\/producto\/serum-kerasys-keramide-extreme-damage-clinic-70ml\/","title":{"rendered":"SERUM KERASYS KERAMIDE EXTREME DAMAGE CLINIC 70ML"},"content":{"rendered":"<p><img loading=\"lazy\" decoding=\"async\" class=\"\" src=\"https:\/\/www.shoppingchina.com.py\/rails\/active_storage\/blobs\/redirect\/eyJfcmFpbHMiOnsibWVzc2FnZSI6IkJBaHBBM1Y1QlE9PSIsImV4cCI6bnVsbCwicHVyIjoiYmxvYl9pZCJ9fQ==--82ec62984ba98c5c38ee048f226d1ed7dd8a0190\/KERASYS.webp\" alt=\"Kerasys no Paraguai | Shopping China\" width=\"73\" height=\"73\" \/><\/p>\n<h1 class=\"text-uppercase\">KERAMIDE EXTREME DAMAGE CLINIC<\/h1>\n<p>Keramide Extreme Damage Clinic Serum es un serum capilar que restaura el cabello da\u00f1ado. Este producto combina la prote\u00edna de queratina, que forma el cabello, con ceramida, que protege el cabello. Estos ingredientes clave trabajan juntos para restaurar la elasticidad y el brillo del cabello, mejorando su apariencia en un 54% (comparaci\u00f3n antes y despu\u00e9s de su uso, evaluado por P&amp;K). Este serum es especialmente recomendado para cabellos extremadamente da\u00f1ados debido al peinado, alisado o tratamientos qu\u00edmicos frecuentes. La marca Kerasys fue creada como un cosm\u00e9tico terap\u00e9utico para el cuidado diario del hogar de diferentes tipos de cabello. Sus productos han ganado popularidad en todo el mundo debido a sus propiedades terap\u00e9uticas y tecnolog\u00eda superior.<\/p>\n<p><strong>Ampolla capilar de queramida que combina la prote\u00edna queratina que forma el cabello y la ceramida que protege el cabello.<\/strong><\/p>\n<ul>\n<li>Cuida el cabello da\u00f1ado con componentes centrales combinados de queratina y ceramida (keramida).<\/li>\n<li>El ingrediente central del cabello restaura la elasticidad y el brillo del cabello.<\/li>\n<li>Mejora del 54% en cabello brillante (comparaci\u00f3n antes y despu\u00e9s de su uso, evaluado por P&amp;K)<img decoding=\"async\" class=\"alignright\" src=\"https:\/\/dumsan.com\/wp-content\/uploads\/2021\/08\/KERASYS-KERAMIDE-EXTREME-DAMAGE-CLINIC-SERUM-HAIR-ESSENCE-70ML3.jpg.webp\" \/><\/li>\n<li>Recomendado para cabellos extremadamente da\u00f1ados debido al peinado frecuente.<\/li>\n<\/ul>\n<p>F\u00f3rmula innovadora enriquecida con una combinaci\u00f3n de queratina + ceramidas. Proporciona elasticidad y aumenta el brillo hasta un 54%, disminuye las puntas abiertas y la ca\u00edda de cabello. Cabellos fuertes, sedosos, maleables y con un brillo intenso. Recomendado para cabellos con permanentes, expuestos al sol y con da\u00f1os variados. Aroma saludable a hierbas de lavanda para dar calma y suave curaci\u00f3n.<\/p>\n<p><b>[IDEAL PARA]<\/b><br \/>\nPara todo tipo de cuero cabelludo<br \/>\nPara cabello extremadamente da\u00f1ado y con puntas abiertas<\/p>\n<p><b>[INGREDIENTES\/MATERIAL]<\/b><br \/>\nQueratina: Ayuda a reparar el cabello da\u00f1ado y hacerlo m\u00e1s suave y f\u00e1cil de manejar<br \/>\nCeramida NP: Protege y aporta fuerza al cabello<\/p>\n<p><b>[CARACTER\u00cdSTICAS]<\/b><br \/>\nMejora la resistencia del cabello para una apariencia brillante y saludable.<br \/>\nAyuda a fortalecer el cabello para restaurarlo a su antiguo esplendor.<\/p>\n<p><img decoding=\"async\" src=\"https:\/\/i.ebayimg.com\/images\/g\/XygAAOSweGJhtfUE\/s-l1600.webp\" \/><\/p>\n","protected":false},"excerpt":{"rendered":"<p>KERAMIDE EXTREME DAMAGE CLINIC Keramide Extreme Damage Clinic Serum es un serum capilar que restaura el cabello da\u00f1ado. Este producto<\/p>\n","protected":false},"featured_media":53218,"comment_status":"open","ping_status":"closed","template":"","meta":{"nf_dc_page":""},"product_brand":[204],"product_cat":[85],"product_tag":[214],"class_list":{"0":"post-53217","1":"product","2":"type-product","3":"status-publish","4":"has-post-thumbnail","6":"product_brand-kerasys","7":"product_cat-cosmeticos","8":"product_tag-214","10":"first","11":"instock","12":"shipping-taxable","13":"purchasable","14":"product-type-simple"},"_links":{"self":[{"href":"https:\/\/brandss.com.py\/index\/wp-json\/wp\/v2\/product\/53217","targetHints":{"allow":["GET"]}}],"collection":[{"href":"https:\/\/brandss.com.py\/index\/wp-json\/wp\/v2\/product"}],"about":[{"href":"https:\/\/brandss.com.py\/index\/wp-json\/wp\/v2\/types\/product"}],"replies":[{"embeddable":true,"href":"https:\/\/brandss.com.py\/index\/wp-json\/wp\/v2\/comments?post=53217"}],"version-history":[{"count":2,"href":"https:\/\/brandss.com.py\/index\/wp-json\/wp\/v2\/product\/53217\/revisions"}],"predecessor-version":[{"id":53230,"href":"https:\/\/brandss.com.py\/index\/wp-json\/wp\/v2\/product\/53217\/revisions\/53230"}],"wp:featuredmedia":[{"embeddable":true,"href":"https:\/\/brandss.com.py\/index\/wp-json\/wp\/v2\/media\/53218"}],"wp:attachment":[{"href":"https:\/\/brandss.com.py\/index\/wp-json\/wp\/v2\/media?parent=53217"}],"wp:term":[{"taxonomy":"product_brand","embeddable":true,"href":"https:\/\/brandss.com.py\/index\/wp-json\/wp\/v2\/product_brand?post=53217"},{"taxonomy":"product_cat","embeddable":true,"href":"https:\/\/brandss.com.py\/index\/wp-json\/wp\/v2\/product_cat?post=53217"},{"taxonomy":"product_tag","embeddable":true,"href":"https:\/\/brandss.com.py\/index\/wp-json\/wp\/v2\/product_tag?post=53217"}],"curies":[{"name":"wp","href":"https:\/\/api.w.org\/{rel}","templated":true}]}}