{"id":53257,"date":"2024-06-29T11:01:00","date_gmt":"2024-06-29T11:01:00","guid":{"rendered":"https:\/\/brandss.com.py\/index\/?post_type=product&#038;p=53257"},"modified":"2026-02-13T10:59:00","modified_gmt":"2026-02-13T10:59:00","slug":"acondicionador-kerasys-oriental-premium-600ml","status":"publish","type":"product","link":"https:\/\/brandss.com.py\/index\/producto\/acondicionador-kerasys-oriental-premium-600ml\/","title":{"rendered":"ACONDICIONADOR KERASYS ORIENTAL PREMIUM 600ML"},"content":{"rendered":"<p><strong><img loading=\"lazy\" decoding=\"async\" class=\"\" src=\"https:\/\/www.shoppingchina.com.py\/rails\/active_storage\/blobs\/redirect\/eyJfcmFpbHMiOnsibWVzc2FnZSI6IkJBaHBBM1Y1QlE9PSIsImV4cCI6bnVsbCwicHVyIjoiYmxvYl9pZCJ9fQ==--82ec62984ba98c5c38ee048f226d1ed7dd8a0190\/KERASYS.webp\" alt=\"Kerasys no Paraguai | Shopping China\" width=\"98\" height=\"98\" \/><\/strong><\/p>\n<h1 class=\"text-uppercase\">ORIENTAL PREMIUM<\/h1>\n<p><span>Acondicionador para cabello da\u00f1ado.\u00a0<\/span><strong><span>\u00a0El acondicionador Kerasys Oriental Premium<\/span><\/strong><span>\u00a0\u00a0repara el da\u00f1o qu\u00edmico, aporta suavidad y brillo. Devuelve una apariencia saludable y vitalidad al cabello que antes estaba sin vida y sin brillo.<\/span><\/p>\n<p><span>Revitaliza el cabello da\u00f1ado por procesos qu\u00edmicos, dando elasticidad y movimiento con un toque irresistible de suavidad y brillo, dejando el cabello radiante, es un tratamiento con f\u00f3rmula de primera calidad, dise\u00f1ado para pelos rubios con decoloraci\u00f3n, mechas y luces, promueve la belleza, la salud y el brillo del cabello<\/span><\/p>\n<p><strong><span>El Acondicionador Kerasys Oriental Premium<\/span><\/strong><span>\u00a0\u00a0tiene una f\u00f3rmula que ofrece m\u00e1s resistencia a las hebras y revitaliza el cuero cabelludo, dejando el cabello luminoso, nutrido e hidratado sin sensaci\u00f3n de pesadez y grasa, y puede ser utilizado en cabellos normales. Tiene un maravilloso aroma floral.<\/span><\/p>\n<p><span>La acci\u00f3n de la prote\u00edna de trigo hidrolizada fortalece y asegura la manejabilidad del cabello. La acci\u00f3n de la prote\u00edna de la lana proporciona una excelente nutrici\u00f3n e hidrataci\u00f3n. El aceite de camelia refuerza la estructura del cabello y aporta brillo.<\/span><\/p>\n<p><strong><span>Modo de uso<\/span><\/strong><span>:<\/span><\/p>\n<p><span>Despu\u00e9s del lavado con\u00a0<strong>Kerasys Oriental Premium\u00a0<\/strong><\/span><strong><span>Shampoo<\/span><\/strong>\u00a0<span>\u00a0, aplicar el acondicionador sobre el cabello a\u00fan h\u00famedo distribuy\u00e9ndolo en largos y puntas con las manos, dejar actuar de 2 a 3 minutos y enjuagar completamente.<\/span><\/p>\n","protected":false},"excerpt":{"rendered":"<p>ORIENTAL PREMIUM Acondicionador para cabello da\u00f1ado.\u00a0\u00a0El acondicionador Kerasys Oriental Premium\u00a0\u00a0repara el da\u00f1o qu\u00edmico, aporta suavidad y brillo. Devuelve una apariencia<\/p>\n","protected":false},"featured_media":53258,"comment_status":"open","ping_status":"closed","template":"","meta":{"nf_dc_page":""},"product_brand":[204],"product_cat":[85],"product_tag":[218],"class_list":{"0":"post-53257","1":"product","2":"type-product","3":"status-publish","4":"has-post-thumbnail","6":"product_brand-kerasys","7":"product_cat-cosmeticos","8":"product_tag-218","10":"first","11":"instock","12":"shipping-taxable","13":"purchasable","14":"product-type-simple"},"_links":{"self":[{"href":"https:\/\/brandss.com.py\/index\/wp-json\/wp\/v2\/product\/53257","targetHints":{"allow":["GET"]}}],"collection":[{"href":"https:\/\/brandss.com.py\/index\/wp-json\/wp\/v2\/product"}],"about":[{"href":"https:\/\/brandss.com.py\/index\/wp-json\/wp\/v2\/types\/product"}],"replies":[{"embeddable":true,"href":"https:\/\/brandss.com.py\/index\/wp-json\/wp\/v2\/comments?post=53257"}],"version-history":[{"count":1,"href":"https:\/\/brandss.com.py\/index\/wp-json\/wp\/v2\/product\/53257\/revisions"}],"predecessor-version":[{"id":53266,"href":"https:\/\/brandss.com.py\/index\/wp-json\/wp\/v2\/product\/53257\/revisions\/53266"}],"wp:featuredmedia":[{"embeddable":true,"href":"https:\/\/brandss.com.py\/index\/wp-json\/wp\/v2\/media\/53258"}],"wp:attachment":[{"href":"https:\/\/brandss.com.py\/index\/wp-json\/wp\/v2\/media?parent=53257"}],"wp:term":[{"taxonomy":"product_brand","embeddable":true,"href":"https:\/\/brandss.com.py\/index\/wp-json\/wp\/v2\/product_brand?post=53257"},{"taxonomy":"product_cat","embeddable":true,"href":"https:\/\/brandss.com.py\/index\/wp-json\/wp\/v2\/product_cat?post=53257"},{"taxonomy":"product_tag","embeddable":true,"href":"https:\/\/brandss.com.py\/index\/wp-json\/wp\/v2\/product_tag?post=53257"}],"curies":[{"name":"wp","href":"https:\/\/api.w.org\/{rel}","templated":true}]}}