{"id":53267,"date":"2024-06-29T12:18:35","date_gmt":"2024-06-29T12:18:35","guid":{"rendered":"https:\/\/brandss.com.py\/index\/?post_type=product&#038;p=53267"},"modified":"2026-04-09T10:44:20","modified_gmt":"2026-04-09T10:44:20","slug":"shampoo-kerasys-royal-propolis-1000ml","status":"publish","type":"product","link":"https:\/\/brandss.com.py\/index\/producto\/shampoo-kerasys-royal-propolis-1000ml\/","title":{"rendered":"SHAMPOO KERASYS ROYAL PROPOLIS 1000ML"},"content":{"rendered":"<p><img loading=\"lazy\" decoding=\"async\" class=\"\" src=\"https:\/\/www.shoppingchina.com.py\/rails\/active_storage\/blobs\/redirect\/eyJfcmFpbHMiOnsibWVzc2FnZSI6IkJBaHBBM1Y1QlE9PSIsImV4cCI6bnVsbCwicHVyIjoiYmxvYl9pZCJ9fQ==--82ec62984ba98c5c38ee048f226d1ed7dd8a0190\/KERASYS.webp\" alt=\"Kerasys no Paraguai | Shopping China\" width=\"85\" height=\"85\" \/><\/p>\n<h1>ROYAL PROPOLIS<\/h1>\n<div class=\"xdj266r x11i5rnm xat24cr x1mh8g0r x1vvkbs x126k92a\">\n<div dir=\"auto\">Conoce la l\u00ednea Kerasys Royal Original Propolis Shampoo &amp; Treatment perfecta para tratamiento reconstructivo para cabellos extremadamente da\u00f1ados con puntas abiertas.<\/div>\n<\/div>\n<div class=\"x11i5rnm xat24cr x1mh8g0r x1vvkbs xtlvy1s x126k92a\">\n<div dir=\"auto\">Su f\u00f3rmula es enriquecida con nutrientes, vitaminas y minerales, que ayudan a que el cabello y el cuero cabelludo est\u00e9n sanos.<\/div>\n<\/div>\n<div class=\"x11i5rnm xat24cr x1mh8g0r x1vvkbs xtlvy1s x126k92a\">\n<div dir=\"auto\">Con extracto de prop\u00f3leo, extracto de jalea real, prote\u00edna hidrolizada, queratina, queratina hidrolizada, Extracto de prop\u00f3leo 1000 ppm, extracto de miel, extracto de gelatina royal.<\/div>\n<div dir=\"auto\"><\/div>\n<div dir=\"auto\"><b>Aplicaci\u00f3n:<\/b><\/div>\n<div dir=\"auto\">Aplicar el champ\u00fa sobre el cuero cabelludo y el cabello. Masajear suavemente hasta que se forme espuma y enjuagar.<\/div>\n<\/div>\n","protected":false},"excerpt":{"rendered":"<p>ROYAL PROPOLIS Conoce la l\u00ednea Kerasys Royal Original Propolis Shampoo &amp; Treatment perfecta para tratamiento reconstructivo para cabellos extremadamente da\u00f1ados<\/p>\n","protected":false},"featured_media":53268,"comment_status":"open","ping_status":"closed","template":"","meta":{"nf_dc_page":""},"product_brand":[204],"product_cat":[85],"product_tag":[219],"class_list":{"0":"post-53267","1":"product","2":"type-product","3":"status-publish","4":"has-post-thumbnail","6":"product_brand-kerasys","7":"product_cat-cosmeticos","8":"product_tag-219","10":"first","11":"instock","12":"shipping-taxable","13":"purchasable","14":"product-type-simple"},"_links":{"self":[{"href":"https:\/\/brandss.com.py\/index\/wp-json\/wp\/v2\/product\/53267","targetHints":{"allow":["GET"]}}],"collection":[{"href":"https:\/\/brandss.com.py\/index\/wp-json\/wp\/v2\/product"}],"about":[{"href":"https:\/\/brandss.com.py\/index\/wp-json\/wp\/v2\/types\/product"}],"replies":[{"embeddable":true,"href":"https:\/\/brandss.com.py\/index\/wp-json\/wp\/v2\/comments?post=53267"}],"version-history":[{"count":2,"href":"https:\/\/brandss.com.py\/index\/wp-json\/wp\/v2\/product\/53267\/revisions"}],"predecessor-version":[{"id":53277,"href":"https:\/\/brandss.com.py\/index\/wp-json\/wp\/v2\/product\/53267\/revisions\/53277"}],"wp:featuredmedia":[{"embeddable":true,"href":"https:\/\/brandss.com.py\/index\/wp-json\/wp\/v2\/media\/53268"}],"wp:attachment":[{"href":"https:\/\/brandss.com.py\/index\/wp-json\/wp\/v2\/media?parent=53267"}],"wp:term":[{"taxonomy":"product_brand","embeddable":true,"href":"https:\/\/brandss.com.py\/index\/wp-json\/wp\/v2\/product_brand?post=53267"},{"taxonomy":"product_cat","embeddable":true,"href":"https:\/\/brandss.com.py\/index\/wp-json\/wp\/v2\/product_cat?post=53267"},{"taxonomy":"product_tag","embeddable":true,"href":"https:\/\/brandss.com.py\/index\/wp-json\/wp\/v2\/product_tag?post=53267"}],"curies":[{"name":"wp","href":"https:\/\/api.w.org\/{rel}","templated":true}]}}