{"id":53323,"date":"2024-06-29T17:49:40","date_gmt":"2024-06-29T17:49:40","guid":{"rendered":"https:\/\/brandss.com.py\/index\/?post_type=product&#038;p=53323"},"modified":"2026-04-20T12:53:42","modified_gmt":"2026-04-20T12:53:42","slug":"exfoliante-tree-hut-cotton-candy-510g","status":"publish","type":"product","link":"https:\/\/brandss.com.py\/index\/producto\/exfoliante-tree-hut-cotton-candy-510g\/","title":{"rendered":"EXFOLIANTE CORPORAL TREE HUT COTTON CANDY 510G"},"content":{"rendered":"<p><img loading=\"lazy\" decoding=\"async\" class=\"\" src=\"https:\/\/www.cosmetify.com\/images\/brands\/tree-hut.png\" alt=\"Tree Hut | Sales &amp; Offers | Cosmetify\" width=\"156\" height=\"78\" \/><\/p>\n<h1>COTTON CANDY<\/h1>\n<p>\u00a1Mejora tu rutina de ducha, exfolia el d\u00eda y revela una piel suave y brillante con el divertido aroma del Algod\u00f3n de Az\u00facar! Elaborado con az\u00facar, manteca de karit\u00e9, fresa y una variedad de aceites naturales como aceites de onagra, aguacate, macadamia, almendras dulces, c\u00e1rtamo y naranja.<\/p>\n<h3 class=\"why-love-it-heading\"><span>Por qu\u00e9 te encantar\u00e1<\/span><\/h3>\n<div class=\"grid\">\n<div class=\"grid__item medium-up--one-third\">\n<div class=\"why_product-inner aligned--\">\n<div class=\"why_product-fig\"><img loading=\"lazy\" decoding=\"async\" class=\"alignleft\" src=\"https:\/\/cdn.shopify.com\/s\/files\/1\/0543\/1594\/2065\/t\/7\/assets\/f9aa139fe3bc--tree-hut-glow-cotton-candy-sugar-scrub-wyli.png?v=1633215836\" alt=\"Por qu\u00e9 te encantar\u00e1 - Resplandor\" width=\"247\" height=\"247\" \/><\/div>\n<div class=\"why_product-info\">\n<h4><\/h4>\n<h4 class=\"h4i\">Brillo<\/h4>\n<p>Nutre profundamente y equilibra la hidrataci\u00f3n de la piel para ayudar a restaurar su brillo natural.<\/p>\n<\/div>\n<\/div>\n<\/div>\n<div class=\"grid__item medium-up--one-third\">\n<div class=\"why_product-inner aligned--\">\n<div class=\"why_product-fig\"><img loading=\"lazy\" decoding=\"async\" class=\"alignleft\" src=\"https:\/\/cdn.shopify.com\/s\/files\/1\/0543\/1594\/2065\/t\/7\/assets\/452244312557--tree-hut-cotton-candy-scent-wyli.png?v=1633215842\" alt=\"Por qu\u00e9 te encantar\u00e1: aroma\" width=\"248\" height=\"248\" \/><\/div>\n<div class=\"why_product-info\">\n<h4><\/h4>\n<h4 class=\"h4i\">Aroma<\/h4>\n<p>Huele como un dulce regalo de carnaval con notas clave de az\u00facar hilado, fresa y crema dulce.<\/p>\n<\/div>\n<\/div>\n<\/div>\n<div class=\"grid__item medium-up--one-third\">\n<div class=\"why_product-inner aligned--\">\n<div class=\"why_product-fig\"><img loading=\"lazy\" decoding=\"async\" class=\"alignleft\" src=\"https:\/\/cdn.shopify.com\/s\/files\/1\/0543\/1594\/2065\/t\/7\/assets\/8d30f23a2fec--tree-hut-shoulder-back-results-wyli.png?v=1633215847\" alt=\"Por qu\u00e9 te encantar\u00e1 - Resultados\" width=\"286\" height=\"286\" \/><\/div>\n<div class=\"why_product-info\">\n<h4><\/h4>\n<h4 class=\"h4i\">Resultados<\/h4>\n<p>Elimina la piel opaca y seca para revelar una piel brillante, suave y tersa.<\/p>\n<\/div>\n<h3><\/h3>\n<h3><\/h3>\n<h3>Qu\u00e9 hay adentro?<\/h3>\n<div class=\"whats-inside-fig text-shadow-none standard-text \"><img loading=\"lazy\" decoding=\"async\" class=\"alignleft\" src=\"https:\/\/cdn.shopify.com\/s\/files\/1\/0543\/1594\/2065\/files\/real-sugar.jpg\" alt=\"Az\u00facar real\" width=\"220\" height=\"220\" \/><\/p>\n<h5><\/h5>\n<h5><span>AZ\u00daCAR REAL<\/span><\/h5>\n<\/div>\n<div class=\"whats-inside-info scent_cotton-candy_light_background\">\n<h5><span>AZ\u00daCAR REAL<\/span><\/h5>\n<div class=\"rte\">\n<div class=\"enlarge-text\"><span>El az\u00facar es un exfoliante natural que elimina eficazmente la piel muerta y al mismo tiempo ayuda a estimular la circulaci\u00f3n en la superficie de la piel.<\/span><\/div>\n<div><\/div>\n<div>\n<div class=\"whats-inside-fig text-shadow-none standard-text \"><img loading=\"lazy\" decoding=\"async\" class=\"alignleft\" src=\"https:\/\/cdn.shopify.com\/s\/files\/1\/0543\/1594\/2065\/files\/shea-butter.jpg?v=1633109058\" alt=\"Manteca de karit\u00e9\" width=\"245\" height=\"245\" \/><\/p>\n<h5><\/h5>\n<h5><span>MANTECA DE KARIT\u00c9<\/span><\/h5>\n<\/div>\n<div class=\"whats-inside-info scent_cotton-candy_light_background\">\n<h5><span>MANTECA DE KARIT\u00c9<\/span><\/h5>\n<div class=\"rte\">\n<div class=\"enlarge-text\"><span>La manteca de karit\u00e9 es conocida por hidratar, nutrir y suavizar profundamente la piel seca mientras ayuda a promover la elasticidad.<\/span><\/div>\n<\/div>\n<\/div>\n<div><\/div>\n<div class=\"whats-inside-info scent_cotton-candy_light_background\">\n<div class=\"rte\">\n<div>\n<div class=\"whats-inside-fig text-shadow-none standard-text \"><img loading=\"lazy\" decoding=\"async\" class=\"alignleft\" src=\"https:\/\/cdn.shopify.com\/s\/files\/1\/0543\/1594\/2065\/files\/natural-oils.jpg\" alt=\"Aceites Naturales\" width=\"227\" height=\"227\" \/><\/p>\n<h5><span>ACEITES NATURALES<\/span><\/h5>\n<\/div>\n<div class=\"whats-inside-info scent_cotton-candy_light_background\">\n<h5><span>ACEITES NATURALES<\/span><\/h5>\n<div class=\"rte\">\n<div class=\"enlarge-text\"><span>El aceite de aguacate, el aceite de macadamia, el aceite de naranja dulce, el aceite de almendras dulces, el aceite de onagra y el aceite de c\u00e1rtamo acondicionan la piel para ayudar a prevenir la sequedad y equilibrar la hidrataci\u00f3n para un brillo refinado y saludable.<\/span><\/div>\n<div><\/div>\n<div>\n<div class=\"whats-inside-fig text-shadow-none standard-text \"><img loading=\"lazy\" decoding=\"async\" class=\"alignleft\" src=\"https:\/\/cdn.shopify.com\/s\/files\/1\/0543\/1594\/2065\/files\/strawberry.jpg\" alt=\"Fresa\" width=\"240\" height=\"240\" \/><\/p>\n<h5><\/h5>\n<h5><span>FRESA<\/span><\/h5>\n<\/div>\n<div class=\"whats-inside-info scent_cotton-candy_light_background\">\n<h5><span>FRESA<\/span><\/h5>\n<div class=\"rte\">\n<div class=\"enlarge-text\"><span>Se sabe que la fresa contiene antioxidantes que aman la piel y vitamina C iluminadora, al mismo tiempo que aporta una hidrataci\u00f3n jugosa.<\/span><\/div>\n<div>\n<div class=\"whats-inside-fig text-shadow-none standard-text \"><img loading=\"lazy\" decoding=\"async\" class=\"alignleft\" src=\"https:\/\/cdn.shopify.com\/s\/files\/1\/0543\/1594\/2065\/files\/shimmer.jpg\" alt=\"Brillar\" width=\"276\" height=\"276\" \/><\/p>\n<h5><\/h5>\n<h5><span>BRILLAR<\/span><\/h5>\n<\/div>\n<div class=\"whats-inside-info scent_cotton-candy_light_background\">\n<h5><span>BRILLAR<\/span><\/h5>\n<div class=\"rte\">\n<div class=\"enlarge-text\"><span>Shimmer agrega una experiencia divertida y l\u00fadica durante tu sesi\u00f3n de exfoliaci\u00f3n y se enjuaga.<\/span><\/div>\n<\/div>\n<\/div>\n<\/div>\n<\/div>\n<\/div>\n<\/div>\n<\/div>\n<\/div>\n<\/div>\n<\/div>\n<\/div>\n<\/div>\n<\/div>\n<\/div>\n<\/div>\n<\/div>\n<\/div>\n","protected":false},"excerpt":{"rendered":"<p>COTTON CANDY \u00a1Mejora tu rutina de ducha, exfolia el d\u00eda y revela una piel suave y brillante con el divertido<\/p>\n","protected":false},"featured_media":53324,"comment_status":"open","ping_status":"closed","template":"","meta":{"nf_dc_page":""},"product_brand":[222],"product_cat":[94],"product_tag":[229],"class_list":{"0":"post-53323","1":"product","2":"type-product","3":"status-publish","4":"has-post-thumbnail","6":"product_brand-tree-hut","7":"product_cat-higiene-personal","8":"product_tag-229","10":"first","11":"instock","12":"sale","13":"shipping-taxable","14":"purchasable","15":"product-type-simple"},"_links":{"self":[{"href":"https:\/\/brandss.com.py\/index\/wp-json\/wp\/v2\/product\/53323","targetHints":{"allow":["GET"]}}],"collection":[{"href":"https:\/\/brandss.com.py\/index\/wp-json\/wp\/v2\/product"}],"about":[{"href":"https:\/\/brandss.com.py\/index\/wp-json\/wp\/v2\/types\/product"}],"replies":[{"embeddable":true,"href":"https:\/\/brandss.com.py\/index\/wp-json\/wp\/v2\/comments?post=53323"}],"version-history":[{"count":3,"href":"https:\/\/brandss.com.py\/index\/wp-json\/wp\/v2\/product\/53323\/revisions"}],"predecessor-version":[{"id":53370,"href":"https:\/\/brandss.com.py\/index\/wp-json\/wp\/v2\/product\/53323\/revisions\/53370"}],"wp:featuredmedia":[{"embeddable":true,"href":"https:\/\/brandss.com.py\/index\/wp-json\/wp\/v2\/media\/53324"}],"wp:attachment":[{"href":"https:\/\/brandss.com.py\/index\/wp-json\/wp\/v2\/media?parent=53323"}],"wp:term":[{"taxonomy":"product_brand","embeddable":true,"href":"https:\/\/brandss.com.py\/index\/wp-json\/wp\/v2\/product_brand?post=53323"},{"taxonomy":"product_cat","embeddable":true,"href":"https:\/\/brandss.com.py\/index\/wp-json\/wp\/v2\/product_cat?post=53323"},{"taxonomy":"product_tag","embeddable":true,"href":"https:\/\/brandss.com.py\/index\/wp-json\/wp\/v2\/product_tag?post=53323"}],"curies":[{"name":"wp","href":"https:\/\/api.w.org\/{rel}","templated":true}]}}