{"id":53374,"date":"2024-07-01T11:57:13","date_gmt":"2024-07-01T11:57:13","guid":{"rendered":"https:\/\/brandss.com.py\/index\/?post_type=product&#038;p=53374"},"modified":"2026-04-07T14:37:52","modified_gmt":"2026-04-07T14:37:52","slug":"exfoliante-corporal-tree-hut-desert-haze-510g","status":"publish","type":"product","link":"https:\/\/brandss.com.py\/index\/producto\/exfoliante-corporal-tree-hut-desert-haze-510g\/","title":{"rendered":"EXFOLIANTE CORPORAL TREE HUT DESERT HAZE 510G"},"content":{"rendered":"<p><img loading=\"lazy\" decoding=\"async\" class=\"\" src=\"https:\/\/www.cosmetify.com\/images\/brands\/tree-hut.png\" alt=\"Tree Hut | Sales &amp; Offers | Cosmetify\" width=\"144\" height=\"72\" \/><\/p>\n<h1 class=\"text-content-padding product-name\">DESERT HAZE<\/h1>\n<p class=\"text-content-padding product-name\">Mejora tu rutina de ducha, exfolia tu piel y luce una piel suave y radiante con el aroma c\u00e1lido y sensual de Desert Haze. Elaborado con az\u00facar, manteca de karit\u00e9, pi\u00f1a y una variedad de aceites naturales como coco, onagra, aguacate, macadamia, almendras dulces, c\u00e1rtamo y naranja.<\/p>\n<p>&nbsp;<\/p>\n<h3 class=\"why-love-it-heading\"><span>por qu\u00e9 te encantar\u00e1<\/span><\/h3>\n<div class=\"grid\">\n<div class=\"grid__item medium-up--one-third\">\n<div class=\"why_product-inner aligned--\">\n<div class=\"why_product-fig\"><img loading=\"lazy\" decoding=\"async\" class=\"alignleft\" src=\"https:\/\/cdn.shopify.com\/s\/files\/1\/0543\/1594\/2065\/t\/7\/assets\/33ed44b5b4ad--tree-hut-glow-desert-haze-sugar-scrub-wyli.png?v=1633215867\" alt=\"Por qu\u00e9 te encantar\u00e1 - Glow\" width=\"231\" height=\"231\" \/><\/div>\n<div class=\"why_product-info\">\n<h4><\/h4>\n<h4 class=\"h4i\">Brillo<\/h4>\n<p>Nutre profundamente y equilibra la hidrataci\u00f3n de la piel para ayudar a restaurar el brillo natural de la piel.<\/p>\n<\/div>\n<\/div>\n<\/div>\n<div class=\"grid__item medium-up--one-third\">\n<div class=\"why_product-inner aligned--\">\n<div class=\"why_product-fig\"><img loading=\"lazy\" decoding=\"async\" class=\"alignleft\" src=\"https:\/\/cdn.shopify.com\/s\/files\/1\/0543\/1594\/2065\/t\/7\/assets\/1993c25ed5a4--tree-hut-desert-haze-scent-wyli.png?v=1633215870\" alt=\"Por qu\u00e9 te encantar\u00e1 - Aroma\" width=\"221\" height=\"221\" \/><\/div>\n<div class=\"why_product-info\">\n<h4><\/h4>\n<h4 class=\"h4i\">Aroma<\/h4>\n<p>Huele a un floral c\u00e1lido y ahumado con notas clave de frambuesa, jazm\u00edn puro y almizcle.<\/p>\n<\/div>\n<\/div>\n<\/div>\n<div class=\"grid__item medium-up--one-third\">\n<div class=\"why_product-inner aligned--\">\n<div class=\"why_product-fig\"><img loading=\"lazy\" decoding=\"async\" class=\"alignleft\" src=\"https:\/\/cdn.shopify.com\/s\/files\/1\/0543\/1594\/2065\/t\/7\/assets\/83ce074d5183--tree-hut-arms-results-wyli.png?v=1633215879\" alt=\"Por qu\u00e9 te encantar\u00e1 - Resultados\" width=\"224\" height=\"224\" \/><\/div>\n<div class=\"why_product-info\">\n<h4><\/h4>\n<h4 class=\"h4i\">Resultados<\/h4>\n<p>Elimina la piel opaca y seca para revelar una piel brillante, suave y tersa.<\/p>\n<h3><\/h3>\n<h3>Qu\u00e9 hay adentro?<\/h3>\n<div class=\"whats-inside-fig text-shadow-none standard-text \"><img loading=\"lazy\" decoding=\"async\" class=\"alignleft\" src=\"https:\/\/cdn.shopify.com\/s\/files\/1\/0543\/1594\/2065\/files\/real-sugar.jpg\" alt=\"Az\u00facar real\" width=\"252\" height=\"252\" \/><\/p>\n<h5><\/h5>\n<h5><span>AZ\u00daCAR REAL<\/span><\/h5>\n<\/div>\n<div class=\"whats-inside-info scent_desert-haze_light_background\">\n<h5><span>AZ\u00daCAR REAL<\/span><\/h5>\n<div class=\"rte\">\n<div class=\"enlarge-text\"><span>El az\u00facar es un exfoliante natural que pule eficazmente la piel muerta y al mismo tiempo ayuda a estimular la circulaci\u00f3n en la superficie de la piel.<\/span><\/div>\n<div>\n<div class=\"whats-inside-fig text-shadow-none standard-text \"><img loading=\"lazy\" decoding=\"async\" class=\"alignleft\" src=\"https:\/\/cdn.shopify.com\/s\/files\/1\/0543\/1594\/2065\/files\/shea-butter.jpg?v=1633109058\" alt=\"Manteca de karit\u00e9\" width=\"206\" height=\"206\" \/><\/p>\n<h5><\/h5>\n<h5><span>MANTECA DE KARIT\u00c9<\/span><\/h5>\n<\/div>\n<div class=\"whats-inside-info scent_desert-haze_light_background\">\n<h5><span>MANTECA DE KARIT\u00c9<\/span><\/h5>\n<div class=\"rte\">\n<div class=\"enlarge-text\"><span>La manteca de karit\u00e9 es conocida por hidratar, nutrir y suavizar profundamente la piel seca mientras ayuda a promover la elasticidad.<\/span><\/div>\n<div>\n<div class=\"whats-inside-fig text-shadow-none standard-text \"><img loading=\"lazy\" decoding=\"async\" class=\"alignleft\" src=\"https:\/\/cdn.shopify.com\/s\/files\/1\/0543\/1594\/2065\/files\/natural-oils.jpg\" alt=\"Aceites Naturales\" width=\"274\" height=\"274\" \/><\/p>\n<h5><\/h5>\n<h5><span>ACEITES NATURALES<\/span><\/h5>\n<\/div>\n<div class=\"whats-inside-info scent_desert-haze_light_background\">\n<h5><span>ACEITES NATURALES<\/span><\/h5>\n<div class=\"rte\">\n<div class=\"enlarge-text\"><span>El aceite de aguacate, el aceite de macadamia, el aceite de naranja dulce, el aceite de almendras dulces, el aceite de onagra y el aceite de c\u00e1rtamo acondicionan la piel para ayudar a prevenir la sequedad y equilibrar la hidrataci\u00f3n para un brillo refinado y saludable.<\/span><\/div>\n<\/div>\n<div>\n<div class=\"whats-inside-fig text-shadow-none standard-text \"><img loading=\"lazy\" decoding=\"async\" class=\"alignleft\" src=\"https:\/\/cdn.shopify.com\/s\/files\/1\/0543\/1594\/2065\/files\/cactus-flower.jpg\" alt=\"flor de cactus\" width=\"217\" height=\"217\" \/><\/p>\n<h5><\/h5>\n<h5><span>FLOR DE CACTUS<\/span><\/h5>\n<\/div>\n<div class=\"whats-inside-info scent_desert-haze_light_background\">\n<h5><span>FLOR DE CACTUS<\/span><\/h5>\n<div class=\"rte\">\n<div class=\"enlarge-text\"><span>La flor de cactus es rica en \u00e1cido linoleico, un componente b\u00e1sico de las ceramidas que ayuda a mantener fuerte la barrera cut\u00e1nea; tambi\u00e9n proporciona hidrataci\u00f3n duradera y calma la piel.<\/span><\/div>\n<div>\n<div class=\"whats-inside-fig text-shadow-none standard-text \"><img loading=\"lazy\" decoding=\"async\" class=\"alignleft\" src=\"https:\/\/cdn.shopify.com\/s\/files\/1\/0543\/1594\/2065\/files\/raspberry.jpg\" alt=\"Frambuesa\" width=\"281\" height=\"281\" \/><\/p>\n<h5><\/h5>\n<h5><span>FRAMBUESA<\/span><\/h5>\n<\/div>\n<div class=\"whats-inside-info scent_desert-haze_light_background\">\n<h5><span>FRAMBUESA<\/span><\/h5>\n<div class=\"rte\">\n<div class=\"enlarge-text\"><span>Se sabe que la frambuesa contiene antioxidantes que ayudan a proteger la piel del envejecimiento y, al mismo tiempo, mejoran la apariencia de un tono de piel saludable y uniforme.<\/span><\/div>\n<\/div>\n<\/div>\n<\/div>\n<\/div>\n<\/div>\n<\/div>\n<\/div>\n<\/div>\n<\/div>\n<\/div>\n<\/div>\n<\/div>\n<\/div>\n<\/div>\n<\/div>\n<\/div>\n<\/div>\n","protected":false},"excerpt":{"rendered":"<p>DESERT HAZE Mejora tu rutina de ducha, exfolia tu piel y luce una piel suave y radiante con el aroma<\/p>\n","protected":false},"featured_media":53375,"comment_status":"open","ping_status":"closed","template":"","meta":{"nf_dc_page":""},"product_brand":[222],"product_cat":[94],"product_tag":[234],"class_list":{"0":"post-53374","1":"product","2":"type-product","3":"status-publish","4":"has-post-thumbnail","6":"product_brand-tree-hut","7":"product_cat-higiene-personal","8":"product_tag-234","10":"first","11":"outofstock","12":"shipping-taxable","13":"purchasable","14":"product-type-simple"},"_links":{"self":[{"href":"https:\/\/brandss.com.py\/index\/wp-json\/wp\/v2\/product\/53374","targetHints":{"allow":["GET"]}}],"collection":[{"href":"https:\/\/brandss.com.py\/index\/wp-json\/wp\/v2\/product"}],"about":[{"href":"https:\/\/brandss.com.py\/index\/wp-json\/wp\/v2\/types\/product"}],"replies":[{"embeddable":true,"href":"https:\/\/brandss.com.py\/index\/wp-json\/wp\/v2\/comments?post=53374"}],"version-history":[{"count":1,"href":"https:\/\/brandss.com.py\/index\/wp-json\/wp\/v2\/product\/53374\/revisions"}],"predecessor-version":[{"id":53381,"href":"https:\/\/brandss.com.py\/index\/wp-json\/wp\/v2\/product\/53374\/revisions\/53381"}],"wp:featuredmedia":[{"embeddable":true,"href":"https:\/\/brandss.com.py\/index\/wp-json\/wp\/v2\/media\/53375"}],"wp:attachment":[{"href":"https:\/\/brandss.com.py\/index\/wp-json\/wp\/v2\/media?parent=53374"}],"wp:term":[{"taxonomy":"product_brand","embeddable":true,"href":"https:\/\/brandss.com.py\/index\/wp-json\/wp\/v2\/product_brand?post=53374"},{"taxonomy":"product_cat","embeddable":true,"href":"https:\/\/brandss.com.py\/index\/wp-json\/wp\/v2\/product_cat?post=53374"},{"taxonomy":"product_tag","embeddable":true,"href":"https:\/\/brandss.com.py\/index\/wp-json\/wp\/v2\/product_tag?post=53374"}],"curies":[{"name":"wp","href":"https:\/\/api.w.org\/{rel}","templated":true}]}}