{"id":53422,"date":"2024-07-01T15:45:37","date_gmt":"2024-07-01T15:45:37","guid":{"rendered":"https:\/\/brandss.com.py\/index\/?post_type=product&#038;p=53422"},"modified":"2026-04-07T14:37:52","modified_gmt":"2026-04-07T14:37:52","slug":"exfoliante-corporal-tree-hut-papaya-paradise-510g","status":"publish","type":"product","link":"https:\/\/brandss.com.py\/index\/producto\/exfoliante-corporal-tree-hut-papaya-paradise-510g\/","title":{"rendered":"EXFOLIANTE CORPORAL TREE HUT PAPAYA PARADISE 510G"},"content":{"rendered":"<p><img loading=\"lazy\" decoding=\"async\" class=\"\" src=\"https:\/\/www.cosmetify.com\/images\/brands\/tree-hut.png\" alt=\"Tree Hut | Sales &amp; Offers | Cosmetify\" width=\"166\" height=\"83\" \/><\/p>\n<h1>PAPAYA PARADISE<\/h1>\n<p>Mejora tu rutina de ducha, exfolia tu piel y luce una piel radiante con el exfoliante corporal con az\u00facar de karit\u00e9 de Tree Hut, con el delicioso aroma de Papaya Paradise. Elaborado con az\u00facar, manteca de karit\u00e9, papaya, enzimas de pi\u00f1a y una variedad de aceites naturales, incluidos los de onagra, aguacate, macadamia, almendras dulces, c\u00e1rtamo y naranja.<\/p>\n<h3 class=\"why-love-it-heading\"><span>Por qu\u00e9 te encantar\u00e1<\/span><\/h3>\n<div class=\"grid\">\n<div class=\"grid__item medium-up--one-third\">\n<div class=\"why_product-inner aligned--\">\n<div class=\"why_product-fig\"><img loading=\"lazy\" decoding=\"async\" class=\"alignleft\" src=\"https:\/\/cdn.shopify.com\/s\/files\/1\/0543\/1594\/2065\/t\/7\/assets\/f63b17527119--tree-hut-glow-papaya-paradise-sugar-scrub-wyli.png?v=1633216315\" alt=\"Por qu\u00e9 te encantar\u00e1 - Resplandor\" width=\"227\" height=\"227\" \/><\/div>\n<div class=\"why_product-info\">\n<h4><\/h4>\n<h4 class=\"h4i\">Brillo<\/h4>\n<p>Nutre profundamente y equilibra la hidrataci\u00f3n de la piel para ayudar a restaurar el brillo natural de la piel.<\/p>\n<\/div>\n<\/div>\n<\/div>\n<div class=\"grid__item medium-up--one-third\">\n<div class=\"why_product-inner aligned--\">\n<div class=\"why_product-fig\"><img loading=\"lazy\" decoding=\"async\" class=\"alignleft\" src=\"https:\/\/cdn.shopify.com\/s\/files\/1\/0543\/1594\/2065\/t\/7\/assets\/b5ad6608276d--tree-hut-papaya-paradise-scent-wyli.png?v=1633216312\" alt=\"Por qu\u00e9 te encantar\u00e1: aroma\" width=\"250\" height=\"250\" \/><\/div>\n<div class=\"why_product-info\">\n<h4><\/h4>\n<h4 class=\"h4i\">Aroma<\/h4>\n<p>Huele como un para\u00edso tropical lleno de notas clave de papaya, coco dulce, melocot\u00f3n y mel\u00f3n.<\/p>\n<\/div>\n<\/div>\n<\/div>\n<div class=\"grid__item medium-up--one-third\">\n<div class=\"why_product-inner aligned--\">\n<div class=\"why_product-fig\"><img loading=\"lazy\" decoding=\"async\" class=\"alignleft\" src=\"https:\/\/cdn.shopify.com\/s\/files\/1\/0543\/1594\/2065\/t\/7\/assets\/4d8f574c700c--tree-hut-arms-results-wyli.png?v=1633216323\" alt=\"Por qu\u00e9 te encantar\u00e1 - Resultados\" width=\"240\" height=\"240\" \/><\/div>\n<div class=\"why_product-info\">\n<h4><\/h4>\n<h4 class=\"h4i\">Resultados<\/h4>\n<p>Elimina la piel opaca y seca para revelar una piel brillante, suave y tersa.<\/p>\n<\/div>\n<h3><\/h3>\n<h3><\/h3>\n<h3>Qu\u00e9 hay adentro?<\/h3>\n<div class=\"whats-inside-fig text-shadow-none standard-text \"><img loading=\"lazy\" decoding=\"async\" class=\"alignleft\" src=\"https:\/\/cdn.shopify.com\/s\/files\/1\/0543\/1594\/2065\/files\/real-sugar.jpg\" alt=\"Az\u00facar real\" width=\"251\" height=\"251\" \/><\/p>\n<h5><\/h5>\n<h5><span>AZ\u00daCAR REAL<\/span><\/h5>\n<\/div>\n<div class=\"whats-inside-info scent_papaya-paradise_light_background\">\n<h5><span>AZ\u00daCAR REAL<\/span><\/h5>\n<div class=\"rte\">\n<div class=\"enlarge-text\"><span>El az\u00facar es un exfoliante natural que pule eficazmente la piel muerta y al mismo tiempo ayuda a estimular la circulaci\u00f3n en la superficie de la piel.<\/span><\/div>\n<div>\n<div class=\"whats-inside-fig text-shadow-none standard-text \"><img loading=\"lazy\" decoding=\"async\" class=\"alignleft\" src=\"https:\/\/cdn.shopify.com\/s\/files\/1\/0543\/1594\/2065\/files\/shea-butter.jpg?v=1633109058\" alt=\"manteca de karit\u00e9\" width=\"222\" height=\"222\" \/><\/p>\n<h5><\/h5>\n<h5><span>MANTECA DE KARIT\u00c9<\/span><\/h5>\n<\/div>\n<div class=\"whats-inside-info scent_papaya-paradise_light_background\">\n<h5><span>MANTECA DE KARIT\u00c9<\/span><\/h5>\n<div class=\"rte\">\n<div class=\"enlarge-text\"><span>La manteca de karit\u00e9 es conocida por hidratar, nutrir y suavizar profundamente la piel seca mientras ayuda a promover la elasticidad.<\/span><\/div>\n<div>\n<div class=\"whats-inside-fig text-shadow-none standard-text \"><img loading=\"lazy\" decoding=\"async\" class=\"alignleft\" src=\"https:\/\/cdn.shopify.com\/s\/files\/1\/0543\/1594\/2065\/files\/natural-oils.jpg\" alt=\"Aceites naturales\" width=\"210\" height=\"210\" \/><\/p>\n<h5><\/h5>\n<h5><span>ACEITES NATURALES<\/span><\/h5>\n<\/div>\n<div class=\"whats-inside-info scent_papaya-paradise_light_background\">\n<h5><span>ACEITES NATURALES<\/span><\/h5>\n<div class=\"rte\">\n<div class=\"enlarge-text\"><span>El aceite de aguacate, el aceite de macadamia, el aceite de naranja dulce, el aceite de almendras dulces, el aceite de onagra y el aceite de c\u00e1rtamo acondicionan la piel para ayudar a prevenir la sequedad y equilibrar la hidrataci\u00f3n para un brillo refinado y saludable.<\/span><\/div>\n<div>\n<div class=\"whats-inside-fig text-shadow-none standard-text \"><img loading=\"lazy\" decoding=\"async\" class=\"alignleft\" src=\"https:\/\/cdn.shopify.com\/s\/files\/1\/0543\/1594\/2065\/files\/pineapple-enzymes.jpg\" alt=\"Enzimas de pi\u00f1a\" width=\"248\" height=\"248\" \/><\/p>\n<h5><\/h5>\n<h5><span>ENZIMAS DE PI\u00d1A<\/span><\/h5>\n<\/div>\n<div class=\"whats-inside-info scent_papaya-paradise_light_background\">\n<h5><span>ENZIMAS DE PI\u00d1A<\/span><\/h5>\n<div class=\"rte\">\n<div class=\"enlarge-text\"><span>Se sabe que las enzimas de pi\u00f1a contienen vitamina C, que ayuda a iluminar y exfoliar al mismo tiempo que mejora la apariencia del tono de la piel.<\/span><\/div>\n<div>\n<div class=\"whats-inside-fig text-shadow-none standard-text \"><img loading=\"lazy\" decoding=\"async\" class=\"alignleft\" src=\"https:\/\/cdn.shopify.com\/s\/files\/1\/0543\/1594\/2065\/files\/papaya-enzymes.jpg\" alt=\"Enzimas de papaya\" width=\"242\" height=\"242\" \/><\/p>\n<h5><\/h5>\n<h5><span>ENZIMAS DE PAPAYA<\/span><\/h5>\n<\/div>\n<div class=\"whats-inside-info scent_papaya-paradise_light_background\">\n<h5><span>ENZIMAS DE PAPAYA<\/span><\/h5>\n<div class=\"rte\">\n<div class=\"enlarge-text\"><span>Se sabe que la papaya contiene vitaminas C y E y papa\u00edna, lo que ayuda a eliminar la piel muerta y opaca.<\/span><\/div>\n<\/div>\n<\/div>\n<\/div>\n<\/div>\n<\/div>\n<\/div>\n<\/div>\n<\/div>\n<\/div>\n<\/div>\n<\/div>\n<\/div>\n<\/div>\n<\/div>\n<\/div>\n<\/div>\n<\/div>\n","protected":false},"excerpt":{"rendered":"<p>PAPAYA PARADISE Mejora tu rutina de ducha, exfolia tu piel y luce una piel radiante con el exfoliante corporal con<\/p>\n","protected":false},"featured_media":53423,"comment_status":"open","ping_status":"closed","template":"","meta":{"nf_dc_page":""},"product_brand":[222],"product_cat":[94],"product_tag":[239],"class_list":{"0":"post-53422","1":"product","2":"type-product","3":"status-publish","4":"has-post-thumbnail","6":"product_brand-tree-hut","7":"product_cat-higiene-personal","8":"product_tag-239","10":"first","11":"outofstock","12":"shipping-taxable","13":"purchasable","14":"product-type-simple"},"_links":{"self":[{"href":"https:\/\/brandss.com.py\/index\/wp-json\/wp\/v2\/product\/53422","targetHints":{"allow":["GET"]}}],"collection":[{"href":"https:\/\/brandss.com.py\/index\/wp-json\/wp\/v2\/product"}],"about":[{"href":"https:\/\/brandss.com.py\/index\/wp-json\/wp\/v2\/types\/product"}],"replies":[{"embeddable":true,"href":"https:\/\/brandss.com.py\/index\/wp-json\/wp\/v2\/comments?post=53422"}],"version-history":[{"count":1,"href":"https:\/\/brandss.com.py\/index\/wp-json\/wp\/v2\/product\/53422\/revisions"}],"predecessor-version":[{"id":53429,"href":"https:\/\/brandss.com.py\/index\/wp-json\/wp\/v2\/product\/53422\/revisions\/53429"}],"wp:featuredmedia":[{"embeddable":true,"href":"https:\/\/brandss.com.py\/index\/wp-json\/wp\/v2\/media\/53423"}],"wp:attachment":[{"href":"https:\/\/brandss.com.py\/index\/wp-json\/wp\/v2\/media?parent=53422"}],"wp:term":[{"taxonomy":"product_brand","embeddable":true,"href":"https:\/\/brandss.com.py\/index\/wp-json\/wp\/v2\/product_brand?post=53422"},{"taxonomy":"product_cat","embeddable":true,"href":"https:\/\/brandss.com.py\/index\/wp-json\/wp\/v2\/product_cat?post=53422"},{"taxonomy":"product_tag","embeddable":true,"href":"https:\/\/brandss.com.py\/index\/wp-json\/wp\/v2\/product_tag?post=53422"}],"curies":[{"name":"wp","href":"https:\/\/api.w.org\/{rel}","templated":true}]}}