{"id":53866,"date":"2024-07-09T12:52:40","date_gmt":"2024-07-09T12:52:40","guid":{"rendered":"https:\/\/brandss.com.py\/index\/?post_type=product&#038;p=53866"},"modified":"2026-01-28T13:30:11","modified_gmt":"2026-01-28T13:30:11","slug":"perfume-marina-de-bourbon-classique-edp-100-ml","status":"publish","type":"product","link":"https:\/\/brandss.com.py\/index\/producto\/perfume-marina-de-bourbon-classique-edp-100-ml\/","title":{"rendered":"PERFUME FEMENINO MARINA DE BOURBON CLASSIQUE EDP 100 ML"},"content":{"rendered":"<p><img loading=\"lazy\" decoding=\"async\" class=\"\" src=\"https:\/\/www.marinadebourbon.com\/cdn\/shop\/files\/LOGO_MDB_NOIR.png?v=1684838797&amp;width=1891\" alt=\"SYMBOL ROYAL\" width=\"151\" height=\"68\" \/><\/p>\n<h1><\/h1>\n<h1>CLASSIQUE EDP<\/h1>\n<p>&nbsp;<\/p>\n<p><span>El primer perfume creado por Marina,\u00a0<\/span>una firma a la vez\u00a0<span>\u00a0atemporal y atemporal. Una composici\u00f3n oriental-frutal, que aporta notas deliciosas y soleadas para bailar en una estela deliciosa y elegante. La mujer cl\u00e1sica\u00a0\u00a0<\/span><span>quiere una fragancia que hable de su personalidad sofisticada. Ella presta atenci\u00f3n a su estilo, que es a la vez simple y refinado. Classique Marina de Bourbon\u00a0es un\u00a0perfume de mujer\u00a0que es, ante todo, sin\u00f3nimo de clase y elegancia. Es la primera fragancia de Princesse Marina de Bourbon. Llamativo y sofisticado, para una mujer elegante.<\/p>\n<p>El perfume Marina de Bourbon lleva consigo toda la realeza de sus descendientes. Noble, de car\u00e1cter decidido, posee la elegancia natural de una \u00e9poca donde el refinamiento determinaba el \u00e9xito.<\/p>\n<p>Una fragancia dulce y frutal llena de magia, seducci\u00f3n y poder. Perfecto para ocasiones especiales, una cena importante, una inauguraci\u00f3n, un c\u00f3ctel de empresa. El\u00a0perfume Marina de Bourbon Classique\u00a0es un perfume atemporal para una mujer poderosa.<\/span><\/p>\n<p>&nbsp;<\/p>\n<h3>NOTAS OLFATIVAS.<\/h3>\n<p>&nbsp;<\/p>\n<p><span>Un perfume floral afrutado, compuesto por notas de vainilla, rosa, sand\u00eda, jazm\u00edn, \u00e1mbar y melocot\u00f3n. <\/span>Classique<span> es adecuado para mujeres cl\u00e1sicas, elegantes y extremadamente femeninas. <\/span><\/p>\n<p><strong><span>La Botella<\/span><\/strong><span> : Su empaque tambi\u00e9n hace alusiones a la naturaleza, pues su botella es como una luna creciente y la caja viene en blanco y azul.\u00a0<\/span><\/p>\n<div id=\"image_328085884\" class=\"img has-hover x md-x lg-x y md-y lg-y\">\n<div data-animate=\"bounceIn\" data-animate-transform=\"true\" data-animate-transition=\"true\" data-animated=\"true\">\n<div class=\"img-inner dark\"><img loading=\"lazy\" decoding=\"async\" class=\"attachment-large  alignleft\" src=\"https:\/\/www.giraofertas.com.br\/wp-content\/uploads\/2017\/02\/cravo.jpg\" alt=\"\" width=\"436\" height=\"217\" \/><\/div>\n<\/div>\n<\/div>\n<h4 data-animate=\"fadeInLeft\" data-animate-transform=\"true\" data-animate-transition=\"true\" data-animated=\"true\"><\/h4>\n<h4 data-animate=\"fadeInLeft\" data-animate-transform=\"true\" data-animate-transition=\"true\" data-animated=\"true\"><span>Notas de salida:<\/span><\/h4>\n<p data-animate=\"fadeInLeft\" data-animate-transform=\"true\" data-animate-transition=\"true\" data-animated=\"true\">Aceite de Cristo y Clavo, <span>Sand\u00eda, Lim\u00f3n de Calabria.<\/span><\/p>\n<p>&nbsp;<\/p>\n<p>&nbsp;<\/p>\n<div id=\"image_1324595801\" class=\"img has-hover x md-x lg-x y md-y lg-y\">\n<div data-animate=\"bounceIn\" data-animate-transform=\"true\" data-animate-transition=\"true\" data-animated=\"true\">\n<div class=\"img-inner dark\"><img loading=\"lazy\" decoding=\"async\" class=\"attachment-large  alignleft\" src=\"https:\/\/www.giraofertas.com.br\/wp-content\/uploads\/2017\/08\/folha_de_violeta.jpg\" alt=\"\" width=\"412\" height=\"205\" \/><\/div>\n<\/div>\n<\/div>\n<h4 data-animate=\"fadeInLeft\" data-animate-transform=\"true\" data-animate-transition=\"true\" data-animated=\"true\"><strong>Notas de coraz\u00f3n:<\/strong><\/h4>\n<p data-animate=\"fadeInLeft\" data-animate-transform=\"true\" data-animate-transition=\"true\" data-animated=\"true\">Violeta y Maracuy\u00e1<span>\u00a0,<\/span><br \/>\n<span>Jazm\u00edn, Ylang, Iris Florentino y Rosa.<\/span><\/p>\n<p>&nbsp;<\/p>\n<div id=\"image_540643650\" class=\"img has-hover x md-x lg-x y md-y lg-y\">\n<div data-animate=\"bounceIn\" data-animate-transform=\"true\" data-animate-transition=\"true\" data-animated=\"true\">\n<div class=\"img-inner dark\"><img loading=\"lazy\" decoding=\"async\" class=\"attachment-large size-large alignleft\" src=\"https:\/\/www.giraofertas.com.br\/wp-content\/uploads\/2017\/02\/framboesa.jpg\" alt=\"\" width=\"474\" height=\"236\" \/><\/div>\n<\/div>\n<\/div>\n<h4 data-animate=\"fadeInLeft\" data-animate-transform=\"true\" data-animate-transition=\"true\" data-animated=\"true\"><\/h4>\n<h4 data-animate=\"fadeInLeft\" data-animate-transform=\"true\" data-animate-transition=\"true\" data-animated=\"true\"><span>Notas de fondo:<\/span><\/h4>\n<p data-animate=\"fadeInLeft\" data-animate-transform=\"true\" data-animate-transition=\"true\" data-animated=\"true\">Frambuesa<span>, Melocot\u00f3n, <\/span><span>Pralin\u00e9, Vainilla y Frutas Ex\u00f3ticas.<\/span><\/p>\n<p>&nbsp;<\/p>\n","protected":false},"excerpt":{"rendered":"<p>CLASSIQUE EDP &nbsp; El primer perfume creado por Marina,\u00a0una firma a la vez\u00a0\u00a0atemporal y atemporal. Una composici\u00f3n oriental-frutal, que aporta<\/p>\n","protected":false},"featured_media":53867,"comment_status":"open","ping_status":"closed","template":"","meta":{"nf_dc_page":""},"product_brand":[1767],"product_cat":[84],"product_tag":[1770],"class_list":{"0":"post-53866","1":"product","2":"type-product","3":"status-publish","4":"has-post-thumbnail","6":"product_brand-marina-de-bourbon","7":"product_cat-perfumeria","8":"product_tag-1770","10":"first","11":"instock","12":"sale","13":"shipping-taxable","14":"purchasable","15":"product-type-simple"},"_links":{"self":[{"href":"https:\/\/brandss.com.py\/index\/wp-json\/wp\/v2\/product\/53866","targetHints":{"allow":["GET"]}}],"collection":[{"href":"https:\/\/brandss.com.py\/index\/wp-json\/wp\/v2\/product"}],"about":[{"href":"https:\/\/brandss.com.py\/index\/wp-json\/wp\/v2\/types\/product"}],"replies":[{"embeddable":true,"href":"https:\/\/brandss.com.py\/index\/wp-json\/wp\/v2\/comments?post=53866"}],"version-history":[{"count":2,"href":"https:\/\/brandss.com.py\/index\/wp-json\/wp\/v2\/product\/53866\/revisions"}],"predecessor-version":[{"id":61494,"href":"https:\/\/brandss.com.py\/index\/wp-json\/wp\/v2\/product\/53866\/revisions\/61494"}],"wp:featuredmedia":[{"embeddable":true,"href":"https:\/\/brandss.com.py\/index\/wp-json\/wp\/v2\/media\/53867"}],"wp:attachment":[{"href":"https:\/\/brandss.com.py\/index\/wp-json\/wp\/v2\/media?parent=53866"}],"wp:term":[{"taxonomy":"product_brand","embeddable":true,"href":"https:\/\/brandss.com.py\/index\/wp-json\/wp\/v2\/product_brand?post=53866"},{"taxonomy":"product_cat","embeddable":true,"href":"https:\/\/brandss.com.py\/index\/wp-json\/wp\/v2\/product_cat?post=53866"},{"taxonomy":"product_tag","embeddable":true,"href":"https:\/\/brandss.com.py\/index\/wp-json\/wp\/v2\/product_tag?post=53866"}],"curies":[{"name":"wp","href":"https:\/\/api.w.org\/{rel}","templated":true}]}}