{"id":54213,"date":"2024-07-16T14:50:45","date_gmt":"2024-07-16T14:50:45","guid":{"rendered":"https:\/\/brandss.com.py\/index\/?post_type=product&#038;p=54213"},"modified":"2025-02-04T10:32:00","modified_gmt":"2025-02-04T10:32:00","slug":"top-deportivo-nike-dri-fit-indy-metallic-tape-de-sujecion-ligera-azul-claro","status":"publish","type":"product","link":"https:\/\/brandss.com.py\/index\/producto\/top-deportivo-nike-dri-fit-indy-metallic-tape-de-sujecion-ligera-azul-claro\/","title":{"rendered":"TOP DEPORTIVO NIKE DRI-FIT INDY METALLIC TAPE DE SUJECI\u00d3N LIGERA AZUL CLARO"},"content":{"rendered":"<p><img loading=\"lazy\" decoding=\"async\" class=\"\" src=\"https:\/\/upload.wikimedia.org\/wikipedia\/commons\/3\/36\/Logo_nike_principal.jpg\" alt=\"Archivo:Logo nike principal.jpg - Wikipedia, la enciclopedia libre\" width=\"114\" height=\"83\" \/><\/p>\n<h1><span>Nike Yoga Dri-FIT Indy Metallic Tape<\/span><\/h1>\n<p><span>El sujetador Nike Yoga Dri-FIT Indy brinda soporte suave para que puedas moverte c\u00f3modamente. El dise\u00f1o liviano y transpirable absorbe el sudor para brindar una sensaci\u00f3n seca y natural. El ribete met\u00e1lico en la parte delantera brilla en cada postura. <\/span><\/p>\n<p><strong>Marca:<\/strong> Nike.<\/p>\n<p><strong>Modelo:<\/strong> DD1407-356<\/p>\n<p><span><strong>Caracter\u00edsticas:<\/strong> Dise\u00f1o de espalda deportiva <\/span><\/p>\n<p><span><strong>Ribetes:<\/strong> met\u00e1licos <\/span><\/p>\n<p><span><strong>Tecnolog\u00eda:<\/strong> Dri-FIT <\/span><\/p>\n<p><strong>T<\/strong><span><strong>irantes:<\/strong> ajustables <\/span><\/p>\n<p><span><strong>Acolchado:<\/strong> extra\u00edble <\/span><\/p>\n<p><span><strong>Material:<\/strong> 87 % poli\u00e9ster, 13 % spandex.<\/span><\/p>\n","protected":false},"excerpt":{"rendered":"<p>Nike Yoga Dri-FIT Indy Metallic Tape El sujetador Nike Yoga Dri-FIT Indy brinda soporte suave para que puedas moverte c\u00f3modamente.<\/p>\n","protected":false},"featured_media":54214,"comment_status":"open","ping_status":"closed","template":"","meta":{"nf_dc_page":""},"product_brand":[],"product_cat":[73],"product_tag":[],"class_list":{"0":"post-54213","1":"product","2":"type-product","3":"status-publish","4":"has-post-thumbnail","6":"product_cat-femenino","8":"first","9":"instock","10":"shipping-taxable","11":"purchasable","12":"product-type-simple"},"_links":{"self":[{"href":"https:\/\/brandss.com.py\/index\/wp-json\/wp\/v2\/product\/54213","targetHints":{"allow":["GET"]}}],"collection":[{"href":"https:\/\/brandss.com.py\/index\/wp-json\/wp\/v2\/product"}],"about":[{"href":"https:\/\/brandss.com.py\/index\/wp-json\/wp\/v2\/types\/product"}],"replies":[{"embeddable":true,"href":"https:\/\/brandss.com.py\/index\/wp-json\/wp\/v2\/comments?post=54213"}],"version-history":[{"count":1,"href":"https:\/\/brandss.com.py\/index\/wp-json\/wp\/v2\/product\/54213\/revisions"}],"predecessor-version":[{"id":54221,"href":"https:\/\/brandss.com.py\/index\/wp-json\/wp\/v2\/product\/54213\/revisions\/54221"}],"wp:featuredmedia":[{"embeddable":true,"href":"https:\/\/brandss.com.py\/index\/wp-json\/wp\/v2\/media\/54214"}],"wp:attachment":[{"href":"https:\/\/brandss.com.py\/index\/wp-json\/wp\/v2\/media?parent=54213"}],"wp:term":[{"taxonomy":"product_brand","embeddable":true,"href":"https:\/\/brandss.com.py\/index\/wp-json\/wp\/v2\/product_brand?post=54213"},{"taxonomy":"product_cat","embeddable":true,"href":"https:\/\/brandss.com.py\/index\/wp-json\/wp\/v2\/product_cat?post=54213"},{"taxonomy":"product_tag","embeddable":true,"href":"https:\/\/brandss.com.py\/index\/wp-json\/wp\/v2\/product_tag?post=54213"}],"curies":[{"name":"wp","href":"https:\/\/api.w.org\/{rel}","templated":true}]}}