{"id":54222,"date":"2024-07-16T15:09:15","date_gmt":"2024-07-16T15:09:15","guid":{"rendered":"https:\/\/brandss.com.py\/index\/?post_type=product&#038;p=54222"},"modified":"2024-12-17T10:22:40","modified_gmt":"2024-12-17T10:22:40","slug":"top-deportivo-fila-fit-de-alta-sujecion-con-bojo","status":"publish","type":"product","link":"https:\/\/brandss.com.py\/index\/producto\/top-deportivo-fila-fit-de-alta-sujecion-con-bojo\/","title":{"rendered":"TOP DEPORTIVO FILA FIT DE ALTA SUJECI\u00d3N CON BOJO"},"content":{"rendered":"<p><img loading=\"lazy\" decoding=\"async\" class=\"\" src=\"https:\/\/logos-world.net\/wp-content\/uploads\/2020\/09\/Fila-Logo.png\" alt=\"Fila Logo, symbol, meaning, history, PNG, brand\" width=\"123\" height=\"69\" \/><\/p>\n<h1>FILA FIT<\/h1>\n<p><span>Top de mujer confeccionada en malla de poliamida con elastano, adecuada para entrenamientos de alta intensidad.<\/span><\/p>\n<p><span>Modelado con copa fija.<\/span><\/p>\n<p><span>Su tejido contiene la tecnolog\u00eda FLOW, que mantiene el cuerpo a la temperatura ideal para la pr\u00e1ctica de deporte, y la exclusiva tecnolog\u00eda PERFORMA, que proporciona una compresi\u00f3n perfecta para libertad de movimiento y rendimiento, sin comprometer la comodidad.<\/span><\/p>\n<p><span>Tiene tirantes anchos con ajustadores, bajo con el\u00e1stico interno, cartel de ajuste en la espalda y logo Fila Letter de forma centralizada en la parte delantera.<\/span><\/p>\n<h3>DETALLES<\/h3>\n<p><strong>MARCA:<\/strong> Fila<\/p>\n<p><strong>MODELO:<\/strong> F12AT238-3057<\/p>\n<p><strong>G\u00c9NERO:<\/strong> Femenino<\/p>\n<p><strong>COLOR:<\/strong> Azul\/Negro\/Blanco<\/p>\n<p><strong>MATERIAL:<\/strong> 95%Algodon 5%Elastano<\/p>\n","protected":false},"excerpt":{"rendered":"<p>FILA FIT Top de mujer confeccionada en malla de poliamida con elastano, adecuada para entrenamientos de alta intensidad. Modelado con<\/p>\n","protected":false},"featured_media":54223,"comment_status":"open","ping_status":"closed","template":"","meta":{"nf_dc_page":""},"product_brand":[],"product_cat":[73],"product_tag":[],"class_list":{"0":"post-54222","1":"product","2":"type-product","3":"status-publish","4":"has-post-thumbnail","6":"product_cat-femenino","8":"first","9":"instock","10":"shipping-taxable","11":"purchasable","12":"product-type-simple"},"_links":{"self":[{"href":"https:\/\/brandss.com.py\/index\/wp-json\/wp\/v2\/product\/54222","targetHints":{"allow":["GET"]}}],"collection":[{"href":"https:\/\/brandss.com.py\/index\/wp-json\/wp\/v2\/product"}],"about":[{"href":"https:\/\/brandss.com.py\/index\/wp-json\/wp\/v2\/types\/product"}],"replies":[{"embeddable":true,"href":"https:\/\/brandss.com.py\/index\/wp-json\/wp\/v2\/comments?post=54222"}],"version-history":[{"count":1,"href":"https:\/\/brandss.com.py\/index\/wp-json\/wp\/v2\/product\/54222\/revisions"}],"predecessor-version":[{"id":54226,"href":"https:\/\/brandss.com.py\/index\/wp-json\/wp\/v2\/product\/54222\/revisions\/54226"}],"wp:featuredmedia":[{"embeddable":true,"href":"https:\/\/brandss.com.py\/index\/wp-json\/wp\/v2\/media\/54223"}],"wp:attachment":[{"href":"https:\/\/brandss.com.py\/index\/wp-json\/wp\/v2\/media?parent=54222"}],"wp:term":[{"taxonomy":"product_brand","embeddable":true,"href":"https:\/\/brandss.com.py\/index\/wp-json\/wp\/v2\/product_brand?post=54222"},{"taxonomy":"product_cat","embeddable":true,"href":"https:\/\/brandss.com.py\/index\/wp-json\/wp\/v2\/product_cat?post=54222"},{"taxonomy":"product_tag","embeddable":true,"href":"https:\/\/brandss.com.py\/index\/wp-json\/wp\/v2\/product_tag?post=54222"}],"curies":[{"name":"wp","href":"https:\/\/api.w.org\/{rel}","templated":true}]}}