{"id":54271,"date":"2024-07-17T12:06:55","date_gmt":"2024-07-17T12:06:55","guid":{"rendered":"https:\/\/brandss.com.py\/index\/?post_type=product&#038;p=54271"},"modified":"2025-03-27T16:13:04","modified_gmt":"2025-03-27T16:13:04","slug":"camiseta-deportivo-nike-w-yoga-crochet-dri-fit-de-tirantes","status":"publish","type":"product","link":"https:\/\/brandss.com.py\/index\/producto\/camiseta-deportivo-nike-w-yoga-crochet-dri-fit-de-tirantes\/","title":{"rendered":"CAMISETA DEPORTIVO NIKE W YOGA CROCHET DRI-FIT DE TIRANTES"},"content":{"rendered":"<p><img loading=\"lazy\" decoding=\"async\" class=\"\" src=\"https:\/\/1000logos.net\/wp-content\/uploads\/2017\/03\/Nike-Logo-1971-now.png\" alt=\"Nike Logo and symbol, meaning, history, PNG, brand\" width=\"126\" height=\"71\" \/><\/p>\n<h1>W YOGA CROCHET DRI-FIT<\/h1>\n<p>Nunca dejes de estar activa con prendas que complementen tu rutina como los c\u00f3modos BVD deportivos de la marca Nike. Confeccionados con tejidos de m\u00e1xima calidad, esta prenda te asegura comodidad, estilo y durabilidad de uso. Adquiere prendas que est\u00e9n dise\u00f1adas para cada tipo de entrenamiento, rutina o actividad deportiva y favorezcan tu rendimiento.<\/p>\n<p>La musculosa Nike Yoga est\u00e1 confeccionada con tela ligera con un ajuste holgado que te mantiene fresca y permite que te muevas con libertad durante la pr\u00e1ctica. El ribete bordado en crochet alrededor de los brazos le da el toque final a un dise\u00f1o pensado para conectarte y ver tu interior.<\/p>\n<h3><\/h3>\n<h3>DETALLES<\/h3>\n<p>&nbsp;<\/p>\n<table class=\"table table-striped\">\n<tbody>\n<tr>\n<td><strong>Marca<\/strong><\/td>\n<td>\u00a0NIKE<\/td>\n<\/tr>\n<tr>\n<td><strong>Modelo<\/strong><\/td>\n<td>\u00a0DA1046-630<\/td>\n<\/tr>\n<tr>\n<td><strong>G\u00e9nero<\/strong><\/td>\n<td>\u00a0Femenino<\/td>\n<\/tr>\n<tr>\n<td><strong>Material<\/strong><\/td>\n<td>\u00a075% Poli\u00e9ster<\/td>\n<\/tr>\n<tr>\n<td><strong>Color\u00a0<\/strong><\/td>\n<td>\u00a0Rosa<\/td>\n<\/tr>\n<\/tbody>\n<\/table>\n","protected":false},"excerpt":{"rendered":"<p>W YOGA CROCHET DRI-FIT Nunca dejes de estar activa con prendas que complementen tu rutina como los c\u00f3modos BVD deportivos<\/p>\n","protected":false},"featured_media":54272,"comment_status":"open","ping_status":"closed","template":"","meta":{"nf_dc_page":""},"product_brand":[],"product_cat":[73],"product_tag":[],"class_list":{"0":"post-54271","1":"product","2":"type-product","3":"status-publish","4":"has-post-thumbnail","6":"product_cat-femenino","8":"first","9":"instock","10":"shipping-taxable","11":"purchasable","12":"product-type-simple"},"_links":{"self":[{"href":"https:\/\/brandss.com.py\/index\/wp-json\/wp\/v2\/product\/54271","targetHints":{"allow":["GET"]}}],"collection":[{"href":"https:\/\/brandss.com.py\/index\/wp-json\/wp\/v2\/product"}],"about":[{"href":"https:\/\/brandss.com.py\/index\/wp-json\/wp\/v2\/types\/product"}],"replies":[{"embeddable":true,"href":"https:\/\/brandss.com.py\/index\/wp-json\/wp\/v2\/comments?post=54271"}],"version-history":[{"count":1,"href":"https:\/\/brandss.com.py\/index\/wp-json\/wp\/v2\/product\/54271\/revisions"}],"predecessor-version":[{"id":54278,"href":"https:\/\/brandss.com.py\/index\/wp-json\/wp\/v2\/product\/54271\/revisions\/54278"}],"wp:featuredmedia":[{"embeddable":true,"href":"https:\/\/brandss.com.py\/index\/wp-json\/wp\/v2\/media\/54272"}],"wp:attachment":[{"href":"https:\/\/brandss.com.py\/index\/wp-json\/wp\/v2\/media?parent=54271"}],"wp:term":[{"taxonomy":"product_brand","embeddable":true,"href":"https:\/\/brandss.com.py\/index\/wp-json\/wp\/v2\/product_brand?post=54271"},{"taxonomy":"product_cat","embeddable":true,"href":"https:\/\/brandss.com.py\/index\/wp-json\/wp\/v2\/product_cat?post=54271"},{"taxonomy":"product_tag","embeddable":true,"href":"https:\/\/brandss.com.py\/index\/wp-json\/wp\/v2\/product_tag?post=54271"}],"curies":[{"name":"wp","href":"https:\/\/api.w.org\/{rel}","templated":true}]}}