{"id":54443,"date":"2024-07-18T19:18:34","date_gmt":"2024-07-18T19:18:34","guid":{"rendered":"https:\/\/brandss.com.py\/index\/?post_type=product&#038;p=54443"},"modified":"2024-09-07T18:31:25","modified_gmt":"2024-09-07T18:31:25","slug":"tenis-infantil-nike-air-force-1-06-triple-white","status":"publish","type":"product","link":"https:\/\/brandss.com.py\/index\/producto\/tenis-infantil-nike-air-force-1-06-triple-white\/","title":{"rendered":"CALZADO INFANTIL NIKE AIR FORCE 1 06 TRIPLE WHITE"},"content":{"rendered":"<p><img loading=\"lazy\" decoding=\"async\" class=\"\" src=\"https:\/\/1000logos.net\/wp-content\/uploads\/2017\/03\/Nike-Logo-1971-now.png\" alt=\"Nike Logo and symbol, meaning, history, PNG, brand\" width=\"132\" height=\"74\" \/><\/p>\n<h1>AIR FORCE 1 06 TRIPLE WHITE<\/h1>\n<p>Presentamos las ic\u00f3nicas Nike Air Force 1 &#8220;Triple White&#8221; para ni\u00f1os peque\u00f1os, unas zapatillas atemporales que renacen con un dise\u00f1o totalmente blanco. Estas zapatillas, confeccionadas en piel suave, presentan un estilo cl\u00e1sico con una suela blanca impecable y el logo Nike Swoosh bordado. Su suela con c\u00e1mara de aire proporciona una comodidad suprema, lo que garantiza que los pies de los peque\u00f1os se mantengan sujetos y con estilo durante todo el d\u00eda. Las Air Force 1 &#8220;Triple White&#8221; son un b\u00e1sico vers\u00e1til del armario, perfecto para cualquier ocasi\u00f3n y un art\u00edculo imprescindible para los peque\u00f1os amantes de las zapatillas.<\/p>\n<p><span>Nike Sportswear<\/span><span>\u00a0\u00a0est\u00e1 convirtiendo las cl\u00e1sicas zapatillas de baloncesto retro en un art\u00edculo imprescindible para los m\u00e1s peque\u00f1os. Estas Air Force 1 Low blancas originales ofrecen su estilo cl\u00e1sico a los m\u00e1s peque\u00f1os. El cl\u00e1sico\u00a0<\/span><span>de Nike<\/span><span>\u00a0ha sido el lienzo de muchos, pero esta actualizaci\u00f3n superlimpia est\u00e1 confeccionada con una parte superior de cuero.<\/span><\/p>\n<p>&nbsp;<\/p>\n<p><span>&#8211; Nike Air Force 1 Blancas Talla para ni\u00f1os peque\u00f1os<\/span><\/p>\n<p><span>&#8211; Superior de cuero<\/span><\/p>\n<p><span>&#8211; Amortiguaci\u00f3n de aire encapsulado<\/span><\/p>\n<p><span>&#8211; Suela de goma<\/span><\/p>\n<p>-Color Blanco\/Blanco-Blanco<\/p>\n<p><span>-Modelo:<\/span>\u00a0<span>314194-117<\/span><\/p>\n","protected":false},"excerpt":{"rendered":"<p>AIR FORCE 1 06 TRIPLE WHITE Presentamos las ic\u00f3nicas Nike Air Force 1 &#8220;Triple White&#8221; para ni\u00f1os peque\u00f1os, unas zapatillas<\/p>\n","protected":false},"featured_media":54444,"comment_status":"open","ping_status":"closed","template":"","meta":{"nf_dc_page":""},"product_brand":[],"product_cat":[75],"product_tag":[],"class_list":{"0":"post-54443","1":"product","2":"type-product","3":"status-publish","4":"has-post-thumbnail","6":"product_cat-infantil","8":"first","9":"instock","10":"shipping-taxable","11":"purchasable","12":"product-type-simple"},"_links":{"self":[{"href":"https:\/\/brandss.com.py\/index\/wp-json\/wp\/v2\/product\/54443","targetHints":{"allow":["GET"]}}],"collection":[{"href":"https:\/\/brandss.com.py\/index\/wp-json\/wp\/v2\/product"}],"about":[{"href":"https:\/\/brandss.com.py\/index\/wp-json\/wp\/v2\/types\/product"}],"replies":[{"embeddable":true,"href":"https:\/\/brandss.com.py\/index\/wp-json\/wp\/v2\/comments?post=54443"}],"version-history":[{"count":2,"href":"https:\/\/brandss.com.py\/index\/wp-json\/wp\/v2\/product\/54443\/revisions"}],"predecessor-version":[{"id":57623,"href":"https:\/\/brandss.com.py\/index\/wp-json\/wp\/v2\/product\/54443\/revisions\/57623"}],"wp:featuredmedia":[{"embeddable":true,"href":"https:\/\/brandss.com.py\/index\/wp-json\/wp\/v2\/media\/54444"}],"wp:attachment":[{"href":"https:\/\/brandss.com.py\/index\/wp-json\/wp\/v2\/media?parent=54443"}],"wp:term":[{"taxonomy":"product_brand","embeddable":true,"href":"https:\/\/brandss.com.py\/index\/wp-json\/wp\/v2\/product_brand?post=54443"},{"taxonomy":"product_cat","embeddable":true,"href":"https:\/\/brandss.com.py\/index\/wp-json\/wp\/v2\/product_cat?post=54443"},{"taxonomy":"product_tag","embeddable":true,"href":"https:\/\/brandss.com.py\/index\/wp-json\/wp\/v2\/product_tag?post=54443"}],"curies":[{"name":"wp","href":"https:\/\/api.w.org\/{rel}","templated":true}]}}