{"id":54531,"date":"2024-07-20T14:00:59","date_gmt":"2024-07-20T14:00:59","guid":{"rendered":"https:\/\/brandss.com.py\/index\/?post_type=product&#038;p=54531"},"modified":"2025-07-02T16:56:03","modified_gmt":"2025-07-02T16:56:03","slug":"camisa-masculino-diesel-s-tropp-mangas-largas","status":"publish","type":"product","link":"https:\/\/brandss.com.py\/index\/producto\/camisa-masculino-diesel-s-tropp-mangas-largas\/","title":{"rendered":"CAMISA MASCULINO DIESEL S-TROPP MANGAS LARGAS"},"content":{"rendered":"<p><img loading=\"lazy\" decoding=\"async\" class=\"\" src=\"https:\/\/static.vecteezy.com\/system\/resources\/previews\/023\/599\/751\/original\/diesel-logo-brand-symbol-black-design-luxury-clothes-fashion-illustration-free-vector.jpg\" alt=\"diesel logo marca s\u00edmbolo negro dise\u00f1o lujo ropa Moda vector ilustraci\u00f3n 23599751 Vector en Vecteezy\" width=\"99\" height=\"81\" \/><\/p>\n<h1>S-TROPP<\/h1>\n<p id=\"js-product-content__title\" class=\"product-content__title product-content__title--shorter s-text-align-center\">Camisa de manga larga a cuadros en blanco y negro de Diesel de ajuste regular, tapeta abotonada, logotipo de la marca en el pu\u00f1o. &#8220;ONLY THE BRAVE&#8221;, famoso eslogan de Diesel impreso en la parte posterior.<\/p>\n<ul>\n<li><strong>Marca:<\/strong> Diesel<\/li>\n<li><strong>Modelo:<\/strong> 00SZH5-0NAWJ<\/li>\n<li><strong>G\u00e9nero:<\/strong> Masculino<\/li>\n<li><strong>Color:<\/strong> Blanco, Negro<\/li>\n<li><strong>Materiales:<\/strong> 100% algod\u00f3n, tejido cepillado<\/li>\n<\/ul>\n","protected":false},"excerpt":{"rendered":"<p>S-TROPP Camisa de manga larga a cuadros en blanco y negro de Diesel de ajuste regular, tapeta abotonada, logotipo de<\/p>\n","protected":false},"featured_media":54533,"comment_status":"open","ping_status":"closed","template":"","meta":{"nf_dc_page":""},"product_brand":[],"product_cat":[76],"product_tag":[],"class_list":{"0":"post-54531","1":"product","2":"type-product","3":"status-publish","4":"has-post-thumbnail","6":"product_cat-masculino","8":"first","9":"instock","10":"shipping-taxable","11":"purchasable","12":"product-type-simple"},"_links":{"self":[{"href":"https:\/\/brandss.com.py\/index\/wp-json\/wp\/v2\/product\/54531","targetHints":{"allow":["GET"]}}],"collection":[{"href":"https:\/\/brandss.com.py\/index\/wp-json\/wp\/v2\/product"}],"about":[{"href":"https:\/\/brandss.com.py\/index\/wp-json\/wp\/v2\/types\/product"}],"replies":[{"embeddable":true,"href":"https:\/\/brandss.com.py\/index\/wp-json\/wp\/v2\/comments?post=54531"}],"version-history":[{"count":2,"href":"https:\/\/brandss.com.py\/index\/wp-json\/wp\/v2\/product\/54531\/revisions"}],"predecessor-version":[{"id":54542,"href":"https:\/\/brandss.com.py\/index\/wp-json\/wp\/v2\/product\/54531\/revisions\/54542"}],"wp:featuredmedia":[{"embeddable":true,"href":"https:\/\/brandss.com.py\/index\/wp-json\/wp\/v2\/media\/54533"}],"wp:attachment":[{"href":"https:\/\/brandss.com.py\/index\/wp-json\/wp\/v2\/media?parent=54531"}],"wp:term":[{"taxonomy":"product_brand","embeddable":true,"href":"https:\/\/brandss.com.py\/index\/wp-json\/wp\/v2\/product_brand?post=54531"},{"taxonomy":"product_cat","embeddable":true,"href":"https:\/\/brandss.com.py\/index\/wp-json\/wp\/v2\/product_cat?post=54531"},{"taxonomy":"product_tag","embeddable":true,"href":"https:\/\/brandss.com.py\/index\/wp-json\/wp\/v2\/product_tag?post=54531"}],"curies":[{"name":"wp","href":"https:\/\/api.w.org\/{rel}","templated":true}]}}