{"id":54663,"date":"2024-07-23T12:48:57","date_gmt":"2024-07-23T12:48:57","guid":{"rendered":"https:\/\/brandss.com.py\/index\/?post_type=product&#038;p=54663"},"modified":"2025-04-14T10:24:48","modified_gmt":"2025-04-14T10:24:48","slug":"camiseta-femenino-diesel-t-bullock-mangas-cortas","status":"publish","type":"product","link":"https:\/\/brandss.com.py\/index\/producto\/camiseta-femenino-diesel-t-bullock-mangas-cortas\/","title":{"rendered":"CAMISETA FEMENINO DIESEL T-BULLOCK MANGAS CORTAS"},"content":{"rendered":"<p><img loading=\"lazy\" decoding=\"async\" class=\"\" src=\"https:\/\/static.vecteezy.com\/system\/resources\/previews\/023\/599\/736\/original\/diesel-logo-brand-symbol-with-name-black-design-luxury-clothes-fashion-illustration-free-vector.jpg\" alt=\"diesel logo marca s\u00edmbolo con nombre negro dise\u00f1o lujo ropa Moda vector  ilustraci\u00f3n 23599736 Vector en Vecteezy\" width=\"121\" height=\"98\" \/><\/p>\n<h1>T-BULLOCK<\/h1>\n<p><span>\u00a0<\/span><span>Camiseta de manga corta Diesel Bullock A1. Diesel es una innovadora empresa internacional de estilo de vida que produce una amplia colecci\u00f3n de jeans, ropa y accesorios desde su creaci\u00f3n en 1978.<\/span><\/p>\n<p>&nbsp;<\/p>\n<h3>DETALLES:<\/h3>\n<p><strong>Marca:<\/strong> DIESEL<\/p>\n<p><strong>Modelo:<\/strong> A04395-0GRAG-390<\/p>\n<p><strong>G\u00e9nero:<\/strong> Femenino<\/p>\n<p><strong>Color:<\/strong> Coral<\/p>\n<p><strong>Material:<\/strong> 100% algod\u00f3n<\/p>\n<p>&nbsp;<\/p>\n","protected":false},"excerpt":{"rendered":"<p>T-BULLOCK \u00a0Camiseta de manga corta Diesel Bullock A1. Diesel es una innovadora empresa internacional de estilo de vida que produce<\/p>\n","protected":false},"featured_media":54670,"comment_status":"open","ping_status":"closed","template":"","meta":{"nf_dc_page":""},"product_brand":[],"product_cat":[73],"product_tag":[],"class_list":{"0":"post-54663","1":"product","2":"type-product","3":"status-publish","4":"has-post-thumbnail","6":"product_cat-femenino","8":"first","9":"instock","10":"shipping-taxable","11":"purchasable","12":"product-type-simple"},"_links":{"self":[{"href":"https:\/\/brandss.com.py\/index\/wp-json\/wp\/v2\/product\/54663","targetHints":{"allow":["GET"]}}],"collection":[{"href":"https:\/\/brandss.com.py\/index\/wp-json\/wp\/v2\/product"}],"about":[{"href":"https:\/\/brandss.com.py\/index\/wp-json\/wp\/v2\/types\/product"}],"replies":[{"embeddable":true,"href":"https:\/\/brandss.com.py\/index\/wp-json\/wp\/v2\/comments?post=54663"}],"version-history":[{"count":1,"href":"https:\/\/brandss.com.py\/index\/wp-json\/wp\/v2\/product\/54663\/revisions"}],"predecessor-version":[{"id":54674,"href":"https:\/\/brandss.com.py\/index\/wp-json\/wp\/v2\/product\/54663\/revisions\/54674"}],"wp:featuredmedia":[{"embeddable":true,"href":"https:\/\/brandss.com.py\/index\/wp-json\/wp\/v2\/media\/54670"}],"wp:attachment":[{"href":"https:\/\/brandss.com.py\/index\/wp-json\/wp\/v2\/media?parent=54663"}],"wp:term":[{"taxonomy":"product_brand","embeddable":true,"href":"https:\/\/brandss.com.py\/index\/wp-json\/wp\/v2\/product_brand?post=54663"},{"taxonomy":"product_cat","embeddable":true,"href":"https:\/\/brandss.com.py\/index\/wp-json\/wp\/v2\/product_cat?post=54663"},{"taxonomy":"product_tag","embeddable":true,"href":"https:\/\/brandss.com.py\/index\/wp-json\/wp\/v2\/product_tag?post=54663"}],"curies":[{"name":"wp","href":"https:\/\/api.w.org\/{rel}","templated":true}]}}