{"id":54690,"date":"2024-07-23T15:05:22","date_gmt":"2024-07-23T15:05:22","guid":{"rendered":"https:\/\/brandss.com.py\/index\/?post_type=product&#038;p=54690"},"modified":"2025-05-10T17:33:36","modified_gmt":"2025-05-10T17:33:36","slug":"pantalon-femenino-diesel-d-ollies-ne","status":"publish","type":"product","link":"https:\/\/brandss.com.py\/index\/producto\/pantalon-femenino-diesel-d-ollies-ne\/","title":{"rendered":"PANTAL\u00d3N FEMENINO DIESEL D-OLLIES-NE"},"content":{"rendered":"<p><img loading=\"lazy\" decoding=\"async\" class=\"\" src=\"https:\/\/static.vecteezy.com\/system\/resources\/previews\/023\/599\/736\/original\/diesel-logo-brand-symbol-with-name-black-design-luxury-clothes-fashion-illustration-free-vector.jpg\" alt=\"diesel logo marca s\u00edmbolo con nombre negro dise\u00f1o lujo ropa Moda vector  ilustraci\u00f3n 23599736 Vector en Vecteezy\" width=\"102\" height=\"83\" \/><\/p>\n<h1>D-OLLIES<\/h1>\n<p>Luce incre\u00edble con estos pantalones denin, que se sienten como el cielo. Los joggjeans combinan el look distintivo del denim diesel con la comodidad del jersey, tan incre\u00edble que nunca querr\u00e1s quitartelos.<\/p>\n<p>&nbsp;<\/p>\n<h3>DETALLES:<\/h3>\n<p>&nbsp;<\/p>\n<p>Marca: DIESEL<\/p>\n<p>Modelo:\u00a0D-OLLIES-NE 069GD<\/p>\n<p>G\u00e9nero: Femenino<\/p>\n<p>Color: Azul Oscuro<\/p>\n<p>Composici\u00f3n: ALGOD\u00d3N 90%, POLI\u00c9STER 8%, ELASTANO 2%<\/p>\n<p>&nbsp;<\/p>\n<p>&nbsp;<\/p>\n","protected":false},"excerpt":{"rendered":"<p>D-OLLIES Luce incre\u00edble con estos pantalones denin, que se sienten como el cielo. Los joggjeans combinan el look distintivo del<\/p>\n","protected":false},"featured_media":54691,"comment_status":"open","ping_status":"closed","template":"","meta":{"nf_dc_page":""},"product_brand":[],"product_cat":[73],"product_tag":[],"class_list":{"0":"post-54690","1":"product","2":"type-product","3":"status-publish","4":"has-post-thumbnail","6":"product_cat-femenino","8":"first","9":"instock","10":"shipping-taxable","11":"purchasable","12":"product-type-simple"},"_links":{"self":[{"href":"https:\/\/brandss.com.py\/index\/wp-json\/wp\/v2\/product\/54690","targetHints":{"allow":["GET"]}}],"collection":[{"href":"https:\/\/brandss.com.py\/index\/wp-json\/wp\/v2\/product"}],"about":[{"href":"https:\/\/brandss.com.py\/index\/wp-json\/wp\/v2\/types\/product"}],"replies":[{"embeddable":true,"href":"https:\/\/brandss.com.py\/index\/wp-json\/wp\/v2\/comments?post=54690"}],"version-history":[{"count":1,"href":"https:\/\/brandss.com.py\/index\/wp-json\/wp\/v2\/product\/54690\/revisions"}],"predecessor-version":[{"id":54696,"href":"https:\/\/brandss.com.py\/index\/wp-json\/wp\/v2\/product\/54690\/revisions\/54696"}],"wp:featuredmedia":[{"embeddable":true,"href":"https:\/\/brandss.com.py\/index\/wp-json\/wp\/v2\/media\/54691"}],"wp:attachment":[{"href":"https:\/\/brandss.com.py\/index\/wp-json\/wp\/v2\/media?parent=54690"}],"wp:term":[{"taxonomy":"product_brand","embeddable":true,"href":"https:\/\/brandss.com.py\/index\/wp-json\/wp\/v2\/product_brand?post=54690"},{"taxonomy":"product_cat","embeddable":true,"href":"https:\/\/brandss.com.py\/index\/wp-json\/wp\/v2\/product_cat?post=54690"},{"taxonomy":"product_tag","embeddable":true,"href":"https:\/\/brandss.com.py\/index\/wp-json\/wp\/v2\/product_tag?post=54690"}],"curies":[{"name":"wp","href":"https:\/\/api.w.org\/{rel}","templated":true}]}}